114.119.142.7 - - [25/Sep/2026:14:25:59 -0700] "GET /public/property/12/details/windsor-gardens-aeH8l HTTP/1.1" 200 198029 "https://livewant.com/public/customer/refund-details" "Mozilla/5.0 (Linux; Android 7.0;) AppleWebKit/537.36 (HTML, like Gecko) Mobile Safari/537.36 (compatible; PetalBot;+https://webmaster.petalsearch.com/site/petalbot)"
3.77.67.4 - - [25/Sep/2026:14:27:03 -0700] "HEAD / HTTP/1.1" 200 - "https://livewant.com" "Mozilla/5.0+(compatible; UptimeRobot/2.0; http://www.uptimerobot.com/)"
114.119.156.134 - - [25/Sep/2026:14:27:44 -0700] "GET /index.php/en/144 HTTP/1.1" 404 16 "https://www.livewant.com/index.php/en/144" "Mozilla/5.0 (Linux; Android 7.0;) AppleWebKit/537.36 (HTML, like Gecko) Mobile Safari/537.36 (compatible; PetalBot;+https://webmaster.petalsearch.com/site/petalbot)"
52.28.162.93 - - [25/Sep/2026:14:27:56 -0700] "HEAD / HTTP/1.1" 200 - "https://www.livewant.com" "Mozilla/5.0+(compatible; UptimeRobot/2.0; http://www.uptimerobot.com/)"
114.119.142.7 - - [25/Sep/2026:14:28:48 -0700] "GET /index.php/hr/142/blog_stranica?set_currency=EUR HTTP/1.1" 404 16 "https://livewant.com/index.php/hr/142/blog_stranica?set_currency=EUR" "Mozilla/5.0 (Linux; Android 7.0;) AppleWebKit/537.36 (HTML, like Gecko) Mobile Safari/537.36 (compatible; PetalBot;+https://webmaster.petalsearch.com/site/petalbot)"
49.13.134.145 - - [25/Sep/2026:14:28:53 -0700] "HEAD / HTTP/1.1" 200 - "https://www.livewant.com" "Mozilla/5.0+(compatible; UptimeRobot/2.0; http://www.uptimerobot.com/)"
43.134.56.214 - - [25/Sep/2026:14:29:26 -0700] "GET /?C=S;O=A HTTP/1.1" 200 5998 "-" "Mozilla/5.0 (iPhone; CPU iPhone OS 13_2_3 like Mac OS X) AppleWebKit/605.1.15 (KHTML, like Gecko) Version/13.0.3 Mobile/15E148 Safari/604.1"
57.141.20.18 - - [25/Sep/2026:14:29:32 -0700] "GET /frontend/img/o_land_icon/new_user.svg HTTP/1.1" 404 - "-" "Mozilla/5.0 (Windows NT 10.0; Win64; x64) AppleWebKit/537.36 (KHTML, like Gecko) Chrome/145.0.0.0 Safari/537.36 (compatible; meta-externalagent/1.1 (+https://developers.facebook.com/docs/sharing/webmasters/crawler))"
114.119.131.97 - - [25/Sep/2026:14:30:11 -0700] "GET /index.php/en/3?set_country=88541 HTTP/1.1" 404 16 "https://livewant.com/index.php/en/3?set_country=88541" "Mozilla/5.0 (Linux; Android 7.0;) AppleWebKit/537.36 (HTML, like Gecko) Mobile Safari/537.36 (compatible; PetalBot;+https://webmaster.petalsearch.com/site/petalbot)"
216.73.217.2 - - [25/Sep/2026:14:31:35 -0700] "GET /robots.txt HTTP/1.1" 404 - "-" "Mozilla/5.0 AppleWebKit/537.36 (KHTML, like Gecko; compatible; ClaudeBot/1.0; +claudebot@anthropic.com)"
114.119.156.134 - - [25/Sep/2026:14:31:35 -0700] "GET /index.php/en/173?set_country=88279 HTTP/1.1" 404 16 "https://livewant.com/index.php/en/173?set_country=88279" "Mozilla/5.0 (Linux; Android 7.0;) AppleWebKit/537.36 (HTML, like Gecko) Mobile Safari/537.36 (compatible; PetalBot;+https://webmaster.petalsearch.com/site/petalbot)"
216.73.217.2 - - [25/Sep/2026:14:31:35 -0700] "GET / HTTP/1.1" 200 5998 "-" "Mozilla/5.0 AppleWebKit/537.36 (KHTML, like Gecko; compatible; ClaudeBot/1.0; +claudebot@anthropic.com)"
168.119.96.239 - - [25/Sep/2026:14:32:08 -0700] "HEAD / HTTP/1.1" 200 - "https://livewant.com" "Mozilla/5.0+(compatible; UptimeRobot/2.0; http://www.uptimerobot.com/)"
114.119.142.7 - - [25/Sep/2026:14:32:58 -0700] "GET /index.php/en/144?set_country=88328 HTTP/1.1" 404 16 "https://www.livewant.com/index.php/en/144?set_country=88328" "Mozilla/5.0 (Linux; Android 7.0;) AppleWebKit/537.36 (HTML, like Gecko) Mobile Safari/537.36 (compatible; PetalBot;+https://webmaster.petalsearch.com/site/petalbot)"
40.77.167.14 - - [25/Sep/2026:14:32:58 -0700] "GET /static HTTP/1.1" 404 - "-" "Mozilla/5.0 AppleWebKit/537.36 (KHTML, like Gecko; compatible; bingbot/2.0; +http://www.bing.com/bingbot.htm) Chrome/116.0.1938.76 Safari/537.36"
88.99.80.227 - - [25/Sep/2026:14:33:01 -0700] "HEAD / HTTP/1.1" 200 - "https://www.livewant.com" "Mozilla/5.0+(compatible; UptimeRobot/2.0; http://www.uptimerobot.com/)"
49.13.130.29 - - [25/Sep/2026:14:34:15 -0700] "HEAD / HTTP/1.1" 200 - "https://www.livewant.com" "Mozilla/5.0+(compatible; UptimeRobot/2.0; http://www.uptimerobot.com/)"
114.119.131.200 - - [25/Sep/2026:14:34:21 -0700] "GET /index.php/en/169/agents?set_country=88541 HTTP/1.1" 404 16 "https://livewant.com/index.php/en/169/agents?set_country=88541" "Mozilla/5.0 (Linux; Android 7.0;) AppleWebKit/537.36 (HTML, like Gecko) Mobile Safari/537.36 (compatible; PetalBot;+https://webmaster.petalsearch.com/site/petalbot)"
45.149.207.43 - - [25/Sep/2026:14:35:35 -0700] "GET /templates/bootstrap2-responsive/assets/img/badgets/novo.png HTTP/1.1" 404 - "-" "Mozilla/5.0 (Macintosh; Intel Mac OS X 10_15_7) AppleWebKit/537.36 (KHTML, like Gecko) Chrome/146.0.0.0 Safari/537.36"
114.119.156.134 - - [25/Sep/2026:14:35:45 -0700] "GET /index.php/en/163/private_page?set_country=88279 HTTP/1.1" 404 16 "https://livewant.com/index.php/en/163/private_page?set_country=88279" "Mozilla/5.0 (Linux; Android 7.0;) AppleWebKit/537.36 (HTML, like Gecko) Mobile Safari/537.36 (compatible; PetalBot;+https://webmaster.petalsearch.com/site/petalbot)"
114.119.136.138 - - [25/Sep/2026:14:37:09 -0700] "GET /assets/property/2/1/3.webp HTTP/1.1" 404 - "https://livewant.com/property/6/details/forest-glen-f7JOu" "Mozilla/5.0 (Linux; Android 7.0;) AppleWebKit/537.36 (HTML, like Gecko) Mobile Safari/537.36 (compatible; PetalBot;+https://webmaster.petalsearch.com/site/petalbot)"
49.13.130.29 - - [25/Sep/2026:14:37:13 -0700] "HEAD / HTTP/1.1" 200 - "https://livewant.com" "Mozilla/5.0+(compatible; UptimeRobot/2.0; http://www.uptimerobot.com/)"
185.191.171.4 - - [25/Sep/2026:14:37:50 -0700] "GET /property/27/details/birch-wood-place-Dt7bQ HTTP/1.1" 404 - "-" "Mozilla/5.0 (compatible; SemrushBot/7~bl; +http://www.semrush.com/bot.html)"
78.46.215.1 - - [25/Sep/2026:14:38:06 -0700] "HEAD / HTTP/1.1" 200 - "https://www.livewant.com" "Mozilla/5.0+(compatible; UptimeRobot/2.0; http://www.uptimerobot.com/)"
114.119.131.200 - - [25/Sep/2026:14:38:32 -0700] "GET /property/20/details/product.php HTTP/1.1" 404 - "https://www.livewant.com/property/20/details/riverside-meadows-SFh9b" "Mozilla/5.0 (Linux; Android 7.0;) AppleWebKit/537.36 (HTML, like Gecko) Mobile Safari/537.36 (compatible; PetalBot;+https://webmaster.petalsearch.com/site/petalbot)"
168.119.123.75 - - [25/Sep/2026:14:39:22 -0700] "HEAD / HTTP/1.1" 200 - "https://www.livewant.com" "Mozilla/5.0+(compatible; UptimeRobot/2.0; http://www.uptimerobot.com/)"
114.119.131.200 - - [25/Sep/2026:14:39:55 -0700] "GET /index.php/hr/142?set_country=88144 HTTP/1.1" 404 16 "https://www.livewant.com/index.php/hr/142?set_country=88144" "Mozilla/5.0 (Linux; Android 7.0;) AppleWebKit/537.36 (HTML, like Gecko) Mobile Safari/537.36 (compatible; PetalBot;+https://webmaster.petalsearch.com/site/petalbot)"
43.157.82.252 - - [25/Sep/2026:14:41:06 -0700] "GET /site.webmanifest HTTP/1.1" 200 263 "-" "Mozilla/5.0 (iPhone; CPU iPhone OS 13_2_3 like Mac OS X) AppleWebKit/605.1.15 (KHTML, like Gecko) Version/13.0.3 Mobile/15E148 Safari/604.1"
114.119.156.134 - - [25/Sep/2026:14:41:19 -0700] "GET /assets/property/1/4/3.webp HTTP/1.1" 404 - "https://livewant.com/property/4/details/product.php" "Mozilla/5.0 (Linux; Android 7.0;) AppleWebKit/537.36 (HTML, like Gecko) Mobile Safari/537.36 (compatible; PetalBot;+https://webmaster.petalsearch.com/site/petalbot)"
128.140.106.114 - - [25/Sep/2026:14:42:21 -0700] "HEAD / HTTP/1.1" 200 - "https://livewant.com" "Mozilla/5.0+(compatible; UptimeRobot/2.0; http://www.uptimerobot.com/)"
114.119.153.169 - - [25/Sep/2026:14:42:42 -0700] "GET /agents/?set_currency=USD HTTP/1.1" 404 - "https://livewant.com/index.php/en/169/agents/?set_currency=USD" "Mozilla/5.0 (Linux; Android 7.0;) AppleWebKit/537.36 (HTML, like Gecko) Mobile Safari/537.36 (compatible; PetalBot;+https://webmaster.petalsearch.com/site/petalbot)"
209.101.53.217 - - [25/Sep/2026:14:43:08 -0700] "GET /templates/bootstrap2-responsive/assets/img/badgets/sold.png HTTP/1.1" 404 - "-" "Mozilla/5.0 (compatible; crawler)"
168.119.96.239 - - [25/Sep/2026:14:43:11 -0700] "HEAD / HTTP/1.1" 200 - "https://www.livewant.com" "Mozilla/5.0+(compatible; UptimeRobot/2.0; http://www.uptimerobot.com/)"
114.119.157.108 - - [25/Sep/2026:14:44:06 -0700] "GET /lib/?C=S%3BO%3DA HTTP/1.1" 404 - "http://www.livewant.com/lib/" "Mozilla/5.0 (Linux; Android 7.0;) AppleWebKit/537.36 (HTML, like Gecko) Mobile Safari/537.36 (compatible; PetalBot;+https://webmaster.petalsearch.com/site/petalbot)"
78.47.173.76 - - [25/Sep/2026:14:44:29 -0700] "HEAD / HTTP/1.1" 200 - "https://www.livewant.com" "Mozilla/5.0+(compatible; UptimeRobot/2.0; http://www.uptimerobot.com/)"
43.159.177.156 - - [25/Sep/2026:14:44:43 -0700] "GET /index.php/en/160/showroom HTTP/1.1" 404 16 "-" "Mozilla/5.0 (Windows NT 10.0; Win64; x64) AppleWebKit/537.36 (KHTML, like Gecko) Chrome/148.0.0.0 Safari/537.36"
114.119.136.138 - - [25/Sep/2026:14:45:30 -0700] "GET /public/index.php/property/30/details/product.php HTTP/1.1" 200 203440 "https://www.livewant.com/public/index.php/property/30/details/riverside-meadows-zSWMX" "Mozilla/5.0 (Linux; Android 7.0;) AppleWebKit/537.36 (HTML, like Gecko) Mobile Safari/537.36 (compatible; PetalBot;+https://webmaster.petalsearch.com/site/petalbot)"
66.249.65.103 - - [25/Sep/2026:14:45:48 -0700] "GET /public/index.php/category/apartment HTTP/1.1" 200 137750 "-" "Mozilla/5.0 (Linux; Android 6.0.1; Nexus 5X Build/MMB29P) AppleWebKit/537.36 (KHTML, like Gecko) Chrome/153.0.8010.52 Mobile Safari/537.36 (compatible; Googlebot/2.1; +http://www.google.com/bot.html)"
66.249.65.104 - - [25/Sep/2026:14:46:36 -0700] "GET /public/index.php/frontend/css/perfect-scrollbar.css HTTP/1.1" 200 1629 "https://www.livewant.com/public/index.php/category/apartment" "Mozilla/5.0 (Linux; Android 6.0.1; Nexus 5X Build/MMB29P) AppleWebKit/537.36 (KHTML, like Gecko) Chrome/153.0.8010.52 Mobile Safari/537.36 (compatible; Googlebot/2.1; +http://www.google.com/bot.html)"
66.249.65.105 - - [25/Sep/2026:14:46:36 -0700] "GET /public/index.php/frontend/css/themify-icons.css HTTP/1.1" 200 1629 "https://www.livewant.com/public/index.php/category/apartment" "Mozilla/5.0 (Linux; Android 6.0.1; Nexus 5X Build/MMB29P) AppleWebKit/537.36 (KHTML, like Gecko) Chrome/153.0.8010.52 Mobile Safari/537.36 (compatible; Googlebot/2.1; +http://www.google.com/bot.html)"
66.249.65.105 - - [25/Sep/2026:14:46:36 -0700] "GET /public/index.php/frontend/img/o_land_icon/phone.svg HTTP/1.1" 200 1629 "https://www.livewant.com/public/index.php/category/apartment" "Mozilla/5.0 (Linux; Android 6.0.1; Nexus 5X Build/MMB29P) AppleWebKit/537.36 (KHTML, like Gecko) Chrome/153.0.8010.52 Mobile Safari/537.36 (compatible; Googlebot/2.1; +http://www.google.com/bot.html)"
66.249.65.103 - - [25/Sep/2026:14:46:37 -0700] "GET /public/index.php/frontend/css/swiper-bundle.min.css HTTP/1.1" 200 1629 "https://www.livewant.com/public/index.php/category/apartment" "Mozilla/5.0 (Linux; Android 6.0.1; Nexus 5X Build/MMB29P) AppleWebKit/537.36 (KHTML, like Gecko) Chrome/153.0.8010.52 Mobile Safari/537.36 (compatible; Googlebot/2.1; +http://www.google.com/bot.html)"
66.249.65.105 - - [25/Sep/2026:14:46:37 -0700] "GET /public/index.php/frontend/js/owl.carousel.min.js HTTP/1.1" 200 1629 "https://www.livewant.com/public/index.php/category/apartment" "Mozilla/5.0 (Linux; Android 6.0.1; Nexus 5X Build/MMB29P) AppleWebKit/537.36 (KHTML, like Gecko) Chrome/153.0.8010.52 Mobile Safari/537.36 (compatible; Googlebot/2.1; +http://www.google.com/bot.html)"
66.249.65.103 - - [25/Sep/2026:14:46:40 -0700] "POST /public/index.php/properties-categories HTTP/1.1" 200 165 "https://www.livewant.com/public/index.php/category/apartment" "Mozilla/5.0 (Linux; Android 6.0.1; Nexus 5X Build/MMB29P) AppleWebKit/537.36 (KHTML, like Gecko) Chrome/153.0.8010.52 Mobile Safari/537.36 (compatible; Googlebot/2.1; +http://www.google.com/bot.html)"
66.249.65.103 - - [25/Sep/2026:14:46:42 -0700] "POST /public/index.php/properties-filters HTTP/1.1" 200 8131 "https://www.livewant.com/public/index.php/category/apartment" "Mozilla/5.0 (Linux; Android 6.0.1; Nexus 5X Build/MMB29P) AppleWebKit/537.36 (KHTML, like Gecko) Chrome/153.0.8010.52 Mobile Safari/537.36 (compatible; Googlebot/2.1; +http://www.google.com/bot.html)"
114.119.131.97 - - [25/Sep/2026:14:46:53 -0700] "GET /index.php/hr/143 HTTP/1.1" 404 16 "https://www.livewant.com/index.php/hr/143" "Mozilla/5.0 (Linux; Android 7.0;) AppleWebKit/537.36 (HTML, like Gecko) Mobile Safari/537.36 (compatible; PetalBot;+https://webmaster.petalsearch.com/site/petalbot)"
57.141.20.58 - - [25/Sep/2026:14:46:58 -0700] "GET /frontend/img/o_land_icon/apple.svg HTTP/1.1" 404 - "-" "Mozilla/5.0 (Windows NT 10.0; Win64; x64) AppleWebKit/537.36 (KHTML, like Gecko) Chrome/145.0.0.0 Safari/537.36 (compatible; meta-externalagent/1.1 (+https://developers.facebook.com/docs/sharing/webmasters/crawler))"
157.90.155.240 - - [25/Sep/2026:14:47:26 -0700] "HEAD / HTTP/1.1" 200 - "https://livewant.com" "Mozilla/5.0+(compatible; UptimeRobot/2.0; http://www.uptimerobot.com/)"
43.133.220.37 - - [25/Sep/2026:14:48:10 -0700] "GET /Modules/ HTTP/1.1" 200 818 "-" "Mozilla/5.0 (iPhone; CPU iPhone OS 13_2_3 like Mac OS X) AppleWebKit/605.1.15 (KHTML, like Gecko) Version/13.0.3 Mobile/15E148 Safari/604.1"
128.140.41.193 - - [25/Sep/2026:14:48:16 -0700] "HEAD / HTTP/1.1" 200 - "https://www.livewant.com" "Mozilla/5.0+(compatible; UptimeRobot/2.0; http://www.uptimerobot.com/)"
114.119.138.210 - - [25/Sep/2026:14:48:16 -0700] "GET /index.php/hr/142/blog_stranica?set_country=empty HTTP/1.1" 404 16 "https://www.livewant.com/index.php/hr/142/blog_stranica?set_country=empty" "Mozilla/5.0 (Linux; Android 7.0;) AppleWebKit/537.36 (HTML, like Gecko) Mobile Safari/537.36 (compatible; PetalBot;+https://webmaster.petalsearch.com/site/petalbot)"
114.119.138.210 - - [25/Sep/2026:14:49:40 -0700] "GET /public/index.php/property/22/details/product.php HTTP/1.1" 200 201215 "https://www.livewant.com/public/index.php/property/22/details/product.php" "Mozilla/5.0 (Linux; Android 7.0;) AppleWebKit/537.36 (HTML, like Gecko) Mobile Safari/537.36 (compatible; PetalBot;+https://webmaster.petalsearch.com/site/petalbot)"
167.235.143.113 - - [25/Sep/2026:14:50:07 -0700] "GET / HTTP/1.1" 200 5998 "https://www.livewant.com" "Mozilla/5.0+(compatible; UptimeRobot/2.0; http://www.uptimerobot.com/)"
114.119.157.108 - - [25/Sep/2026:14:51:03 -0700] "GET /public/property/26/details/product.php HTTP/1.1" 200 201488 "https://www.livewant.com/public/property/26/details/cedar-creek-ZWMvf" "Mozilla/5.0 (Linux; Android 7.0;) AppleWebKit/537.36 (HTML, like Gecko) Mobile Safari/537.36 (compatible; PetalBot;+https://webmaster.petalsearch.com/site/petalbot)"
114.119.131.97 - - [25/Sep/2026:14:52:27 -0700] "GET /strict_image.php?d=870x469 HTTP/1.1" 404 16 "https://www.livewant.com/strict_image.php?d=870x469" "Mozilla/5.0 (Linux; Android 7.0;) AppleWebKit/537.36 (HTML, like Gecko) Mobile Safari/537.36 (compatible; PetalBot;+https://webmaster.petalsearch.com/site/petalbot)"
167.235.143.113 - - [25/Sep/2026:14:52:32 -0700] "HEAD / HTTP/1.1" 200 - "https://livewant.com" "Mozilla/5.0+(compatible; UptimeRobot/2.0; http://www.uptimerobot.com/)"
168.119.96.239 - - [25/Sep/2026:14:53:22 -0700] "HEAD / HTTP/1.1" 200 - "https://www.livewant.com" "Mozilla/5.0+(compatible; UptimeRobot/2.0; http://www.uptimerobot.com/)"
114.119.142.7 - - [25/Sep/2026:14:53:50 -0700] "GET /public/index.php/category/compare.php HTTP/1.1" 500 3812 "https://www.livewant.com/public/index.php/category/flat" "Mozilla/5.0 (Linux; Android 7.0;) AppleWebKit/537.36 (HTML, like Gecko) Mobile Safari/537.36 (compatible; PetalBot;+https://webmaster.petalsearch.com/site/petalbot)"
52.28.162.93 - - [25/Sep/2026:14:55:13 -0700] "HEAD / HTTP/1.1" 200 - "https://www.livewant.com" "Mozilla/5.0+(compatible; UptimeRobot/2.0; http://www.uptimerobot.com/)"
114.119.131.200 - - [25/Sep/2026:14:55:14 -0700] "GET /public/assets/property/3/5/4.webp HTTP/1.1" 200 58992 "https://livewant.com/public/property/15/details/lake-view-heights-9xBkb" "Mozilla/5.0 (Linux; Android 7.0;) AppleWebKit/537.36 (HTML, like Gecko) Mobile Safari/537.36 (compatible; PetalBot;+https://webmaster.petalsearch.com/site/petalbot)"
51.83.4.64 - - [25/Sep/2026:14:55:59 -0700] "GET /ox-SeGljMlemv.php HTTP/1.1" 200 7 "-" "Mozilla/5.0 (Windows NT 10.0; Win64; x64) AppleWebKit/537.36 (KHTML, like Gecko) Chrome/153.0.0.0 Safari/537.36"
51.83.4.64 - - [25/Sep/2026:14:56:01 -0700] "GET / HTTP/1.1" 200 5998 "-" "Mozilla/5.0 (Windows NT 10.0; Win64; x64) AppleWebKit/537.36 (KHTML, like Gecko) Chrome/153.0.0.0 Safari/537.36"
114.119.131.97 - - [25/Sep/2026:14:56:37 -0700] "GET /public/index.php/blogs/details/aliquam-faucibus HTTP/1.1" 200 101088 "https://www.livewant.com/public/index.php/blogs" "Mozilla/5.0 (Linux; Android 7.0;) AppleWebKit/537.36 (HTML, like Gecko) Mobile Safari/537.36 (compatible; PetalBot;+https://webmaster.petalsearch.com/site/petalbot)"
66.249.65.104 - - [25/Sep/2026:14:57:18 -0700] "GET /public/category/room HTTP/1.1" 200 136215 "-" "Mozilla/5.0 (Linux; Android 6.0.1; Nexus 5X Build/MMB29P) AppleWebKit/537.36 (KHTML, like Gecko) Chrome/153.0.8010.52 Mobile Safari/537.36 (compatible; Googlebot/2.1; +http://www.google.com/bot.html)"
66.249.65.103 - - [25/Sep/2026:14:57:22 -0700] "GET /public/frontend/img/o_land_icon/apple.svg HTTP/1.1" 200 1027 "https://www.livewant.com/public/category/room" "Mozilla/5.0 (Linux; Android 6.0.1; Nexus 5X Build/MMB29P) AppleWebKit/537.36 (KHTML, like Gecko) Chrome/153.0.8010.52 Mobile Safari/537.36 (compatible; Googlebot/2.1; +http://www.google.com/bot.html)"
66.249.65.104 - - [25/Sep/2026:14:57:24 -0700] "GET /public/frontend/css/themify-icons.css HTTP/1.1" 200 16456 "https://www.livewant.com/public/category/room" "Mozilla/5.0 (Linux; Android 6.0.1; Nexus 5X Build/MMB29P) AppleWebKit/537.36 (KHTML, like Gecko) Chrome/153.0.8010.52 Mobile Safari/537.36 (compatible; Googlebot/2.1; +http://www.google.com/bot.html)"
66.249.65.104 - - [25/Sep/2026:14:57:25 -0700] "GET /public/frontend/js/mail-script.js HTTP/1.1" 200 1230 "https://www.livewant.com/public/category/room" "Mozilla/5.0 (Linux; Android 6.0.1; Nexus 5X Build/MMB29P) AppleWebKit/537.36 (KHTML, like Gecko) Chrome/153.0.8010.52 Mobile Safari/537.36 (compatible; Googlebot/2.1; +http://www.google.com/bot.html)"
66.249.65.103 - - [25/Sep/2026:14:57:27 -0700] "GET /public/frontend/js/vendor/popper.min.js HTTP/1.1" 200 18594 "https://www.livewant.com/public/category/room" "Mozilla/5.0 (Linux; Android 6.0.1; Nexus 5X Build/MMB29P) AppleWebKit/537.36 (KHTML, like Gecko) Chrome/153.0.8010.52 Mobile Safari/537.36 (compatible; Googlebot/2.1; +http://www.google.com/bot.html)"
66.249.65.103 - - [25/Sep/2026:14:57:28 -0700] "GET /public/frontend/js/barfiller.js HTTP/1.1" 200 6244 "https://www.livewant.com/public/category/room" "Mozilla/5.0 (Linux; Android 6.0.1; Nexus 5X Build/MMB29P) AppleWebKit/537.36 (KHTML, like Gecko) Chrome/153.0.8010.52 Mobile Safari/537.36 (compatible; Googlebot/2.1; +http://www.google.com/bot.html)"
66.249.65.103 - - [25/Sep/2026:14:57:30 -0700] "GET /public/frontend/img/o_land_icon/user.svg HTTP/1.1" 200 581 "https://www.livewant.com/public/category/room" "Mozilla/5.0 (Linux; Android 6.0.1; Nexus 5X Build/MMB29P) AppleWebKit/537.36 (KHTML, like Gecko) Chrome/153.0.8010.52 Mobile Safari/537.36 (compatible; Googlebot/2.1; +http://www.google.com/bot.html)"
66.249.65.103 - - [25/Sep/2026:14:57:31 -0700] "GET /public/frontend/js/perfect-scrollbar.js HTTP/1.1" 200 38567 "https://www.livewant.com/public/category/room" "Mozilla/5.0 (Linux; Android 6.0.1; Nexus 5X Build/MMB29P) AppleWebKit/537.36 (KHTML, like Gecko) Chrome/153.0.8010.52 Mobile Safari/537.36 (compatible; Googlebot/2.1; +http://www.google.com/bot.html)"
66.249.65.103 - - [25/Sep/2026:14:57:32 -0700] "GET /public/frontend/css/toastr.min.css HTTP/1.1" 200 6454 "https://www.livewant.com/public/category/room" "Mozilla/5.0 (Linux; Android 6.0.1; Nexus 5X Build/MMB29P) AppleWebKit/537.36 (KHTML, like Gecko) Chrome/153.0.8010.52 Mobile Safari/537.36 (compatible; Googlebot/2.1; +http://www.google.com/bot.html)"
66.249.65.103 - - [25/Sep/2026:14:57:33 -0700] "POST /public/properties-filters HTTP/1.1" 200 7735 "https://www.livewant.com/public/category/room" "Mozilla/5.0 (Linux; Android 6.0.1; Nexus 5X Build/MMB29P) AppleWebKit/537.36 (KHTML, like Gecko) Chrome/153.0.8010.52 Mobile Safari/537.36 (compatible; Googlebot/2.1; +http://www.google.com/bot.html)"
66.249.65.103 - - [25/Sep/2026:14:57:34 -0700] "POST /public/properties-categories HTTP/1.1" 200 165 "https://www.livewant.com/public/category/room" "Mozilla/5.0 (Linux; Android 6.0.1; Nexus 5X Build/MMB29P) AppleWebKit/537.36 (KHTML, like Gecko) Chrome/153.0.8010.52 Mobile Safari/537.36 (compatible; Googlebot/2.1; +http://www.google.com/bot.html)"
128.140.41.193 - - [25/Sep/2026:14:57:39 -0700] "HEAD / HTTP/1.1" 200 - "https://livewant.com" "Mozilla/5.0+(compatible; UptimeRobot/2.0; http://www.uptimerobot.com/)"
154.163.145.246 - - [25/Sep/2026:14:57:44 -0700] "GET /dashboard HTTP/1.1" 404 - "-" "Mozilla/5.0 (Windows NT 10.0; Win64; x64) AppleWebKit/537.36 (KHTML, like Gecko) Chrome/118.0.0.0 Safari/537.36"
154.163.145.246 - - [25/Sep/2026:14:57:45 -0700] "GET /favicon.ico HTTP/1.1" 200 15406 "https://livewant.com/dashboard" "Mozilla/5.0 (Windows NT 10.0; Win64; x64) AppleWebKit/537.36 (KHTML, like Gecko) Chrome/118.0.0.0 Safari/537.36"
114.119.136.138 - - [25/Sep/2026:14:58:01 -0700] "GET /index.php/hr/147/izdvojene?set_currency=EUR HTTP/1.1" 404 16 "https://livewant.com/index.php/hr/147/izdvojene?set_currency=EUR" "Mozilla/5.0 (Linux; Android 7.0;) AppleWebKit/537.36 (HTML, like Gecko) Mobile Safari/537.36 (compatible; PetalBot;+https://webmaster.petalsearch.com/site/petalbot)"
43.165.198.144 - - [25/Sep/2026:14:58:23 -0700] "GET /routes/ HTTP/1.1" 200 1874 "-" "Mozilla/5.0 (iPhone; CPU iPhone OS 13_2_3 like Mac OS X) AppleWebKit/605.1.15 (KHTML, like Gecko) Version/13.0.3 Mobile/15E148 Safari/604.1"
49.13.24.81 - - [25/Sep/2026:14:58:28 -0700] "HEAD / HTTP/1.1" 200 - "https://www.livewant.com" "Mozilla/5.0+(compatible; UptimeRobot/2.0; http://www.uptimerobot.com/)"
114.119.138.210 - - [25/Sep/2026:14:59:24 -0700] "GET /?contact=nicole-leedom/ HTTP/1.1" 200 5998 "https://www.livewant.com/?contact=nicole-leedom/" "Mozilla/5.0 (Linux; Android 7.0;) AppleWebKit/537.36 (HTML, like Gecko) Mobile Safari/537.36 (compatible; PetalBot;+https://webmaster.petalsearch.com/site/petalbot)"
179.108.36.107 - - [25/Sep/2026:14:59:33 -0700] "GET /blogs/details/slug HTTP/1.1" 404 - "https://www.livewant.com/blogs" "Mozilla/5.0 (Windows NT 10.0; Win64; x64) AppleWebKit/537.36 (KHTML, like Gecko) Chrome/143.0.0.0 Safari/537.36"
159.69.158.189 - - [25/Sep/2026:15:00:20 -0700] "HEAD / HTTP/1.1" 200 - "https://www.livewant.com" "Mozilla/5.0+(compatible; UptimeRobot/2.0; http://www.uptimerobot.com/)"
114.119.131.97 - - [25/Sep/2026:15:01:07 -0700] "GET /index.php/hr/147/izdvojene?set_country=88328 HTTP/1.1" 404 16 "https://livewant.com/index.php/hr/147/izdvojene?set_country=88328" "Mozilla/5.0 (Linux; Android 7.0;) AppleWebKit/537.36 (HTML, like Gecko) Mobile Safari/537.36 (compatible; PetalBot;+https://webmaster.petalsearch.com/site/petalbot)"
114.119.156.134 - - [25/Sep/2026:15:02:12 -0700] "GET /index.php/en/174/no_map_version?set_currency=EUR HTTP/1.1" 404 16 "https://livewant.com/index.php/en/174/no_map_version?set_currency=EUR" "Mozilla/5.0 (Linux; Android 7.0;) AppleWebKit/537.36 (HTML, like Gecko) Mobile Safari/537.36 (compatible; PetalBot;+https://webmaster.petalsearch.com/site/petalbot)"
18.192.166.72 - - [25/Sep/2026:15:02:45 -0700] "HEAD / HTTP/1.1" 200 - "https://livewant.com" "Mozilla/5.0+(compatible; UptimeRobot/2.0; http://www.uptimerobot.com/)"
49.13.134.145 - - [25/Sep/2026:15:03:34 -0700] "HEAD / HTTP/1.1" 200 - "https://www.livewant.com" "Mozilla/5.0+(compatible; UptimeRobot/2.0; http://www.uptimerobot.com/)"
114.119.136.138 - - [25/Sep/2026:15:03:35 -0700] "GET /public/index.php/register HTTP/1.1" 200 10564 "https://www.livewant.com/index.php/hr/169?set_country=empty" "Mozilla/5.0 (Linux; Android 7.0;) AppleWebKit/537.36 (HTML, like Gecko) Mobile Safari/537.36 (compatible; PetalBot;+https://webmaster.petalsearch.com/site/petalbot)"
114.119.138.210 - - [25/Sep/2026:15:04:58 -0700] "GET /assets/property/3/3/2.webp HTTP/1.1" 404 - "https://livewant.com/property/13/details/product.php" "Mozilla/5.0 (Linux; Android 7.0;) AppleWebKit/537.36 (HTML, like Gecko) Mobile Safari/537.36 (compatible; PetalBot;+https://webmaster.petalsearch.com/site/petalbot)"
88.99.80.227 - - [25/Sep/2026:15:05:25 -0700] "HEAD / HTTP/1.1" 200 - "https://www.livewant.com" "Mozilla/5.0+(compatible; UptimeRobot/2.0; http://www.uptimerobot.com/)"
142.132.180.39 - - [25/Sep/2026:15:07:50 -0700] "HEAD / HTTP/1.1" 200 - "https://livewant.com" "Mozilla/5.0+(compatible; UptimeRobot/2.0; http://www.uptimerobot.com/)"
43.165.126.130 - - [25/Sep/2026:15:07:58 -0700] "GET /tests/ HTTP/1.1" 200 1354 "-" "Mozilla/5.0 (iPhone; CPU iPhone OS 13_2_3 like Mac OS X) AppleWebKit/605.1.15 (KHTML, like Gecko) Version/13.0.3 Mobile/15E148 Safari/604.1"
49.13.134.145 - - [25/Sep/2026:15:08:38 -0700] "HEAD / HTTP/1.1" 200 - "https://www.livewant.com" "Mozilla/5.0+(compatible; UptimeRobot/2.0; http://www.uptimerobot.com/)"
216.73.217.2 - - [25/Sep/2026:15:10:07 -0700] "GET /docker/ HTTP/1.1" 200 1325 "-" "Mozilla/5.0 AppleWebKit/537.36 (KHTML, like Gecko; compatible; ClaudeBot/1.0; +claudebot@anthropic.com)"
216.73.217.2 - - [25/Sep/2026:15:10:07 -0700] "GET /Main_File/ HTTP/1.1" 200 643 "-" "Mozilla/5.0 AppleWebKit/537.36 (KHTML, like Gecko; compatible; ClaudeBot/1.0; +claudebot@anthropic.com)"
216.73.217.2 - - [25/Sep/2026:15:10:07 -0700] "GET /SupTest.php HTTP/1.1" 200 1223 "-" "Mozilla/5.0 AppleWebKit/537.36 (KHTML, like Gecko; compatible; ClaudeBot/1.0; +claudebot@anthropic.com)"
216.73.217.2 - - [25/Sep/2026:15:10:08 -0700] "GET /bootstrap/ HTTP/1.1" 200 992 "-" "Mozilla/5.0 AppleWebKit/537.36 (KHTML, like Gecko; compatible; ClaudeBot/1.0; +claudebot@anthropic.com)"
216.73.217.2 - - [25/Sep/2026:15:10:29 -0700] "GET /artisan HTTP/1.1" 200 1686 "-" "Mozilla/5.0 AppleWebKit/537.36 (KHTML, like Gecko; compatible; ClaudeBot/1.0; +claudebot@anthropic.com)"
216.73.217.2 - - [25/Sep/2026:15:10:29 -0700] "GET /resources/ HTTP/1.1" 200 1506 "-" "Mozilla/5.0 AppleWebKit/537.36 (KHTML, like Gecko; compatible; ClaudeBot/1.0; +claudebot@anthropic.com)"
216.73.217.2 - - [25/Sep/2026:15:10:30 -0700] "GET /admin.php HTTP/1.1" 200 35087 "-" "Mozilla/5.0 AppleWebKit/537.36 (KHTML, like Gecko; compatible; ClaudeBot/1.0; +claudebot@anthropic.com)"
216.73.217.2 - - [25/Sep/2026:15:10:30 -0700] "GET /database/ HTTP/1.1" 200 1712 "-" "Mozilla/5.0 AppleWebKit/537.36 (KHTML, like Gecko; compatible; ClaudeBot/1.0; +claudebot@anthropic.com)"
18.193.252.127 - - [25/Sep/2026:15:10:30 -0700] "HEAD / HTTP/1.1" 200 - "https://www.livewant.com" "Mozilla/5.0+(compatible; UptimeRobot/2.0; http://www.uptimerobot.com/)"
216.73.217.2 - - [25/Sep/2026:15:10:36 -0700] "GET /modules_statuses.json HTTP/1.1" 200 26 "-" "Mozilla/5.0 AppleWebKit/537.36 (KHTML, like Gecko; compatible; ClaudeBot/1.0; +claudebot@anthropic.com)"
216.73.217.2 - - [25/Sep/2026:15:10:36 -0700] "GET /Modules/ HTTP/1.1" 200 818 "-" "Mozilla/5.0 AppleWebKit/537.36 (KHTML, like Gecko; compatible; ClaudeBot/1.0; +claudebot@anthropic.com)"
216.73.217.2 - - [25/Sep/2026:15:10:36 -0700] "GET /tests/ HTTP/1.1" 200 1354 "-" "Mozilla/5.0 AppleWebKit/537.36 (KHTML, like Gecko; compatible; ClaudeBot/1.0; +claudebot@anthropic.com)"
216.73.217.2 - - [25/Sep/2026:15:10:37 -0700] "GET /storage/ HTTP/1.1" 200 1339 "-" "Mozilla/5.0 AppleWebKit/537.36 (KHTML, like Gecko; compatible; ClaudeBot/1.0; +claudebot@anthropic.com)"
216.73.217.2 - - [25/Sep/2026:15:10:53 -0700] "GET /phpunit.xml HTTP/1.1" 200 1175 "-" "Mozilla/5.0 AppleWebKit/537.36 (KHTML, like Gecko; compatible; ClaudeBot/1.0; +claudebot@anthropic.com)"
216.73.217.2 - - [25/Sep/2026:15:10:53 -0700] "GET /lang/ HTTP/1.1" 200 1317 "-" "Mozilla/5.0 AppleWebKit/537.36 (KHTML, like Gecko; compatible; ClaudeBot/1.0; +claudebot@anthropic.com)"
216.73.217.2 - - [25/Sep/2026:15:10:54 -0700] "GET /Sql.zip HTTP/1.1" 200 4136002 "-" "Mozilla/5.0 AppleWebKit/537.36 (KHTML, like Gecko; compatible; ClaudeBot/1.0; +claudebot@anthropic.com)"
216.73.217.2 - - [25/Sep/2026:15:10:54 -0700] "GET /s/ HTTP/1.1" 404 384 "-" "Mozilla/5.0 AppleWebKit/537.36 (KHTML, like Gecko; compatible; ClaudeBot/1.0; +claudebot@anthropic.com)"
216.73.217.2 - - [25/Sep/2026:15:11:03 -0700] "GET /phpunit.xml HTTP/1.1" 200 1175 "-" "Mozilla/5.0 AppleWebKit/537.36 (KHTML, like Gecko; compatible; ClaudeBot/1.0; +claudebot@anthropic.com)"
216.73.217.2 - - [25/Sep/2026:15:11:02 -0700] "GET /admin.php HTTP/1.1" 200 35091 "-" "Mozilla/5.0 AppleWebKit/537.36 (KHTML, like Gecko; compatible; ClaudeBot/1.0; +claudebot@anthropic.com)"
216.73.217.2 - - [25/Sep/2026:15:11:03 -0700] "GET /Main_File/ HTTP/1.1" 200 643 "-" "Mozilla/5.0 AppleWebKit/537.36 (KHTML, like Gecko; compatible; ClaudeBot/1.0; +claudebot@anthropic.com)"
216.73.217.2 - - [25/Sep/2026:15:11:04 -0700] "GET /composer.json HTTP/1.1" 200 2231 "-" "Mozilla/5.0 AppleWebKit/537.36 (KHTML, like Gecko; compatible; ClaudeBot/1.0; +claudebot@anthropic.com)"
216.73.217.2 - - [25/Sep/2026:15:11:22 -0700] "GET /vendor/ HTTP/1.1" 200 9640 "-" "Mozilla/5.0 AppleWebKit/537.36 (KHTML, like Gecko; compatible; ClaudeBot/1.0; +claudebot@anthropic.com)"
216.73.217.2 - - [25/Sep/2026:15:11:24 -0700] "GET /database/ HTTP/1.1" 200 1712 "-" "Mozilla/5.0 AppleWebKit/537.36 (KHTML, like Gecko; compatible; ClaudeBot/1.0; +claudebot@anthropic.com)"
216.73.217.2 - - [25/Sep/2026:15:11:24 -0700] "GET /docker/ HTTP/1.1" 200 1325 "-" "Mozilla/5.0 AppleWebKit/537.36 (KHTML, like Gecko; compatible; ClaudeBot/1.0; +claudebot@anthropic.com)"
45.148.10.201 - - [25/Sep/2026:15:11:25 -0700] "GET /wp-json/ HTTP/1.1" 404 - "-" "Mozilla/5.0 (Windows NT 10.0; Win64; x64) AppleWebKit/537.36 (KHTML, like Gecko) Chrome/120.0.0.0 Safari/537.36"
45.148.10.201 - - [25/Sep/2026:15:11:26 -0700] "POST /index.php?rest_route=/batch/v1 HTTP/1.1" 404 16 "-" "Mozilla/5.0 (Windows NT 10.0; Win64; x64) AppleWebKit/537.36 (KHTML, like Gecko) Chrome/120.0.0.0 Safari/537.36"
45.148.10.201 - - [25/Sep/2026:15:11:28 -0700] "POST /index.php?rest_route=%2Fbatch%2Fv1 HTTP/1.1" 404 16 "-" "Mozilla/5.0 (Windows NT 10.0; Win64; x64) AppleWebKit/537.36 (KHTML, like Gecko) Chrome/120.0.0.0 Safari/537.36"
45.148.10.201 - - [25/Sep/2026:15:11:28 -0700] "POST /?rest_route=%2Fbatch%2Fv1 HTTP/1.1" 404 - "-" "Mozilla/5.0 (Windows NT 10.0; Win64; x64) AppleWebKit/537.36 (KHTML, like Gecko) Chrome/120.0.0.0 Safari/537.36"
45.148.10.201 - - [25/Sep/2026:15:11:28 -0700] "POST /?rest_route=/batch%2Fv1 HTTP/1.1" 404 - "-" "Mozilla/5.0 (Windows NT 10.0; Win64; x64) AppleWebKit/537.36 (KHTML, like Gecko) Chrome/120.0.0.0 Safari/537.36"
45.148.10.201 - - [25/Sep/2026:15:11:28 -0700] "POST /?rest_route=/batch/v1 HTTP/1.1" 404 - "-" "Mozilla/5.0 (Windows NT 10.0; Win64; x64) AppleWebKit/537.36 (KHTML, like Gecko) Chrome/120.0.0.0 Safari/537.36"
45.148.10.201 - - [25/Sep/2026:15:11:29 -0700] "POST /wp-json/batch/v1 HTTP/1.1" 404 - "-" "Mozilla/5.0 (Windows NT 10.0; Win64; x64) AppleWebKit/537.36 (KHTML, like Gecko) Chrome/120.0.0.0 Safari/537.36"
45.148.10.201 - - [25/Sep/2026:15:11:29 -0700] "POST /wp-json/Batch/v1 HTTP/1.1" 404 - "-" "Mozilla/5.0 (Windows NT 10.0; Win64; x64) AppleWebKit/537.36 (KHTML, like Gecko) Chrome/120.0.0.0 Safari/537.36"
45.148.10.201 - - [25/Sep/2026:15:11:29 -0700] "POST //wp-json/batch/v1 HTTP/1.1" 404 - "-" "Mozilla/5.0 (Windows NT 10.0; Win64; x64) AppleWebKit/537.36 (KHTML, like Gecko) Chrome/120.0.0.0 Safari/537.36"
45.148.10.201 - - [25/Sep/2026:15:11:29 -0700] "POST /wp-json/batch/v1/ HTTP/1.1" 404 - "-" "Mozilla/5.0 (Windows NT 10.0; Win64; x64) AppleWebKit/537.36 (KHTML, like Gecko) Chrome/120.0.0.0 Safari/537.36"
45.148.10.201 - - [25/Sep/2026:15:11:29 -0700] "POST /blog/wp-json/batch/v1 HTTP/1.1" 404 - "-" "Mozilla/5.0 (Windows NT 10.0; Win64; x64) AppleWebKit/537.36 (KHTML, like Gecko) Chrome/120.0.0.0 Safari/537.36"
45.148.10.201 - - [25/Sep/2026:15:11:29 -0700] "POST /wordpress/wp-json/batch/v1 HTTP/1.1" 404 - "-" "Mozilla/5.0 (Windows NT 10.0; Win64; x64) AppleWebKit/537.36 (KHTML, like Gecko) Chrome/120.0.0.0 Safari/537.36"
45.148.10.201 - - [25/Sep/2026:15:11:30 -0700] "POST /index.php?rest_route=/batch/v1 HTTP/1.1" 404 16 "https://livewant.com/wp-admin/" "Mozilla/5.0 (Windows NT 10.0; Win64; x64) AppleWebKit/537.36 (KHTML, like Gecko) Chrome/120.0.0.0 Safari/537.36"
45.148.10.201 - - [25/Sep/2026:15:11:30 -0700] "POST /index.php?rest_route=%2Fbatch%2Fv1 HTTP/1.1" 404 16 "https://livewant.com/wp-admin/" "Mozilla/5.0 (Windows NT 10.0; Win64; x64) AppleWebKit/537.36 (KHTML, like Gecko) Chrome/120.0.0.0 Safari/537.36"
45.148.10.201 - - [25/Sep/2026:15:11:30 -0700] "POST /?rest_route=%2Fbatch%2Fv1 HTTP/1.1" 404 - "https://livewant.com/wp-admin/" "Mozilla/5.0 (Windows NT 10.0; Win64; x64) AppleWebKit/537.36 (KHTML, like Gecko) Chrome/120.0.0.0 Safari/537.36"
45.148.10.201 - - [25/Sep/2026:15:11:30 -0700] "POST /?rest_route=/batch%2Fv1 HTTP/1.1" 404 - "https://livewant.com/wp-admin/" "Mozilla/5.0 (Windows NT 10.0; Win64; x64) AppleWebKit/537.36 (KHTML, like Gecko) Chrome/120.0.0.0 Safari/537.36"
45.148.10.201 - - [25/Sep/2026:15:11:30 -0700] "POST /?rest_route=/batch/v1 HTTP/1.1" 404 - "https://livewant.com/wp-admin/" "Mozilla/5.0 (Windows NT 10.0; Win64; x64) AppleWebKit/537.36 (KHTML, like Gecko) Chrome/120.0.0.0 Safari/537.36"
45.148.10.201 - - [25/Sep/2026:15:11:30 -0700] "POST /wp-json/batch/v1 HTTP/1.1" 404 - "https://livewant.com/wp-admin/" "Mozilla/5.0 (Windows NT 10.0; Win64; x64) AppleWebKit/537.36 (KHTML, like Gecko) Chrome/120.0.0.0 Safari/537.36"
45.148.10.201 - - [25/Sep/2026:15:11:30 -0700] "POST /wp-json/Batch/v1 HTTP/1.1" 404 - "https://livewant.com/wp-admin/" "Mozilla/5.0 (Windows NT 10.0; Win64; x64) AppleWebKit/537.36 (KHTML, like Gecko) Chrome/120.0.0.0 Safari/537.36"
45.148.10.201 - - [25/Sep/2026:15:11:31 -0700] "POST //wp-json/batch/v1 HTTP/1.1" 404 - "https://livewant.com/wp-admin/" "Mozilla/5.0 (Windows NT 10.0; Win64; x64) AppleWebKit/537.36 (KHTML, like Gecko) Chrome/120.0.0.0 Safari/537.36"
45.148.10.201 - - [25/Sep/2026:15:11:31 -0700] "POST /wp-json/batch/v1/ HTTP/1.1" 404 - "https://livewant.com/wp-admin/" "Mozilla/5.0 (Windows NT 10.0; Win64; x64) AppleWebKit/537.36 (KHTML, like Gecko) Chrome/120.0.0.0 Safari/537.36"
45.148.10.201 - - [25/Sep/2026:15:11:31 -0700] "POST /blog/wp-json/batch/v1 HTTP/1.1" 404 - "https://livewant.com/wp-admin/" "Mozilla/5.0 (Windows NT 10.0; Win64; x64) AppleWebKit/537.36 (KHTML, like Gecko) Chrome/120.0.0.0 Safari/537.36"
45.148.10.201 - - [25/Sep/2026:15:11:31 -0700] "POST /wordpress/wp-json/batch/v1 HTTP/1.1" 404 - "https://livewant.com/wp-admin/" "Mozilla/5.0 (Windows NT 10.0; Win64; x64) AppleWebKit/537.36 (KHTML, like Gecko) Chrome/120.0.0.0 Safari/537.36"
45.148.10.201 - - [25/Sep/2026:15:11:31 -0700] "POST /index.php?rest_route=/batch/v1 HTTP/1.1" 404 16 "https://livewant.com/wp-admin/" "Mozilla/5.0 (Windows NT 10.0; Win64; x64) AppleWebKit/537.36 (KHTML, like Gecko) Chrome/120.0.0.0 Safari/537.36"
45.148.10.201 - - [25/Sep/2026:15:11:32 -0700] "POST /index.php?rest_route=%2Fbatch%2Fv1 HTTP/1.1" 404 16 "https://livewant.com/wp-admin/" "Mozilla/5.0 (Windows NT 10.0; Win64; x64) AppleWebKit/537.36 (KHTML, like Gecko) Chrome/120.0.0.0 Safari/537.36"
45.148.10.201 - - [25/Sep/2026:15:11:32 -0700] "POST /?rest_route=%2Fbatch%2Fv1 HTTP/1.1" 404 - "https://livewant.com/wp-admin/" "Mozilla/5.0 (Windows NT 10.0; Win64; x64) AppleWebKit/537.36 (KHTML, like Gecko) Chrome/120.0.0.0 Safari/537.36"
45.148.10.201 - - [25/Sep/2026:15:11:32 -0700] "POST /?rest_route=/batch%2Fv1 HTTP/1.1" 404 - "https://livewant.com/wp-admin/" "Mozilla/5.0 (Windows NT 10.0; Win64; x64) AppleWebKit/537.36 (KHTML, like Gecko) Chrome/120.0.0.0 Safari/537.36"
45.148.10.201 - - [25/Sep/2026:15:11:32 -0700] "POST /?rest_route=/batch/v1 HTTP/1.1" 404 - "https://livewant.com/wp-admin/" "Mozilla/5.0 (Windows NT 10.0; Win64; x64) AppleWebKit/537.36 (KHTML, like Gecko) Chrome/120.0.0.0 Safari/537.36"
45.148.10.201 - - [25/Sep/2026:15:11:38 -0700] "POST /wp-json/batch/v1 HTTP/1.1" 404 - "https://livewant.com/wp-admin/" "Mozilla/5.0 (Windows NT 10.0; Win64; x64) AppleWebKit/537.36 (KHTML, like Gecko) Chrome/120.0.0.0 Safari/537.36"
45.148.10.201 - - [25/Sep/2026:15:11:38 -0700] "POST /wp-json/Batch/v1 HTTP/1.1" 404 - "https://livewant.com/wp-admin/" "Mozilla/5.0 (Windows NT 10.0; Win64; x64) AppleWebKit/537.36 (KHTML, like Gecko) Chrome/120.0.0.0 Safari/537.36"
45.148.10.201 - - [25/Sep/2026:15:11:38 -0700] "POST //wp-json/batch/v1 HTTP/1.1" 404 - "https://livewant.com/wp-admin/" "Mozilla/5.0 (Windows NT 10.0; Win64; x64) AppleWebKit/537.36 (KHTML, like Gecko) Chrome/120.0.0.0 Safari/537.36"
45.148.10.201 - - [25/Sep/2026:15:11:38 -0700] "POST /wp-json/batch/v1/ HTTP/1.1" 404 - "https://livewant.com/wp-admin/" "Mozilla/5.0 (Windows NT 10.0; Win64; x64) AppleWebKit/537.36 (KHTML, like Gecko) Chrome/120.0.0.0 Safari/537.36"
45.148.10.201 - - [25/Sep/2026:15:11:39 -0700] "POST /blog/wp-json/batch/v1 HTTP/1.1" 404 - "https://livewant.com/wp-admin/" "Mozilla/5.0 (Windows NT 10.0; Win64; x64) AppleWebKit/537.36 (KHTML, like Gecko) Chrome/120.0.0.0 Safari/537.36"
45.148.10.201 - - [25/Sep/2026:15:11:39 -0700] "POST /wordpress/wp-json/batch/v1 HTTP/1.1" 404 - "https://livewant.com/wp-admin/" "Mozilla/5.0 (Windows NT 10.0; Win64; x64) AppleWebKit/537.36 (KHTML, like Gecko) Chrome/120.0.0.0 Safari/537.36"
45.148.10.201 - - [25/Sep/2026:15:11:40 -0700] "POST /index.php?rest_route=/batch/v1 HTTP/1.1" 404 16 "https://livewant.com/wp-admin/" "Mozilla/5.0 (Windows NT 10.0; Win64; x64) AppleWebKit/537.36 (KHTML, like Gecko) Chrome/120.0.0.0 Safari/537.36"
216.73.217.2 - - [25/Sep/2026:15:11:40 -0700] "GET /keyxygpm.php HTTP/1.1" 200 56 "-" "Mozilla/5.0 AppleWebKit/537.36 (KHTML, like Gecko; compatible; ClaudeBot/1.0; +claudebot@anthropic.com)"
216.73.217.2 - - [25/Sep/2026:15:11:41 -0700] "GET /bootstrap/ HTTP/1.1" 200 992 "-" "Mozilla/5.0 AppleWebKit/537.36 (KHTML, like Gecko; compatible; ClaudeBot/1.0; +claudebot@anthropic.com)"
216.73.217.2 - - [25/Sep/2026:15:11:41 -0700] "GET /tests/ HTTP/1.1" 200 1354 "-" "Mozilla/5.0 AppleWebKit/537.36 (KHTML, like Gecko; compatible; ClaudeBot/1.0; +claudebot@anthropic.com)"
216.73.217.2 - - [25/Sep/2026:15:11:43 -0700] "GET /vite.config.js HTTP/1.1" 200 312 "-" "Mozilla/5.0 AppleWebKit/537.36 (KHTML, like Gecko; compatible; ClaudeBot/1.0; +claudebot@anthropic.com)"
45.148.10.201 - - [25/Sep/2026:15:11:43 -0700] "POST /index.php?rest_route=%2Fbatch%2Fv1 HTTP/1.1" 404 16 "https://livewant.com/wp-admin/" "Mozilla/5.0 (Windows NT 10.0; Win64; x64) AppleWebKit/537.36 (KHTML, like Gecko) Chrome/120.0.0.0 Safari/537.36"
45.148.10.201 - - [25/Sep/2026:15:11:43 -0700] "POST /?rest_route=%2Fbatch%2Fv1 HTTP/1.1" 404 - "https://livewant.com/wp-admin/" "Mozilla/5.0 (Windows NT 10.0; Win64; x64) AppleWebKit/537.36 (KHTML, like Gecko) Chrome/120.0.0.0 Safari/537.36"
45.148.10.201 - - [25/Sep/2026:15:11:44 -0700] "POST /?rest_route=/batch%2Fv1 HTTP/1.1" 404 - "https://livewant.com/wp-admin/" "Mozilla/5.0 (Windows NT 10.0; Win64; x64) AppleWebKit/537.36 (KHTML, like Gecko) Chrome/120.0.0.0 Safari/537.36"
216.73.217.2 - - [25/Sep/2026:15:11:44 -0700] "GET /Modules/ HTTP/1.1" 200 818 "-" "Mozilla/5.0 AppleWebKit/537.36 (KHTML, like Gecko; compatible; ClaudeBot/1.0; +claudebot@anthropic.com)"
45.148.10.201 - - [25/Sep/2026:15:11:44 -0700] "POST /?rest_route=/batch/v1 HTTP/1.1" 404 - "https://livewant.com/wp-admin/" "Mozilla/5.0 (Windows NT 10.0; Win64; x64) AppleWebKit/537.36 (KHTML, like Gecko) Chrome/120.0.0.0 Safari/537.36"
216.73.217.2 - - [25/Sep/2026:15:11:44 -0700] "GET /package.json HTTP/1.1" 200 381 "-" "Mozilla/5.0 AppleWebKit/537.36 (KHTML, like Gecko; compatible; ClaudeBot/1.0; +claudebot@anthropic.com)"
45.148.10.201 - - [25/Sep/2026:15:11:44 -0700] "POST /wp-json/batch/v1 HTTP/1.1" 404 - "https://livewant.com/wp-admin/" "Mozilla/5.0 (Windows NT 10.0; Win64; x64) AppleWebKit/537.36 (KHTML, like Gecko) Chrome/120.0.0.0 Safari/537.36"
45.148.10.201 - - [25/Sep/2026:15:11:44 -0700] "POST /wp-json/Batch/v1 HTTP/1.1" 404 - "https://livewant.com/wp-admin/" "Mozilla/5.0 (Windows NT 10.0; Win64; x64) AppleWebKit/537.36 (KHTML, like Gecko) Chrome/120.0.0.0 Safari/537.36"
45.148.10.201 - - [25/Sep/2026:15:11:45 -0700] "POST //wp-json/batch/v1 HTTP/1.1" 404 - "https://livewant.com/wp-admin/" "Mozilla/5.0 (Windows NT 10.0; Win64; x64) AppleWebKit/537.36 (KHTML, like Gecko) Chrome/120.0.0.0 Safari/537.36"
45.148.10.201 - - [25/Sep/2026:15:11:45 -0700] "POST /wp-json/batch/v1/ HTTP/1.1" 404 - "https://livewant.com/wp-admin/" "Mozilla/5.0 (Windows NT 10.0; Win64; x64) AppleWebKit/537.36 (KHTML, like Gecko) Chrome/120.0.0.0 Safari/537.36"
45.148.10.201 - - [25/Sep/2026:15:11:45 -0700] "POST /blog/wp-json/batch/v1 HTTP/1.1" 404 - "https://livewant.com/wp-admin/" "Mozilla/5.0 (Windows NT 10.0; Win64; x64) AppleWebKit/537.36 (KHTML, like Gecko) Chrome/120.0.0.0 Safari/537.36"
45.148.10.201 - - [25/Sep/2026:15:11:45 -0700] "POST /wordpress/wp-json/batch/v1 HTTP/1.1" 404 - "https://livewant.com/wp-admin/" "Mozilla/5.0 (Windows NT 10.0; Win64; x64) AppleWebKit/537.36 (KHTML, like Gecko) Chrome/120.0.0.0 Safari/537.36"
45.148.10.201 - - [25/Sep/2026:15:11:45 -0700] "POST /index.php?rest_route=/batch/v1 HTTP/1.1" 404 16 "https://livewant.com/wp-admin/" "Mozilla/5.0 (Windows NT 10.0; Win64; x64) AppleWebKit/537.36 (KHTML, like Gecko) Chrome/120.0.0.0 Safari/537.36"
45.148.10.201 - - [25/Sep/2026:15:11:45 -0700] "POST /index.php?rest_route=%2Fbatch%2Fv1 HTTP/1.1" 404 16 "https://livewant.com/wp-admin/" "Mozilla/5.0 (Windows NT 10.0; Win64; x64) AppleWebKit/537.36 (KHTML, like Gecko) Chrome/120.0.0.0 Safari/537.36"
45.148.10.201 - - [25/Sep/2026:15:11:46 -0700] "POST /?rest_route=%2Fbatch%2Fv1 HTTP/1.1" 404 - "https://livewant.com/wp-admin/" "Mozilla/5.0 (Windows NT 10.0; Win64; x64) AppleWebKit/537.36 (KHTML, like Gecko) Chrome/120.0.0.0 Safari/537.36"
45.148.10.201 - - [25/Sep/2026:15:11:46 -0700] "POST /?rest_route=/batch%2Fv1 HTTP/1.1" 404 - "https://livewant.com/wp-admin/" "Mozilla/5.0 (Windows NT 10.0; Win64; x64) AppleWebKit/537.36 (KHTML, like Gecko) Chrome/120.0.0.0 Safari/537.36"
45.148.10.201 - - [25/Sep/2026:15:11:46 -0700] "POST /?rest_route=/batch/v1 HTTP/1.1" 404 - "https://livewant.com/wp-admin/" "Mozilla/5.0 (Windows NT 10.0; Win64; x64) AppleWebKit/537.36 (KHTML, like Gecko) Chrome/120.0.0.0 Safari/537.36"
45.148.10.201 - - [25/Sep/2026:15:11:46 -0700] "POST /wp-json/batch/v1 HTTP/1.1" 404 - "https://livewant.com/wp-admin/" "Mozilla/5.0 (Windows NT 10.0; Win64; x64) AppleWebKit/537.36 (KHTML, like Gecko) Chrome/120.0.0.0 Safari/537.36"
45.148.10.201 - - [25/Sep/2026:15:11:46 -0700] "POST /wp-json/Batch/v1 HTTP/1.1" 404 - "https://livewant.com/wp-admin/" "Mozilla/5.0 (Windows NT 10.0; Win64; x64) AppleWebKit/537.36 (KHTML, like Gecko) Chrome/120.0.0.0 Safari/537.36"
45.148.10.201 - - [25/Sep/2026:15:11:46 -0700] "POST //wp-json/batch/v1 HTTP/1.1" 404 - "https://livewant.com/wp-admin/" "Mozilla/5.0 (Windows NT 10.0; Win64; x64) AppleWebKit/537.36 (KHTML, like Gecko) Chrome/120.0.0.0 Safari/537.36"
45.148.10.201 - - [25/Sep/2026:15:11:46 -0700] "POST /wp-json/batch/v1/ HTTP/1.1" 404 - "https://livewant.com/wp-admin/" "Mozilla/5.0 (Windows NT 10.0; Win64; x64) AppleWebKit/537.36 (KHTML, like Gecko) Chrome/120.0.0.0 Safari/537.36"
45.148.10.201 - - [25/Sep/2026:15:11:47 -0700] "POST /blog/wp-json/batch/v1 HTTP/1.1" 404 - "https://livewant.com/wp-admin/" "Mozilla/5.0 (Windows NT 10.0; Win64; x64) AppleWebKit/537.36 (KHTML, like Gecko) Chrome/120.0.0.0 Safari/537.36"
45.148.10.201 - - [25/Sep/2026:15:11:47 -0700] "POST /wordpress/wp-json/batch/v1 HTTP/1.1" 404 - "https://livewant.com/wp-admin/" "Mozilla/5.0 (Windows NT 10.0; Win64; x64) AppleWebKit/537.36 (KHTML, like Gecko) Chrome/120.0.0.0 Safari/537.36"
45.148.10.201 - - [25/Sep/2026:15:11:47 -0700] "POST /index.php?rest_route=/batch/v1 HTTP/1.1" 404 16 "https://livewant.com/wp-admin/" "Mozilla/5.0 (Windows NT 10.0; Win64; x64) AppleWebKit/537.36 (KHTML, like Gecko) Chrome/120.0.0.0 Safari/537.36"
45.148.10.201 - - [25/Sep/2026:15:11:53 -0700] "POST /index.php?rest_route=%2Fbatch%2Fv1 HTTP/1.1" 404 16 "https://livewant.com/wp-admin/" "Mozilla/5.0 (Windows NT 10.0; Win64; x64) AppleWebKit/537.36 (KHTML, like Gecko) Chrome/120.0.0.0 Safari/537.36"
45.148.10.201 - - [25/Sep/2026:15:11:53 -0700] "POST /?rest_route=%2Fbatch%2Fv1 HTTP/1.1" 404 - "https://livewant.com/wp-admin/" "Mozilla/5.0 (Windows NT 10.0; Win64; x64) AppleWebKit/537.36 (KHTML, like Gecko) Chrome/120.0.0.0 Safari/537.36"
45.148.10.201 - - [25/Sep/2026:15:11:54 -0700] "POST /?rest_route=/batch%2Fv1 HTTP/1.1" 404 - "https://livewant.com/wp-admin/" "Mozilla/5.0 (Windows NT 10.0; Win64; x64) AppleWebKit/537.36 (KHTML, like Gecko) Chrome/120.0.0.0 Safari/537.36"
45.148.10.201 - - [25/Sep/2026:15:11:54 -0700] "POST /?rest_route=/batch/v1 HTTP/1.1" 404 - "https://livewant.com/wp-admin/" "Mozilla/5.0 (Windows NT 10.0; Win64; x64) AppleWebKit/537.36 (KHTML, like Gecko) Chrome/120.0.0.0 Safari/537.36"
45.148.10.201 - - [25/Sep/2026:15:11:55 -0700] "POST /wp-json/batch/v1 HTTP/1.1" 404 - "https://livewant.com/wp-admin/" "Mozilla/5.0 (Windows NT 10.0; Win64; x64) AppleWebKit/537.36 (KHTML, like Gecko) Chrome/120.0.0.0 Safari/537.36"
45.148.10.201 - - [25/Sep/2026:15:11:58 -0700] "POST /wp-json/Batch/v1 HTTP/1.1" 404 - "https://livewant.com/wp-admin/" "Mozilla/5.0 (Windows NT 10.0; Win64; x64) AppleWebKit/537.36 (KHTML, like Gecko) Chrome/120.0.0.0 Safari/537.36"
45.148.10.201 - - [25/Sep/2026:15:11:58 -0700] "POST //wp-json/batch/v1 HTTP/1.1" 404 - "https://livewant.com/wp-admin/" "Mozilla/5.0 (Windows NT 10.0; Win64; x64) AppleWebKit/537.36 (KHTML, like Gecko) Chrome/120.0.0.0 Safari/537.36"
45.148.10.201 - - [25/Sep/2026:15:11:58 -0700] "POST /wp-json/batch/v1/ HTTP/1.1" 404 - "https://livewant.com/wp-admin/" "Mozilla/5.0 (Windows NT 10.0; Win64; x64) AppleWebKit/537.36 (KHTML, like Gecko) Chrome/120.0.0.0 Safari/537.36"
45.148.10.201 - - [25/Sep/2026:15:11:58 -0700] "POST /blog/wp-json/batch/v1 HTTP/1.1" 404 - "https://livewant.com/wp-admin/" "Mozilla/5.0 (Windows NT 10.0; Win64; x64) AppleWebKit/537.36 (KHTML, like Gecko) Chrome/120.0.0.0 Safari/537.36"
45.148.10.201 - - [25/Sep/2026:15:11:59 -0700] "POST /wordpress/wp-json/batch/v1 HTTP/1.1" 404 - "https://livewant.com/wp-admin/" "Mozilla/5.0 (Windows NT 10.0; Win64; x64) AppleWebKit/537.36 (KHTML, like Gecko) Chrome/120.0.0.0 Safari/537.36"
45.148.10.201 - - [25/Sep/2026:15:11:59 -0700] "POST /index.php?rest_route=/batch/v1 HTTP/1.1" 404 16 "https://livewant.com/wp-admin/" "WordPress/6.4.3"
45.148.10.201 - - [25/Sep/2026:15:11:59 -0700] "POST /index.php?rest_route=%2Fbatch%2Fv1 HTTP/1.1" 404 16 "https://livewant.com/wp-admin/" "WordPress/6.4.3"
45.148.10.201 - - [25/Sep/2026:15:11:59 -0700] "POST /?rest_route=%2Fbatch%2Fv1 HTTP/1.1" 404 - "https://livewant.com/wp-admin/" "WordPress/6.4.3"
45.148.10.201 - - [25/Sep/2026:15:12:02 -0700] "GET /wp-json/gravitysmtp/v1/tests/mock-data?page=gravitysmtp-settings HTTP/1.1" 404 - "-" "Mozilla/5.0 (Windows NT 10.0; Win64; x64) AppleWebKit/537.36 (KHTML, like Gecko) Chrome/120.0.0.0 Safari/537.36"
45.148.10.201 - - [25/Sep/2026:15:12:02 -0700] "GET /?rest_route=/gravitysmtp/v1/tests/mock-data&page=gravitysmtp-settings HTTP/1.1" 200 5998 "-" "Mozilla/5.0 (Macintosh; Intel Mac OS X 10_15_7) AppleWebKit/605.1.15 (KHTML, like Gecko) Version/17.0 Safari/605.1.15"
45.148.10.201 - - [25/Sep/2026:15:12:02 -0700] "GET / HTTP/1.1" 200 5998 "-" "Mozilla/5.0 (Windows NT 10.0; Win64; x64) AppleWebKit/537.36 (KHTML, like Gecko) Chrome/120.0.0.0 Safari/537.36"
45.148.10.201 - - [25/Sep/2026:15:12:02 -0700] "GET /wp-json/gravitysmtp/v1/tests/mock-data?page=gravitysmtp-connections HTTP/1.1" 404 - "-" "Mozilla/5.0 (X11; Linux x86_64; rv:121.0) Gecko/20100101 Firefox/121.0"
45.148.10.201 - - [25/Sep/2026:15:12:02 -0700] "GET /?rest_route=/gravitysmtp/v1/tests/mock-data&page=gravitysmtp-connections HTTP/1.1" 200 5998 "-" "Mozilla/5.0 (Windows NT 10.0; Win64; x64; rv:121.0) Gecko/20100101 Firefox/121.0"
45.148.10.201 - - [25/Sep/2026:15:12:02 -0700] "GET /index.php?rest_route=/gravitysmtp/v1/tests/mock-data&page=gravitysmtp-settings HTTP/1.1" 404 16 "-" "Mozilla/5.0 (iPhone; CPU iPhone OS 17_0 like Mac OS X) AppleWebKit/605.1.15 (KHTML, like Gecko) Version/17.0 Mobile/15E148 Safari/604.1"
45.148.10.201 - - [25/Sep/2026:15:12:02 -0700] "GET /wp-json/gravitysmtp/v1/tests/mock-data HTTP/1.1" 404 - "-" "Mozilla/5.0 (Linux; Android 13; SM-S918B) AppleWebKit/537.36 (KHTML, like Gecko) Chrome/120.0.0.0 Mobile Safari/537.36"
45.148.10.201 - - [25/Sep/2026:15:12:03 -0700] "GET /rest/settings HTTP/1.1" 404 - "-" "Mozilla/5.0"
45.148.10.201 - - [25/Sep/2026:15:12:03 -0700] "GET /magento_version HTTP/1.1" 404 - "-" "Mozilla/5.0 (Windows NT 10.0; Win64; x64) AppleWebKit/537.36 (KHTML, like Gecko) Chrome/120.0.0.0 Safari/537.36"
45.148.10.201 - - [25/Sep/2026:15:12:03 -0700] "GET / HTTP/1.1" 200 5998 "-" "Mozilla/5.0 (Windows NT 10.0; Win64; x64) AppleWebKit/537.36 (KHTML, like Gecko) Chrome/131.0.0.0 Safari/537.36"
45.148.10.201 - - [25/Sep/2026:15:12:03 -0700] "GET /@vite/client HTTP/1.1" 404 - "-" "Mozilla/5.0 (Windows NT 10.0; Win64; x64) AppleWebKit/537.36"
45.148.10.201 - - [25/Sep/2026:15:12:03 -0700] "GET /livewire/update HTTP/1.1" 404 - "-" "Mozilla/5.0"
45.148.10.201 - - [25/Sep/2026:15:12:03 -0700] "GET / HTTP/1.1" 200 5998 "-" "Mozilla/5.0 (Windows NT 10.0; Win64; x64) AppleWebKit/537.36"
45.148.10.201 - - [25/Sep/2026:15:12:08 -0700] "GET / HTTP/1.1" 200 5998 "-" "Mozilla/5.0"
