35.199.124.21 - - [25/Sep/2026:18:43:21 -0700] "POST /v1/graphql HTTP/1.1" 404 - "https://livewant.com" "Mozilla/5.0 (Windows NT 10.0; Win64; x64) AppleWebKit/537.36 (KHTML, like Gecko) Chrome/152.0.0.0 Safari/537.36"
35.199.124.21 - - [25/Sep/2026:18:43:21 -0700] "GET /config/firebase-admin.json HTTP/1.1" 404 - "-" "Mozilla/5.0 (compatible; DeepSeekBot/1.0; +https://www.deepseek.com/)"
35.199.124.21 - - [25/Sep/2026:18:43:21 -0700] "GET /config/gcp-credentials.json HTTP/1.1" 404 - "-" "Mozilla/5.0 (compatible; Amazonbot/0.1; +https://developer.amazon.com/support/amazonbot)"
35.199.124.21 - - [25/Sep/2026:18:43:21 -0700] "GET /firebase-admin.json HTTP/1.1" 404 - "-" "Mozilla/5.0 AppleWebKit/537.36 (KHTML, like Gecko; compatible; Claude-SearchBot/1.0; +claudebot@anthropic.com)"
35.199.124.21 - - [25/Sep/2026:18:43:21 -0700] "GET /gcp-key.json HTTP/1.1" 404 - "-" "Mozilla/5.0 AppleWebKit/537.36 (KHTML, like Gecko; compatible; PerplexityBot/1.0; +https://perplexity.ai/perplexitybot)"
35.199.124.21 - - [25/Sep/2026:18:43:21 -0700] "GET /firebase.json HTTP/1.1" 404 - "-" "Mozilla/5.0 (Macintosh; Intel Mac OS X 10_15_7) AppleWebKit/537.36 (KHTML, like Gecko) Chrome/131.0.0.0 Safari/537.36; compatible; OAI-SearchBot/1.4; +https://openai.com/searchbot"
35.199.124.21 - - [25/Sep/2026:18:43:21 -0700] "GET /admin.php HTTP/1.1" 200 35524 "-" "Mozilla/5.0 (Windows NT 10.0; Win64; x64) AppleWebKit/537.36 (KHTML, like Gecko) Chrome/152.0.0.0 Safari/537.36"
216.73.217.2 - - [25/Sep/2026:18:43:21 -0700] "GET /app/Http/Controllers/Backend/CategoryController.php HTTP/1.1" 500 - "-" "Mozilla/5.0 AppleWebKit/537.36 (KHTML, like Gecko; compatible; ClaudeBot/1.0; +claudebot@anthropic.com)"
35.199.124.21 - - [25/Sep/2026:18:43:21 -0700] "GET /gcp-service.json HTTP/1.1" 404 - "-" "Mozilla/5.0 (compatible; PanguBot/1.0; +https://www.huaweicloud.com/)"
35.199.124.21 - - [25/Sep/2026:18:43:21 -0700] "GET /gc-service.json HTTP/1.1" 404 - "-" "Mozilla/5.0 (Macintosh; Intel Mac OS X 10_15_7) AppleWebKit/537.36 (KHTML, like Gecko) Chrome/131.0.0.0 Safari/537.36; compatible; OAI-SearchBot/1.4; +https://openai.com/searchbot"
35.199.124.21 - - [25/Sep/2026:18:43:21 -0700] "GET /public/admin.json HTTP/1.1" 200 86595 "-" "Mozilla/5.0 (compatible; xAI-Grok/1.0; +https://x.ai/)"
35.199.124.21 - - [25/Sep/2026:18:43:22 -0700] "GET /.env HTTP/1.1" 200 1107 "-" "Mozilla/5.0 (Macintosh; Intel Mac OS X 10_15_7) AppleWebKit/605.1.15 (KHTML, like Gecko) Version/17.0 Safari/605.1.15 (Applebot/0.1)"
35.199.124.21 - - [25/Sep/2026:18:43:22 -0700] "GET /.env.local HTTP/1.1" 404 - "-" "Mozilla/5.0 (compatible; MoonshotBot/1.0; +https://kimi.ai/)"
35.199.124.21 - - [25/Sep/2026:18:43:22 -0700] "GET /.env.save HTTP/1.1" 404 - "-" "Mozilla/5.0 (compatible; Bravebot/1.0; +https://brave.com/search/)"
35.199.124.21 - - [25/Sep/2026:18:43:22 -0700] "GET /.env.old HTTP/1.1" 404 - "-" "Mozilla/5.0 (compatible; Googlebot/2.1; +http://www.google.com/bot.html)"
35.199.124.21 - - [25/Sep/2026:18:43:23 -0700] "GET /config/.env HTTP/1.1" 404 - "-" "Mozilla/5.0 (compatible; MoonshotBot/1.0; +https://kimi.ai/)"
35.199.124.21 - - [25/Sep/2026:18:43:23 -0700] "GET /src/.env HTTP/1.1" 404 - "-" "Mozilla/5.0 (compatible; Google-Extended; +http://www.google.com/bot.html)"
35.199.124.21 - - [25/Sep/2026:18:43:23 -0700] "GET /app/.env HTTP/1.1" 404 - "-" "Mozilla/5.0 (compatible; xAI-Grok/1.0; +https://x.ai/)"
178.151.245.162 - - [25/Sep/2026:18:43:23 -0700] "GET /lang/vi/pagination.php HTTP/1.1" 200 - "-" "Mozilla/5.0 (compatible; MJ12bot/v1.4.8; http://mj12bot.com/)"
35.199.124.21 - - [25/Sep/2026:18:43:23 -0700] "GET /frontend/.env HTTP/1.1" 404 - "-" "Mozilla/5.0 (compatible; Baiduspider/2.0; +http://www.baidu.com/search/spider.html)"
35.199.124.21 - - [25/Sep/2026:18:43:23 -0700] "GET /core/.env HTTP/1.1" 404 - "-" "Mozilla/5.0 AppleWebKit/537.36 (KHTML, like Gecko); compatible; GPTBot/1.4; +https://openai.com/gptbot"
35.199.124.21 - - [25/Sep/2026:18:43:23 -0700] "GET /.aws/credentials HTTP/1.1" 404 - "-" "Mozilla/5.0 (compatible; Qwenbot/1.0; +https://qwen.alibaba.com/)"
35.199.124.21 - - [25/Sep/2026:18:43:24 -0700] "GET /.git/config HTTP/1.1" 404 - "-" "Mozilla/5.0 (compatible; Qwenbot/1.0; +https://qwen.alibaba.com/)"
35.199.124.21 - - [25/Sep/2026:18:43:24 -0700] "GET /.git-credentials HTTP/1.1" 404 - "-" "Mozilla/5.0 (Macintosh; Intel Mac OS X 10_15_7) AppleWebKit/537.36 (KHTML, like Gecko) Chrome/131.0.0.0 Safari/537.36; compatible; OAI-SearchBot/1.4; +https://openai.com/searchbot"
35.199.124.21 - - [25/Sep/2026:18:43:24 -0700] "GET /secrets.yml HTTP/1.1" 404 - "-" "Mozilla/5.0 (compatible; GrokBot/1.0; +https://x.ai/)"
35.199.124.21 - - [25/Sep/2026:18:43:24 -0700] "GET /secrets.env HTTP/1.1" 404 - "-" "Mozilla/5.0 AppleWebKit/537.36 (KHTML, like Gecko); compatible; ChatGPT-User/1.0; +https://openai.com/bot"
35.199.124.21 - - [25/Sep/2026:18:43:24 -0700] "GET /credentials.json HTTP/1.1" 404 - "-" "Mozilla/5.0 (compatible; Baiduspider/2.0; +http://www.baidu.com/search/spider.html)"
178.151.245.162 - - [25/Sep/2026:18:43:24 -0700] "GET /lang/vi/validation.php HTTP/1.1" 200 - "-" "Mozilla/5.0 (compatible; MJ12bot/v1.4.8; http://mj12bot.com/)"
35.199.124.21 - - [25/Sep/2026:18:43:25 -0700] "GET /Dockerfile HTTP/1.1" 404 - "-" "Mozilla/5.0 (compatible; Google-Extended; +http://www.google.com/bot.html)"
35.199.124.21 - - [25/Sep/2026:18:43:25 -0700] "GET /serverless.yml HTTP/1.1" 404 - "-" "Mozilla/5.0 (compatible; Baiduspider/2.0; +http://www.baidu.com/search/spider.html)"
35.199.124.21 - - [25/Sep/2026:18:43:25 -0700] "GET /.npmrc HTTP/1.1" 404 - "-" "Mozilla/5.0 (compatible; Googlebot/2.1; +http://www.google.com/bot.html)"
35.199.124.21 - - [25/Sep/2026:18:43:25 -0700] "GET /docker-compose.yaml HTTP/1.1" 404 - "-" "Mozilla/5.0 AppleWebKit/537.36 (KHTML, like Gecko; compatible; PerplexityBot/1.0; +https://perplexity.ai/perplexitybot)"
35.199.124.21 - - [25/Sep/2026:18:43:25 -0700] "GET /.ssh/id_rsa HTTP/1.1" 404 - "-" "Mozilla/5.0 AppleWebKit/537.36 (KHTML, like Gecko; compatible; Perplexity-User/1.0; +https://perplexity.ai/perplexitybot)"
35.199.124.21 - - [25/Sep/2026:18:43:26 -0700] "GET /docker-compose.yml HTTP/1.1" 404 - "-" "Mozilla/5.0 (compatible; MistralAI-User/1.0; +https://mistral.ai/)"
35.199.124.21 - - [25/Sep/2026:18:43:26 -0700] "GET /server.key HTTP/1.1" 404 - "-" "Mozilla/5.0 AppleWebKit/537.36 (KHTML, like Gecko; compatible; Perplexity-User/1.0; +https://perplexity.ai/perplexitybot)"
35.199.124.21 - - [25/Sep/2026:18:43:26 -0700] "GET /.bashrc HTTP/1.1" 404 - "-" "Mozilla/5.0 (compatible; Google-Extended; +http://www.google.com/bot.html)"
178.151.245.162 - - [25/Sep/2026:18:43:26 -0700] "GET /resources/views/?C=D;O=A HTTP/1.1" 200 2801 "-" "Mozilla/5.0 (compatible; MJ12bot/v1.4.8; http://mj12bot.com/)"
35.199.124.21 - - [25/Sep/2026:18:43:26 -0700] "GET /wp-config.php.bak HTTP/1.1" 404 - "-" "Mozilla/5.0 AppleWebKit/537.36 (KHTML, like Gecko; compatible; ClaudeBot/1.0; +claudebot@anthropic.com)"
35.199.124.21 - - [25/Sep/2026:18:43:27 -0700] "GET /config/.env.php HTTP/1.1" 404 16 "-" "Mozilla/5.0 AppleWebKit/537.36 (KHTML, like Gecko); compatible; GPTBot/1.4; +https://openai.com/gptbot"
35.199.124.21 - - [25/Sep/2026:18:43:27 -0700] "GET /.env.php.bak HTTP/1.1" 404 - "-" "Mozilla/5.0 (compatible; MoonshotBot/1.0; +https://kimi.ai/)"
35.199.124.21 - - [25/Sep/2026:18:43:27 -0700] "GET /.env.swp HTTP/1.1" 404 - "-" "Mozilla/5.0 (compatible; MistralAI-User/1.0; +https://mistral.ai/)"
35.199.124.21 - - [25/Sep/2026:18:43:27 -0700] "GET /wp-config.php~ HTTP/1.1" 404 - "-" "Mozilla/5.0 AppleWebKit/537.36 (KHTML, like Gecko); compatible; ChatGPT-User/1.0; +https://openai.com/bot"
35.199.124.21 - - [25/Sep/2026:18:43:27 -0700] "GET /_debugbar/open HTTP/1.1" 404 - "-" "Mozilla/5.0 (compatible; Google-Extended; +http://www.google.com/bot.html)"
35.199.124.21 - - [25/Sep/2026:18:43:27 -0700] "GET /application.yml HTTP/1.1" 404 - "-" "Mozilla/5.0 (compatible; Kimi-SearchBot/1.0; +https://kimi.ai/)"
216.73.217.2 - - [25/Sep/2026:18:43:27 -0700] "GET /vendor/bin/phpunit HTTP/1.1" 200 3565 "-" "Mozilla/5.0 AppleWebKit/537.36 (KHTML, like Gecko; compatible; ClaudeBot/1.0; +claudebot@anthropic.com)"
178.151.245.162 - - [25/Sep/2026:18:43:28 -0700] "GET /resources/views/?C=M;O=A HTTP/1.1" 200 2801 "-" "Mozilla/5.0 (compatible; MJ12bot/v1.4.8; http://mj12bot.com/)"
35.199.124.21 - - [25/Sep/2026:18:43:28 -0700] "GET /config/application.properties HTTP/1.1" 404 - "-" "Mozilla/5.0 (compatible; MoonshotBot/1.0; +https://kimi.ai/)"
35.199.124.21 - - [25/Sep/2026:18:43:28 -0700] "GET /application.properties HTTP/1.1" 404 - "-" "DuckAssistBot/1.1 (https://duckduckgo.com/duckassistbot)"
35.199.124.21 - - [25/Sep/2026:18:43:28 -0700] "GET /bootstrap.properties HTTP/1.1" 404 - "-" "Mozilla/5.0 (Macintosh; Intel Mac OS X 10_15_7) AppleWebKit/605.1.15 (KHTML, like Gecko) Version/17.0 Safari/605.1.15 (Applebot/0.1)"
35.199.124.21 - - [25/Sep/2026:18:43:28 -0700] "GET /actuator/threaddump HTTP/1.1" 404 - "-" "Mozilla/5.0 AppleWebKit/537.36 (KHTML, like Gecko); compatible; ChatGPT-User/1.0; +https://openai.com/bot"
35.199.124.21 - - [25/Sep/2026:18:43:28 -0700] "GET /actuator/gateway/routes HTTP/1.1" 404 - "-" "Mozilla/5.0 (Macintosh; Intel Mac OS X 10_15_7) AppleWebKit/605.1.15 (KHTML, like Gecko) Version/17.0 Safari/605.1.15 (Applebot/0.1)"
35.199.124.21 - - [25/Sep/2026:18:43:29 -0700] "GET /gradle.properties HTTP/1.1" 404 - "-" "Mozilla/5.0 (compatible; Amazonbot/0.1; +https://developer.amazon.com/support/amazonbot)"
35.199.124.21 - - [25/Sep/2026:18:43:29 -0700] "GET /appsettings.Development.json HTTP/1.1" 404 - "-" "Mozilla/5.0 (compatible; Amazonbot/0.1; +https://developer.amazon.com/support/amazonbot)"
35.199.124.21 - - [25/Sep/2026:18:43:29 -0700] "GET /config/storage.yml HTTP/1.1" 404 - "-" "Mozilla/5.0 (compatible; Kimi-SearchBot/1.0; +https://kimi.ai/)"
35.199.124.21 - - [25/Sep/2026:18:43:30 -0700] "GET /app/settings.py HTTP/1.1" 404 - "-" "Mozilla/5.0 (compatible; Google-Extended; +http://www.google.com/bot.html)"
35.199.124.21 - - [25/Sep/2026:18:43:30 -0700] "GET /.streamlit/secrets.toml HTTP/1.1" 404 - "-" "Mozilla/5.0 (compatible; GrokBot/1.0; +https://x.ai/)"
178.151.245.162 - - [25/Sep/2026:18:43:30 -0700] "GET /resources/views/?C=N;O=D HTTP/1.1" 200 2801 "-" "Mozilla/5.0 (compatible; MJ12bot/v1.4.8; http://mj12bot.com/)"
35.199.124.21 - - [25/Sep/2026:18:43:30 -0700] "GET /console HTTP/1.1" 404 - "-" "CCBot/2.0 (https://commoncrawl.org/faq/)"
35.199.124.21 - - [25/Sep/2026:18:43:30 -0700] "GET /backend/settings.py HTTP/1.1" 404 - "-" "Mozilla/5.0 (compatible; Bravebot/1.0; +https://brave.com/search/)"
35.199.124.21 - - [25/Sep/2026:18:43:30 -0700] "GET /.env.staging HTTP/1.1" 404 - "-" "Mozilla/5.0 (compatible; YouBot/1.0; +https://you.com/bot)"
35.199.124.21 - - [25/Sep/2026:18:43:30 -0700] "GET /dev/.env HTTP/1.1" 404 - "-" "Mozilla/5.0 (Macintosh; Intel Mac OS X 10_15_7) AppleWebKit/537.36 (KHTML, like Gecko) Chrome/131.0.0.0 Safari/537.36; compatible; OAI-SearchBot/1.4; +https://openai.com/searchbot"
35.199.124.21 - - [25/Sep/2026:18:43:31 -0700] "GET /site/.env HTTP/1.1" 404 - "-" "Mozilla/5.0 AppleWebKit/537.36 (KHTML, like Gecko; compatible; Claude-User/1.0; +claudebot@anthropic.com)"
35.199.124.21 - - [25/Sep/2026:18:43:31 -0700] "GET /v1/.env HTTP/1.1" 404 - "-" "Mozilla/5.0 AppleWebKit/537.36 (KHTML, like Gecko; compatible; PerplexityBot/1.0; +https://perplexity.ai/perplexitybot)"
35.199.124.21 - - [25/Sep/2026:18:43:31 -0700] "GET /portal/.env HTTP/1.1" 404 - "-" "Mozilla/5.0 (Macintosh; Intel Mac OS X 10_15_7) AppleWebKit/537.36 (KHTML, like Gecko) Chrome/131.0.0.0 Safari/537.36; compatible; OAI-SearchBot/1.4; +https://openai.com/searchbot"
35.199.124.21 - - [25/Sep/2026:18:43:31 -0700] "GET /.docker/.env HTTP/1.1" 404 - "-" "Mozilla/5.0 (compatible; MistralAI-User/1.0; +https://mistral.ai/)"
35.199.124.21 - - [25/Sep/2026:18:43:31 -0700] "GET /.env.docker HTTP/1.1" 404 - "-" "Mozilla/5.0 (compatible; DeepSeekBot/1.0; +https://www.deepseek.com/)"
178.151.245.162 - - [25/Sep/2026:18:43:31 -0700] "GET /resources/views/?C=S;O=A HTTP/1.1" 200 2801 "-" "Mozilla/5.0 (compatible; MJ12bot/v1.4.8; http://mj12bot.com/)"
35.199.124.21 - - [25/Sep/2026:18:43:31 -0700] "GET /.env.production.bak HTTP/1.1" 404 - "-" "Mozilla/5.0 (compatible; PanguBot/1.0; +https://www.huaweicloud.com/)"
35.199.124.21 - - [25/Sep/2026:18:43:32 -0700] "GET /dashboard/_payload.json HTTP/1.1" 404 - "-" "Mozilla/5.0 (compatible; GrokBot/1.0; +https://x.ai/)"
35.199.124.21 - - [25/Sep/2026:18:43:32 -0700] "GET /_image?href=/../../../.env HTTP/1.1" 404 - "-" "CCBot/2.0 (https://commoncrawl.org/faq/)"
35.199.124.21 - - [25/Sep/2026:18:43:32 -0700] "GET /api/uploads/%2e%2e%2f%2e%2e%2f.env HTTP/1.1" 404 - "-" "Mozilla/5.0 (compatible; Kimi-SearchBot/1.0; +https://kimi.ai/)"
216.73.217.2 - - [25/Sep/2026:18:43:32 -0700] "GET /app/Models/Tenant.php HTTP/1.1" 500 - "-" "Mozilla/5.0 AppleWebKit/537.36 (KHTML, like Gecko; compatible; ClaudeBot/1.0; +claudebot@anthropic.com)"
35.199.124.21 - - [25/Sep/2026:18:43:33 -0700] "POST /dashboard HTTP/1.1" 404 - "-" "Mozilla/5.0 (compatible; Qwenbot/1.0; +https://qwen.alibaba.com/)"
178.151.245.162 - - [25/Sep/2026:18:43:33 -0700] "GET /resources/views/api.blade.php HTTP/1.1" 200 1425 "-" "Mozilla/5.0 (compatible; MJ12bot/v1.4.8; http://mj12bot.com/)"
35.199.124.21 - - [25/Sep/2026:18:43:33 -0700] "POST /admin HTTP/1.1" 404 - "-" "Mozilla/5.0 AppleWebKit/537.36 (KHTML, like Gecko); compatible; GPTBot/1.4; +https://openai.com/gptbot"
35.199.124.21 - - [25/Sep/2026:18:43:33 -0700] "POST /api/auth HTTP/1.1" 404 - "-" "Mozilla/5.0 (compatible; Hunyuan/1.0; +https://hunyuan.tencent.com/)"
35.199.124.21 - - [25/Sep/2026:18:43:34 -0700] "POST /lib/terminal-xhr.php HTTP/1.1" 404 - "-" "Mozilla/5.0 AppleWebKit/537.36 (KHTML, like Gecko); compatible; GPTBot/1.4; +https://openai.com/gptbot"
178.151.245.162 - - [25/Sep/2026:18:43:34 -0700] "GET /routes/?C=S;O=D HTTP/1.1" 200 1874 "-" "Mozilla/5.0 (compatible; MJ12bot/v1.4.8; http://mj12bot.com/)"
35.199.124.21 - - [25/Sep/2026:18:43:35 -0700] "POST /icecoder/lib/terminal-xhr.php HTTP/1.1" 404 - "-" "Mozilla/5.0 (compatible; GrokBot/1.0; +https://x.ai/)"
35.199.124.21 - - [25/Sep/2026:18:43:35 -0700] "POST /functionRouter HTTP/1.1" 404 - "-" "Mozilla/5.0 (compatible; Googlebot/2.1; +http://www.google.com/bot.html)"
35.199.124.21 - - [25/Sep/2026:18:43:36 -0700] "POST /api/functionRouter HTTP/1.1" 404 - "-" "Mozilla/5.0 (Macintosh; Intel Mac OS X 10_15_7) AppleWebKit/605.1.15 (KHTML, like Gecko) Version/17.0 Safari/605.1.15 (Applebot/0.1)"
178.151.245.162 - - [25/Sep/2026:18:43:36 -0700] "GET /vendor/dflydev/?C=M;O=A HTTP/1.1" 200 844 "-" "Mozilla/5.0 (compatible; MJ12bot/v1.4.8; http://mj12bot.com/)"
35.199.124.21 - - [25/Sep/2026:18:43:36 -0700] "DELETE /api/inngest HTTP/1.1" 404 - "-" "Mozilla/5.0 (compatible; ChatGLM-Spider/1.0; +https://zhipuai.cn/)"
35.199.124.21 - - [25/Sep/2026:18:43:37 -0700] "DELETE /inngest HTTP/1.1" 404 - "-" "Mozilla/5.0 (compatible; Google-Extended; +http://www.google.com/bot.html)"
35.199.124.21 - - [25/Sep/2026:18:43:37 -0700] "DELETE /api/events HTTP/1.1" 404 - "-" "Mozilla/5.0 (compatible; ChatGLM-Spider/1.0; +https://zhipuai.cn/)"
216.73.217.2 - - [25/Sep/2026:18:43:37 -0700] "GET /app/Providers/AuthServiceProvider.php HTTP/1.1" 500 - "-" "Mozilla/5.0 AppleWebKit/537.36 (KHTML, like Gecko; compatible; ClaudeBot/1.0; +claudebot@anthropic.com)"
35.199.124.21 - - [25/Sep/2026:18:43:37 -0700] "POST /read-document HTTP/1.1" 404 - "-" "Mozilla/5.0 (compatible; xAI-Grok/1.0; +https://x.ai/)"
178.151.245.162 - - [25/Sep/2026:18:43:38 -0700] "GET /vendor/dflydev/?C=N;O=D HTTP/1.1" 200 844 "-" "Mozilla/5.0 (compatible; MJ12bot/v1.4.8; http://mj12bot.com/)"
35.199.124.21 - - [25/Sep/2026:18:43:38 -0700] "POST /read-document HTTP/1.1" 404 - "-" "Mozilla/5.0 (compatible; GrokBot/1.0; +https://x.ai/)"
35.199.124.21 - - [25/Sep/2026:18:43:38 -0700] "POST /feast/read-document HTTP/1.1" 404 - "-" "Mozilla/5.0 (compatible; Hunyuan/1.0; +https://hunyuan.tencent.com/)"
35.199.124.21 - - [25/Sep/2026:18:43:39 -0700] "POST /feast/read-document HTTP/1.1" 404 - "-" "Mozilla/5.0 (compatible; PanguBot/1.0; +https://www.huaweicloud.com/)"
35.199.124.21 - - [25/Sep/2026:18:43:39 -0700] "POST /api/v1/validate/code HTTP/1.1" 404 - "-" "Mozilla/5.0 (Macintosh; Intel Mac OS X 10_15_7) AppleWebKit/537.36 (KHTML, like Gecko) Chrome/131.0.0.0 Safari/537.36; compatible; OAI-SearchBot/1.4; +https://openai.com/searchbot"
178.151.245.162 - - [25/Sep/2026:18:43:39 -0700] "GET /vendor/dflydev/?C=S;O=A HTTP/1.1" 200 844 "-" "Mozilla/5.0 (compatible; MJ12bot/v1.4.8; http://mj12bot.com/)"
35.199.124.21 - - [25/Sep/2026:18:43:40 -0700] "POST /langflow/api/v1/validate/code HTTP/1.1" 404 - "-" "CCBot/2.0 (https://commoncrawl.org/faq/)"
35.199.124.21 - - [25/Sep/2026:18:43:40 -0700] "POST /api/v1/build_public_tmp/00000000-0000-0000-0000-000000000000/flow HTTP/1.1" 404 - "-" "Mozilla/5.0 (Macintosh; Intel Mac OS X 10_15_7) AppleWebKit/537.36 (KHTML, like Gecko) Chrome/131.0.0.0 Safari/537.36; compatible; OAI-SearchBot/1.4; +https://openai.com/searchbot"
35.199.124.21 - - [25/Sep/2026:18:43:41 -0700] "POST /api/fs/exec HTTP/1.1" 404 - "-" "Mozilla/5.0 (compatible; GrokBot/1.0; +https://x.ai/)"
35.199.124.21 - - [25/Sep/2026:18:43:41 -0700] "POST /api/designer/v1/file-content HTTP/1.1" 404 - "-" "Mozilla/5.0 (Macintosh; Intel Mac OS X 10_15_7) AppleWebKit/537.36 (KHTML, like Gecko) Chrome/131.0.0.0 Safari/537.36; compatible; OAI-SearchBot/1.4; +https://openai.com/searchbot"
178.151.245.162 - - [25/Sep/2026:18:43:41 -0700] "GET /vendor/doctrine/?C=D;O=A HTTP/1.1" 200 1195 "-" "Mozilla/5.0 (compatible; MJ12bot/v1.4.8; http://mj12bot.com/)"
35.199.124.21 - - [25/Sep/2026:18:43:41 -0700] "POST /api/designer/v1/file-content HTTP/1.1" 404 - "-" "Mozilla/5.0 (compatible; ChatGLM-Spider/1.0; +https://zhipuai.cn/)"
35.199.124.21 - - [25/Sep/2026:18:43:42 -0700] "POST /api/templates/preview HTTP/1.1" 404 - "-" "Mozilla/5.0 (compatible; Bravebot/1.0; +https://brave.com/search/)"
35.199.124.21 - - [25/Sep/2026:18:43:42 -0700] "POST /api/templates/preview HTTP/1.1" 404 - "-" "Mozilla/5.0 AppleWebKit/537.36 (KHTML, like Gecko); compatible; ChatGPT-User/1.0; +https://openai.com/bot"
216.73.217.2 - - [25/Sep/2026:18:43:42 -0700] "GET /app/Models/BlogReview.php HTTP/1.1" 500 - "-" "Mozilla/5.0 AppleWebKit/537.36 (KHTML, like Gecko; compatible; ClaudeBot/1.0; +claudebot@anthropic.com)"
35.199.124.21 - - [25/Sep/2026:18:43:43 -0700] "POST /index.php?%ADd+allow_url_include%3d1+%ADd+auto_prepend_file%3dphp://input HTTP/1.1" 404 16 "-" "Mozilla/5.0 (compatible; MoonshotBot/1.0; +https://kimi.ai/)"
178.151.245.162 - - [25/Sep/2026:18:43:43 -0700] "GET /vendor/doctrine/?C=M;O=A HTTP/1.1" 200 1195 "-" "Mozilla/5.0 (compatible; MJ12bot/v1.4.8; http://mj12bot.com/)"
35.199.124.21 - - [25/Sep/2026:18:43:43 -0700] "POST /php-cgi/php-cgi.exe?%ADd+allow_url_include%3d1+%ADd+auto_prepend_file%3dphp://input HTTP/1.1" 404 - "-" "Mozilla/5.0 (compatible; Bravebot/1.0; +https://brave.com/search/)"
35.199.124.21 - - [25/Sep/2026:18:43:44 -0700] "POST /cgi-bin/php-cgi.exe?%ADd+allow_url_include%3d1+%ADd+auto_prepend_file%3dphp://input HTTP/1.1" 404 - "-" "Mozilla/5.0 (compatible; KimiBot/1.0; +https://kimi.ai/)"
216.73.217.2 - - [25/Sep/2026:18:43:44 -0700] "GET /app/Http/Controllers/Customer/CustomerController.php HTTP/1.1" 500 - "-" "Mozilla/5.0 AppleWebKit/537.36 (KHTML, like Gecko; compatible; ClaudeBot/1.0; +claudebot@anthropic.com)"
178.151.245.162 - - [25/Sep/2026:18:43:45 -0700] "GET /vendor/doctrine/?C=N;O=D HTTP/1.1" 200 1195 "-" "Mozilla/5.0 (compatible; MJ12bot/v1.4.8; http://mj12bot.com/)"
35.199.124.21 - - [25/Sep/2026:18:43:45 -0700] "POST /cgi-bin/php?%ADd+allow_url_include%3d1+%ADd+auto_prepend_file%3dphp://input HTTP/1.1" 404 - "-" "Mozilla/5.0 AppleWebKit/537.36 (KHTML, like Gecko; compatible; PerplexityBot/1.0; +https://perplexity.ai/perplexitybot)"
35.199.124.21 - - [25/Sep/2026:18:43:45 -0700] "POST /api/v1/node-load-method/customMCP HTTP/1.1" 404 - "-" "Mozilla/5.0 (Macintosh; Intel Mac OS X 10_15_7) AppleWebKit/605.1.15 (KHTML, like Gecko) Version/17.0 Safari/605.1.15 (Applebot/0.1)"
35.199.124.21 - - [25/Sep/2026:18:43:46 -0700] "POST /flowise/api/v1/node-load-method/customMCP HTTP/1.1" 404 - "-" "Mozilla/5.0 (compatible; Kimi-SearchBot/1.0; +https://kimi.ai/)"
35.199.124.21 - - [25/Sep/2026:18:43:46 -0700] "POST /exec-py HTTP/1.1" 404 - "-" "Mozilla/5.0 (compatible; Baiduspider/2.0; +http://www.baidu.com/search/spider.html)"
178.151.245.162 - - [25/Sep/2026:18:43:46 -0700] "GET /vendor/doctrine/?C=S;O=A HTTP/1.1" 200 1195 "-" "Mozilla/5.0 (compatible; MJ12bot/v1.4.8; http://mj12bot.com/)"
216.73.217.2 - - [25/Sep/2026:18:43:48 -0700] "GET /app/Providers/RouteServiceProvider.php HTTP/1.1" 500 - "-" "Mozilla/5.0 AppleWebKit/537.36 (KHTML, like Gecko; compatible; ClaudeBot/1.0; +claudebot@anthropic.com)"
178.151.245.162 - - [25/Sep/2026:18:43:48 -0700] "GET /vendor/jason-guru/?C=N;O=D HTTP/1.1" 200 861 "-" "Mozilla/5.0 (compatible; MJ12bot/v1.4.8; http://mj12bot.com/)"
168.119.123.75 - - [25/Sep/2026:18:43:48 -0700] "HEAD / HTTP/1.1" 200 - "https://www.livewant.com" "Mozilla/5.0+(compatible; UptimeRobot/2.0; http://www.uptimerobot.com/)"
178.151.245.162 - - [25/Sep/2026:18:43:50 -0700] "GET /vendor/jason-guru/?C=S;O=A HTTP/1.1" 200 861 "-" "Mozilla/5.0 (compatible; MJ12bot/v1.4.8; http://mj12bot.com/)"
178.151.245.162 - - [25/Sep/2026:18:43:51 -0700] "GET /vendor/laravel/?C=M;O=A HTTP/1.1" 200 1895 "-" "Mozilla/5.0 (compatible; MJ12bot/v1.4.8; http://mj12bot.com/)"
216.73.217.2 - - [25/Sep/2026:18:43:52 -0700] "GET /vendor/phpoption/ HTTP/1.1" 200 842 "-" "Mozilla/5.0 AppleWebKit/537.36 (KHTML, like Gecko; compatible; ClaudeBot/1.0; +claudebot@anthropic.com)"
178.151.245.162 - - [25/Sep/2026:18:43:53 -0700] "GET /vendor/laravel/?C=N;O=D HTTP/1.1" 200 1895 "-" "Mozilla/5.0 (compatible; MJ12bot/v1.4.8; http://mj12bot.com/)"
178.151.245.162 - - [25/Sep/2026:18:43:55 -0700] "GET /vendor/laravel/?C=S;O=A HTTP/1.1" 200 1895 "-" "Mozilla/5.0 (compatible; MJ12bot/v1.4.8; http://mj12bot.com/)"
178.151.245.162 - - [25/Sep/2026:18:43:56 -0700] "GET /vendor/league/?C=D;O=A HTTP/1.1" 200 1750 "-" "Mozilla/5.0 (compatible; MJ12bot/v1.4.8; http://mj12bot.com/)"
216.73.217.2 - - [25/Sep/2026:18:43:57 -0700] "GET /app/Mail/ResetPassword.php HTTP/1.1" 500 - "-" "Mozilla/5.0 AppleWebKit/537.36 (KHTML, like Gecko; compatible; ClaudeBot/1.0; +claudebot@anthropic.com)"
178.151.245.162 - - [25/Sep/2026:18:43:58 -0700] "GET /vendor/league/?C=M;O=A HTTP/1.1" 200 1750 "-" "Mozilla/5.0 (compatible; MJ12bot/v1.4.8; http://mj12bot.com/)"
178.151.245.162 - - [25/Sep/2026:18:44:00 -0700] "GET /vendor/league/?C=N;O=D HTTP/1.1" 200 1750 "-" "Mozilla/5.0 (compatible; MJ12bot/v1.4.8; http://mj12bot.com/)"
178.151.245.162 - - [25/Sep/2026:18:44:01 -0700] "GET /vendor/league/?C=S;O=A HTTP/1.1" 200 1750 "-" "Mozilla/5.0 (compatible; MJ12bot/v1.4.8; http://mj12bot.com/)"
216.73.217.2 - - [25/Sep/2026:18:44:02 -0700] "GET /docker/7.4/ HTTP/1.1" 200 1197 "-" "Mozilla/5.0 AppleWebKit/537.36 (KHTML, like Gecko; compatible; ClaudeBot/1.0; +claudebot@anthropic.com)"
178.151.245.162 - - [25/Sep/2026:18:44:03 -0700] "GET /vendor/masterminds/?C=D;O=A HTTP/1.1" 200 842 "-" "Mozilla/5.0 (compatible; MJ12bot/v1.4.8; http://mj12bot.com/)"
178.151.245.162 - - [25/Sep/2026:18:44:05 -0700] "GET /vendor/masterminds/?C=M;O=A HTTP/1.1" 200 842 "-" "Mozilla/5.0 (compatible; MJ12bot/v1.4.8; http://mj12bot.com/)"
178.151.245.162 - - [25/Sep/2026:18:44:06 -0700] "GET /vendor/masterminds/?C=N;O=D HTTP/1.1" 200 842 "-" "Mozilla/5.0 (compatible; MJ12bot/v1.4.8; http://mj12bot.com/)"
216.73.217.2 - - [25/Sep/2026:18:44:07 -0700] "GET /routes/web.php HTTP/1.1" 500 - "-" "Mozilla/5.0 AppleWebKit/537.36 (KHTML, like Gecko; compatible; ClaudeBot/1.0; +claudebot@anthropic.com)"
178.151.245.162 - - [25/Sep/2026:18:44:08 -0700] "GET /vendor/masterminds/?C=S;O=A HTTP/1.1" 200 842 "-" "Mozilla/5.0 (compatible; MJ12bot/v1.4.8; http://mj12bot.com/)"
178.151.245.162 - - [25/Sep/2026:18:44:10 -0700] "GET /vendor/maximebf/?C=D;O=A HTTP/1.1" 200 839 "-" "Mozilla/5.0 (compatible; MJ12bot/v1.4.8; http://mj12bot.com/)"
178.151.245.162 - - [25/Sep/2026:18:44:11 -0700] "GET /vendor/maximebf/?C=M;O=A HTTP/1.1" 200 839 "-" "Mozilla/5.0 (compatible; MJ12bot/v1.4.8; http://mj12bot.com/)"
216.73.217.2 - - [25/Sep/2026:18:44:12 -0700] "GET /app/Http/Resources/DashboardTransactionCollection.php HTTP/1.1" 500 - "-" "Mozilla/5.0 AppleWebKit/537.36 (KHTML, like Gecko; compatible; ClaudeBot/1.0; +claudebot@anthropic.com)"
178.151.245.162 - - [25/Sep/2026:18:44:13 -0700] "GET /vendor/maximebf/?C=N;O=D HTTP/1.1" 200 839 "-" "Mozilla/5.0 (compatible; MJ12bot/v1.4.8; http://mj12bot.com/)"
78.46.215.1 - - [25/Sep/2026:18:44:14 -0700] "HEAD / HTTP/1.1" 200 - "https://www.livewant.com" "Mozilla/5.0+(compatible; UptimeRobot/2.0; http://www.uptimerobot.com/)"
178.151.245.162 - - [25/Sep/2026:18:44:15 -0700] "GET /vendor/maximebf/?C=S;O=A HTTP/1.1" 200 839 "-" "Mozilla/5.0 (compatible; MJ12bot/v1.4.8; http://mj12bot.com/)"
178.151.245.162 - - [25/Sep/2026:18:44:16 -0700] "GET /vendor/mockery/?C=D;O=A HTTP/1.1" 200 836 "-" "Mozilla/5.0 (compatible; MJ12bot/v1.4.8; http://mj12bot.com/)"
216.73.217.2 - - [25/Sep/2026:18:44:17 -0700] "GET /app/Http/Requests/Role/ HTTP/1.1" 200 1064 "-" "Mozilla/5.0 AppleWebKit/537.36 (KHTML, like Gecko; compatible; ClaudeBot/1.0; +claudebot@anthropic.com)"
178.151.245.162 - - [25/Sep/2026:18:44:18 -0700] "GET /vendor/mockery/?C=M;O=A HTTP/1.1" 200 836 "-" "Mozilla/5.0 (compatible; MJ12bot/v1.4.8; http://mj12bot.com/)"
178.151.245.162 - - [25/Sep/2026:18:44:20 -0700] "GET /vendor/mockery/?C=N;O=D HTTP/1.1" 200 836 "-" "Mozilla/5.0 (compatible; MJ12bot/v1.4.8; http://mj12bot.com/)"
178.151.245.162 - - [25/Sep/2026:18:44:21 -0700] "GET /vendor/mockery/?C=S;O=A HTTP/1.1" 200 836 "-" "Mozilla/5.0 (compatible; MJ12bot/v1.4.8; http://mj12bot.com/)"
216.73.217.2 - - [25/Sep/2026:18:44:22 -0700] "GET /app/Models/Category.php HTTP/1.1" 500 - "-" "Mozilla/5.0 AppleWebKit/537.36 (KHTML, like Gecko; compatible; ClaudeBot/1.0; +claudebot@anthropic.com)"
178.151.245.162 - - [25/Sep/2026:18:44:23 -0700] "GET /vendor/monolog/?C=D;O=A HTTP/1.1" 200 836 "-" "Mozilla/5.0 (compatible; MJ12bot/v1.4.8; http://mj12bot.com/)"
178.151.245.162 - - [25/Sep/2026:18:44:25 -0700] "GET /vendor/monolog/?C=M;O=A HTTP/1.1" 200 836 "-" "Mozilla/5.0 (compatible; MJ12bot/v1.4.8; http://mj12bot.com/)"
178.151.245.162 - - [25/Sep/2026:18:44:26 -0700] "GET /vendor/monolog/?C=N;O=D HTTP/1.1" 200 836 "-" "Mozilla/5.0 (compatible; MJ12bot/v1.4.8; http://mj12bot.com/)"
216.73.217.2 - - [25/Sep/2026:18:44:27 -0700] "GET /app/Models/DuePayment.php HTTP/1.1" 500 - "-" "Mozilla/5.0 AppleWebKit/537.36 (KHTML, like Gecko; compatible; ClaudeBot/1.0; +claudebot@anthropic.com)"
178.151.245.162 - - [25/Sep/2026:18:44:28 -0700] "GET /vendor/monolog/?C=S;O=A HTTP/1.1" 200 836 "-" "Mozilla/5.0 (compatible; MJ12bot/v1.4.8; http://mj12bot.com/)"
178.151.245.162 - - [25/Sep/2026:18:44:30 -0700] "GET /vendor/mtdowling/?C=D;O=A HTTP/1.1" 200 845 "-" "Mozilla/5.0 (compatible; MJ12bot/v1.4.8; http://mj12bot.com/)"
178.151.245.162 - - [25/Sep/2026:18:44:31 -0700] "GET /vendor/mtdowling/?C=M;O=A HTTP/1.1" 200 845 "-" "Mozilla/5.0 (compatible; MJ12bot/v1.4.8; http://mj12bot.com/)"
216.73.217.2 - - [25/Sep/2026:18:44:33 -0700] "GET /app/Http/Middleware/TrustHosts.php HTTP/1.1" 500 - "-" "Mozilla/5.0 AppleWebKit/537.36 (KHTML, like Gecko; compatible; ClaudeBot/1.0; +claudebot@anthropic.com)"
178.151.245.162 - - [25/Sep/2026:18:44:33 -0700] "GET /vendor/mtdowling/?C=N;O=D HTTP/1.1" 200 845 "-" "Mozilla/5.0 (compatible; MJ12bot/v1.4.8; http://mj12bot.com/)"
178.151.245.162 - - [25/Sep/2026:18:44:35 -0700] "GET /vendor/mtdowling/?C=S;O=A HTTP/1.1" 200 845 "-" "Mozilla/5.0 (compatible; MJ12bot/v1.4.8; http://mj12bot.com/)"
178.151.245.162 - - [25/Sep/2026:18:44:36 -0700] "GET /vendor/myclabs/?C=D;O=A HTTP/1.1" 200 838 "-" "Mozilla/5.0 (compatible; MJ12bot/v1.4.8; http://mj12bot.com/)"
216.73.217.2 - - [25/Sep/2026:18:44:37 -0700] "GET /app/Http/Resources/PropertyListResource.php HTTP/1.1" 500 - "-" "Mozilla/5.0 AppleWebKit/537.36 (KHTML, like Gecko; compatible; ClaudeBot/1.0; +claudebot@anthropic.com)"
178.151.245.162 - - [25/Sep/2026:18:44:38 -0700] "GET /vendor/myclabs/?C=M;O=A HTTP/1.1" 200 838 "-" "Mozilla/5.0 (compatible; MJ12bot/v1.4.8; http://mj12bot.com/)"
178.151.245.162 - - [25/Sep/2026:18:44:40 -0700] "GET /vendor/myclabs/?C=N;O=D HTTP/1.1" 200 838 "-" "Mozilla/5.0 (compatible; MJ12bot/v1.4.8; http://mj12bot.com/)"
178.151.245.162 - - [25/Sep/2026:18:44:41 -0700] "GET /vendor/myclabs/?C=S;O=A HTTP/1.1" 200 838 "-" "Mozilla/5.0 (compatible; MJ12bot/v1.4.8; http://mj12bot.com/)"
216.73.217.2 - - [25/Sep/2026:18:44:42 -0700] "GET /app/Models/Locations/Country.php HTTP/1.1" 500 - "-" "Mozilla/5.0 AppleWebKit/537.36 (KHTML, like Gecko; compatible; ClaudeBot/1.0; +claudebot@anthropic.com)"
178.151.245.162 - - [25/Sep/2026:18:44:43 -0700] "GET /vendor/nesbot/?C=D;O=A HTTP/1.1" 200 833 "-" "Mozilla/5.0 (compatible; MJ12bot/v1.4.8; http://mj12bot.com/)"
216.73.217.2 - - [25/Sep/2026:18:44:45 -0700] "GET /app/Http/Requests/Property/ HTTP/1.1" 200 1086 "-" "Mozilla/5.0 AppleWebKit/537.36 (KHTML, like Gecko; compatible; ClaudeBot/1.0; +claudebot@anthropic.com)"
178.151.245.162 - - [25/Sep/2026:18:44:45 -0700] "GET /vendor/nesbot/?C=M;O=A HTTP/1.1" 200 833 "-" "Mozilla/5.0 (compatible; MJ12bot/v1.4.8; http://mj12bot.com/)"
178.151.245.162 - - [25/Sep/2026:18:44:46 -0700] "GET /vendor/nesbot/?C=N;O=D HTTP/1.1" 200 833 "-" "Mozilla/5.0 (compatible; MJ12bot/v1.4.8; http://mj12bot.com/)"
178.151.245.162 - - [25/Sep/2026:18:44:48 -0700] "GET /vendor/nesbot/?C=S;O=A HTTP/1.1" 200 833 "-" "Mozilla/5.0 (compatible; MJ12bot/v1.4.8; http://mj12bot.com/)"
216.73.217.2 - - [25/Sep/2026:18:44:49 -0700] "GET /vendor/phpunit/php-code-coverage/composer.json HTTP/1.1" 200 2001 "-" "Mozilla/5.0 AppleWebKit/537.36 (KHTML, like Gecko; compatible; ClaudeBot/1.0; +claudebot@anthropic.com)"
178.151.245.162 - - [25/Sep/2026:18:44:50 -0700] "GET /vendor/nette/?C=D;O=A HTTP/1.1" 200 1005 "-" "Mozilla/5.0 (compatible; MJ12bot/v1.4.8; http://mj12bot.com/)"
178.151.245.162 - - [25/Sep/2026:18:44:51 -0700] "GET /vendor/nette/?C=M;O=A HTTP/1.1" 200 1005 "-" "Mozilla/5.0 (compatible; MJ12bot/v1.4.8; http://mj12bot.com/)"
178.151.245.162 - - [25/Sep/2026:18:44:53 -0700] "GET /vendor/php-flasher/?C=M;O=A HTTP/1.1" 200 1028 "-" "Mozilla/5.0 (compatible; MJ12bot/v1.4.8; http://mj12bot.com/)"
216.73.217.2 - - [25/Sep/2026:18:44:54 -0700] "GET /app/Models/coreApp/ HTTP/1.1" 200 848 "-" "Mozilla/5.0 AppleWebKit/537.36 (KHTML, like Gecko; compatible; ClaudeBot/1.0; +claudebot@anthropic.com)"
178.151.245.162 - - [25/Sep/2026:18:44:55 -0700] "GET /vendor/php-flasher/?C=N;O=D HTTP/1.1" 200 1028 "-" "Mozilla/5.0 (compatible; MJ12bot/v1.4.8; http://mj12bot.com/)"
178.151.245.162 - - [25/Sep/2026:18:44:56 -0700] "GET /vendor/php-flasher/?C=S;O=A HTTP/1.1" 200 1028 "-" "Mozilla/5.0 (compatible; MJ12bot/v1.4.8; http://mj12bot.com/)"
178.151.245.162 - - [25/Sep/2026:18:44:58 -0700] "GET /vendor/phpoption/?C=D;O=A HTTP/1.1" 200 842 "-" "Mozilla/5.0 (compatible; MJ12bot/v1.4.8; http://mj12bot.com/)"
216.73.217.2 - - [25/Sep/2026:18:44:59 -0700] "GET /app/Enums/DealType.php HTTP/1.1" 200 - "-" "Mozilla/5.0 AppleWebKit/537.36 (KHTML, like Gecko; compatible; ClaudeBot/1.0; +claudebot@anthropic.com)"
178.151.245.162 - - [25/Sep/2026:18:45:00 -0700] "GET /vendor/phpoption/?C=M;O=A HTTP/1.1" 200 842 "-" "Mozilla/5.0 (compatible; MJ12bot/v1.4.8; http://mj12bot.com/)"
178.151.245.162 - - [25/Sep/2026:18:45:01 -0700] "GET /vendor/phpoption/?C=N;O=D HTTP/1.1" 200 842 "-" "Mozilla/5.0 (compatible; MJ12bot/v1.4.8; http://mj12bot.com/)"
178.151.245.162 - - [25/Sep/2026:18:45:03 -0700] "GET /vendor/phpoption/?C=S;O=A HTTP/1.1" 200 842 "-" "Mozilla/5.0 (compatible; MJ12bot/v1.4.8; http://mj12bot.com/)"
178.151.245.162 - - [25/Sep/2026:18:45:05 -0700] "GET /vendor/ralouphie/?C=D;O=A HTTP/1.1" 200 846 "-" "Mozilla/5.0 (compatible; MJ12bot/v1.4.8; http://mj12bot.com/)"
216.73.217.2 - - [25/Sep/2026:18:45:06 -0700] "GET /Modules/Nestkeeper/module.json HTTP/1.1" 200 268 "-" "Mozilla/5.0 AppleWebKit/537.36 (KHTML, like Gecko; compatible; ClaudeBot/1.0; +claudebot@anthropic.com)"
178.151.245.162 - - [25/Sep/2026:18:45:06 -0700] "GET /vendor/ralouphie/?C=M;O=A HTTP/1.1" 200 846 "-" "Mozilla/5.0 (compatible; MJ12bot/v1.4.8; http://mj12bot.com/)"
178.151.245.162 - - [25/Sep/2026:18:45:08 -0700] "GET /vendor/ralouphie/?C=N;O=D HTTP/1.1" 200 846 "-" "Mozilla/5.0 (compatible; MJ12bot/v1.4.8; http://mj12bot.com/)"
178.151.245.162 - - [25/Sep/2026:18:45:10 -0700] "GET /vendor/ralouphie/?C=S;O=A HTTP/1.1" 200 846 "-" "Mozilla/5.0 (compatible; MJ12bot/v1.4.8; http://mj12bot.com/)"
216.73.217.2 - - [25/Sep/2026:18:45:10 -0700] "GET /vendor/bin/jp.php HTTP/1.1" 500 - "-" "Mozilla/5.0 AppleWebKit/537.36 (KHTML, like Gecko; compatible; ClaudeBot/1.0; +claudebot@anthropic.com)"
178.151.245.162 - - [25/Sep/2026:18:45:11 -0700] "GET /vendor/ramsey/?C=D;O=A HTTP/1.1" 200 1010 "-" "Mozilla/5.0 (compatible; MJ12bot/v1.4.8; http://mj12bot.com/)"
178.151.245.162 - - [25/Sep/2026:18:45:13 -0700] "GET /vendor/ramsey/?C=M;O=A HTTP/1.1" 200 1010 "-" "Mozilla/5.0 (compatible; MJ12bot/v1.4.8; http://mj12bot.com/)"
178.151.245.162 - - [25/Sep/2026:18:45:15 -0700] "GET /vendor/ramsey/?C=N;O=D HTTP/1.1" 200 1010 "-" "Mozilla/5.0 (compatible; MJ12bot/v1.4.8; http://mj12bot.com/)"
216.73.217.2 - - [25/Sep/2026:18:45:16 -0700] "GET /vendor/phpunit/php-text-template/src/ HTTP/1.1" 200 1089 "-" "Mozilla/5.0 AppleWebKit/537.36 (KHTML, like Gecko; compatible; ClaudeBot/1.0; +claudebot@anthropic.com)"
178.151.245.162 - - [25/Sep/2026:18:45:16 -0700] "GET /vendor/ramsey/?C=S;O=A HTTP/1.1" 200 1010 "-" "Mozilla/5.0 (compatible; MJ12bot/v1.4.8; http://mj12bot.com/)"
178.151.245.162 - - [25/Sep/2026:18:45:18 -0700] "GET /vendor/sabberworm/?C=D;O=A HTTP/1.1" 200 849 "-" "Mozilla/5.0 (compatible; MJ12bot/v1.4.8; http://mj12bot.com/)"
178.151.245.162 - - [25/Sep/2026:18:45:20 -0700] "GET /vendor/sabberworm/?C=M;O=A HTTP/1.1" 200 849 "-" "Mozilla/5.0 (compatible; MJ12bot/v1.4.8; http://mj12bot.com/)"
216.73.217.2 - - [25/Sep/2026:18:45:21 -0700] "GET /app/Http/Controllers/Backend/Api/ HTTP/1.1" 200 718 "-" "Mozilla/5.0 AppleWebKit/537.36 (KHTML, like Gecko; compatible; ClaudeBot/1.0; +claudebot@anthropic.com)"
178.151.245.162 - - [25/Sep/2026:18:45:21 -0700] "GET /vendor/sabberworm/?C=N;O=D HTTP/1.1" 200 849 "-" "Mozilla/5.0 (compatible; MJ12bot/v1.4.8; http://mj12bot.com/)"
178.151.245.162 - - [25/Sep/2026:18:45:23 -0700] "GET /vendor/sabberworm/?C=S;O=A HTTP/1.1" 200 849 "-" "Mozilla/5.0 (compatible; MJ12bot/v1.4.8; http://mj12bot.com/)"
178.151.245.162 - - [25/Sep/2026:18:45:25 -0700] "GET /vendor/spatie/?C=D;O=A HTTP/1.1" 200 1761 "-" "Mozilla/5.0 (compatible; MJ12bot/v1.4.8; http://mj12bot.com/)"
216.73.217.2 - - [25/Sep/2026:18:45:26 -0700] "GET /Modules/Nestkeeper/Http/ HTTP/1.1" 200 1404 "-" "Mozilla/5.0 AppleWebKit/537.36 (KHTML, like Gecko; compatible; ClaudeBot/1.0; +claudebot@anthropic.com)"
178.151.245.162 - - [25/Sep/2026:18:45:26 -0700] "GET /vendor/spatie/?C=M;O=A HTTP/1.1" 200 1761 "-" "Mozilla/5.0 (compatible; MJ12bot/v1.4.8; http://mj12bot.com/)"
178.151.245.162 - - [25/Sep/2026:18:45:28 -0700] "GET /vendor/spatie/?C=N;O=D HTTP/1.1" 200 1761 "-" "Mozilla/5.0 (compatible; MJ12bot/v1.4.8; http://mj12bot.com/)"
178.151.245.162 - - [25/Sep/2026:18:45:30 -0700] "GET /vendor/spatie/?C=S;O=A HTTP/1.1" 200 1761 "-" "Mozilla/5.0 (compatible; MJ12bot/v1.4.8; http://mj12bot.com/)"
216.73.217.2 - - [25/Sep/2026:18:45:31 -0700] "GET /app/Repositories/Installer/ HTTP/1.1" 200 1069 "-" "Mozilla/5.0 AppleWebKit/537.36 (KHTML, like Gecko; compatible; ClaudeBot/1.0; +claudebot@anthropic.com)"
178.151.245.162 - - [25/Sep/2026:18:45:31 -0700] "GET /vendor/theseer/?C=D;O=A HTTP/1.1" 200 838 "-" "Mozilla/5.0 (compatible; MJ12bot/v1.4.8; http://mj12bot.com/)"
178.151.245.162 - - [25/Sep/2026:18:45:33 -0700] "GET /vendor/theseer/?C=M;O=A HTTP/1.1" 200 838 "-" "Mozilla/5.0 (compatible; MJ12bot/v1.4.8; http://mj12bot.com/)"
178.151.245.162 - - [25/Sep/2026:18:45:35 -0700] "GET /vendor/theseer/?C=N;O=D HTTP/1.1" 200 838 "-" "Mozilla/5.0 (compatible; MJ12bot/v1.4.8; http://mj12bot.com/)"
216.73.217.2 - - [25/Sep/2026:18:45:36 -0700] "GET /app/Http/Controllers/Customer/?C=M&O=A HTTP/1.1" 200 894 "-" "Mozilla/5.0 AppleWebKit/537.36 (KHTML, like Gecko; compatible; ClaudeBot/1.0; +claudebot@anthropic.com)"
178.151.245.162 - - [25/Sep/2026:18:45:36 -0700] "GET /vendor/theseer/?C=S;O=A HTTP/1.1" 200 838 "-" "Mozilla/5.0 (compatible; MJ12bot/v1.4.8; http://mj12bot.com/)"
178.151.245.162 - - [25/Sep/2026:18:45:38 -0700] "GET /vendor/tijsverkoyen/?C=D;O=A HTTP/1.1" 200 859 "-" "Mozilla/5.0 (compatible; MJ12bot/v1.4.8; http://mj12bot.com/)"
178.151.245.162 - - [25/Sep/2026:18:45:39 -0700] "GET /vendor/tijsverkoyen/?C=M;O=A HTTP/1.1" 200 859 "-" "Mozilla/5.0 (compatible; MJ12bot/v1.4.8; http://mj12bot.com/)"
216.73.217.2 - - [25/Sep/2026:18:45:41 -0700] "GET /app/Http/Controllers/Customer/?C=D&O=A HTTP/1.1" 200 894 "-" "Mozilla/5.0 AppleWebKit/537.36 (KHTML, like Gecko; compatible; ClaudeBot/1.0; +claudebot@anthropic.com)"
178.151.245.162 - - [25/Sep/2026:18:45:41 -0700] "GET /vendor/tijsverkoyen/?C=N;O=D HTTP/1.1" 200 859 "-" "Mozilla/5.0 (compatible; MJ12bot/v1.4.8; http://mj12bot.com/)"
178.151.245.162 - - [25/Sep/2026:18:45:43 -0700] "GET /vendor/tijsverkoyen/?C=S;O=A HTTP/1.1" 200 859 "-" "Mozilla/5.0 (compatible; MJ12bot/v1.4.8; http://mj12bot.com/)"
178.151.245.162 - - [25/Sep/2026:18:45:44 -0700] "GET /vendor/vlucas/?C=D;O=A HTTP/1.1" 200 836 "-" "Mozilla/5.0 (compatible; MJ12bot/v1.4.8; http://mj12bot.com/)"
216.73.217.2 - - [25/Sep/2026:18:45:46 -0700] "GET /app/Http/Controllers/Customer/?C=S&O=A HTTP/1.1" 200 894 "-" "Mozilla/5.0 AppleWebKit/537.36 (KHTML, like Gecko; compatible; ClaudeBot/1.0; +claudebot@anthropic.com)"
178.151.245.162 - - [25/Sep/2026:18:45:46 -0700] "GET /vendor/vlucas/?C=M;O=A HTTP/1.1" 200 836 "-" "Mozilla/5.0 (compatible; MJ12bot/v1.4.8; http://mj12bot.com/)"
178.151.245.162 - - [25/Sep/2026:18:45:48 -0700] "GET /vendor/vlucas/?C=N;O=D HTTP/1.1" 200 836 "-" "Mozilla/5.0 (compatible; MJ12bot/v1.4.8; http://mj12bot.com/)"
216.73.217.2 - - [25/Sep/2026:18:45:49 -0700] "GET /vendor/phpunit/php-timer/?C=N&O=D HTTP/1.1" 200 1396 "-" "Mozilla/5.0 AppleWebKit/537.36 (KHTML, like Gecko; compatible; ClaudeBot/1.0; +claudebot@anthropic.com)"
178.151.245.162 - - [25/Sep/2026:18:45:49 -0700] "GET /vendor/vlucas/?C=S;O=A HTTP/1.1" 200 836 "-" "Mozilla/5.0 (compatible; MJ12bot/v1.4.8; http://mj12bot.com/)"
178.151.245.162 - - [25/Sep/2026:18:45:51 -0700] "GET /vendor/voku/?C=D;O=A HTTP/1.1" 200 837 "-" "Mozilla/5.0 (compatible; MJ12bot/v1.4.8; http://mj12bot.com/)"
178.151.245.162 - - [25/Sep/2026:18:45:53 -0700] "GET /vendor/voku/?C=M;O=A HTTP/1.1" 200 837 "-" "Mozilla/5.0 (compatible; MJ12bot/v1.4.8; http://mj12bot.com/)"
216.73.217.2 - - [25/Sep/2026:18:45:53 -0700] "GET /app/Http/Controllers/Backend/?C=M&O=A HTTP/1.1" 200 5290 "-" "Mozilla/5.0 AppleWebKit/537.36 (KHTML, like Gecko; compatible; ClaudeBot/1.0; +claudebot@anthropic.com)"
178.151.245.162 - - [25/Sep/2026:18:45:54 -0700] "GET /vendor/voku/?C=N;O=D HTTP/1.1" 200 837 "-" "Mozilla/5.0 (compatible; MJ12bot/v1.4.8; http://mj12bot.com/)"
178.151.245.162 - - [25/Sep/2026:18:45:56 -0700] "GET /vendor/voku/?C=S;O=A HTTP/1.1" 200 837 "-" "Mozilla/5.0 (compatible; MJ12bot/v1.4.8; http://mj12bot.com/)"
178.151.245.162 - - [25/Sep/2026:18:45:58 -0700] "GET /vendor/webmozart/?C=D;O=A HTTP/1.1" 200 839 "-" "Mozilla/5.0 (compatible; MJ12bot/v1.4.8; http://mj12bot.com/)"
216.73.217.2 - - [25/Sep/2026:18:45:58 -0700] "GET /vendor/phpunit/php-timer/?C=M&O=A HTTP/1.1" 200 1396 "-" "Mozilla/5.0 AppleWebKit/537.36 (KHTML, like Gecko; compatible; ClaudeBot/1.0; +claudebot@anthropic.com)"
178.151.245.162 - - [25/Sep/2026:18:45:59 -0700] "GET /vendor/webmozart/?C=M;O=A HTTP/1.1" 200 839 "-" "Mozilla/5.0 (compatible; MJ12bot/v1.4.8; http://mj12bot.com/)"
178.151.245.162 - - [25/Sep/2026:18:46:01 -0700] "GET /vendor/webmozart/?C=N;O=D HTTP/1.1" 200 839 "-" "Mozilla/5.0 (compatible; MJ12bot/v1.4.8; http://mj12bot.com/)"
178.151.245.162 - - [25/Sep/2026:18:46:02 -0700] "GET /vendor/webmozart/?C=S;O=A HTTP/1.1" 200 839 "-" "Mozilla/5.0 (compatible; MJ12bot/v1.4.8; http://mj12bot.com/)"
216.73.217.2 - - [25/Sep/2026:18:46:03 -0700] "GET /app/Http/Controllers/Backend/?C=D&O=A HTTP/1.1" 200 5290 "-" "Mozilla/5.0 AppleWebKit/537.36 (KHTML, like Gecko; compatible; ClaudeBot/1.0; +claudebot@anthropic.com)"
178.151.245.162 - - [25/Sep/2026:18:46:04 -0700] "GET /vendor/yoeunes/?C=D;O=A HTTP/1.1" 200 835 "-" "Mozilla/5.0 (compatible; MJ12bot/v1.4.8; http://mj12bot.com/)"
178.151.245.162 - - [25/Sep/2026:18:46:06 -0700] "GET /vendor/yoeunes/?C=M;O=A HTTP/1.1" 200 835 "-" "Mozilla/5.0 (compatible; MJ12bot/v1.4.8; http://mj12bot.com/)"
178.151.245.162 - - [25/Sep/2026:18:46:07 -0700] "GET /vendor/yoeunes/?C=N;O=D HTTP/1.1" 200 835 "-" "Mozilla/5.0 (compatible; MJ12bot/v1.4.8; http://mj12bot.com/)"
216.73.217.2 - - [25/Sep/2026:18:46:08 -0700] "GET /app/Http/Controllers/Frontend/?C=N&O=D HTTP/1.1" 200 1277 "-" "Mozilla/5.0 AppleWebKit/537.36 (KHTML, like Gecko; compatible; ClaudeBot/1.0; +claudebot@anthropic.com)"
216.73.217.2 - - [25/Sep/2026:18:46:13 -0700] "GET /vendor/phpunit/php-text-template/LICENSE HTTP/1.1" 200 1560 "-" "Mozilla/5.0 AppleWebKit/537.36 (KHTML, like Gecko; compatible; ClaudeBot/1.0; +claudebot@anthropic.com)"
216.73.217.2 - - [25/Sep/2026:18:46:18 -0700] "GET /vendor/phpunit/php-timer/?C=D&O=A HTTP/1.1" 200 1396 "-" "Mozilla/5.0 AppleWebKit/537.36 (KHTML, like Gecko; compatible; ClaudeBot/1.0; +claudebot@anthropic.com)"
216.73.217.2 - - [25/Sep/2026:18:46:24 -0700] "GET /app/Http/Controllers/Customer/?C=N&O=D HTTP/1.1" 200 894 "-" "Mozilla/5.0 AppleWebKit/537.36 (KHTML, like Gecko; compatible; ClaudeBot/1.0; +claudebot@anthropic.com)"
216.73.217.2 - - [25/Sep/2026:18:46:29 -0700] "GET /app/Http/Controllers/Customer/?C=M&O=A HTTP/1.1" 200 894 "-" "Mozilla/5.0 AppleWebKit/537.36 (KHTML, like Gecko; compatible; ClaudeBot/1.0; +claudebot@anthropic.com)"
216.73.217.2 - - [25/Sep/2026:18:46:33 -0700] "GET /storage/framework/views/7fa271ea9ccfb9298ff9fbe7310cea3ae97f841e.php HTTP/1.1" 500 - "-" "Mozilla/5.0 AppleWebKit/537.36 (KHTML, like Gecko; compatible; ClaudeBot/1.0; +claudebot@anthropic.com)"
122.192.32.68 - - [25/Sep/2026:18:46:37 -0700] "GET /index.php/profile/49/en HTTP/1.1" 404 16 "-" "Sogou web spider/4.0(+http://www.sogou.com/docs/help/webmasters.htm#07)"
216.73.217.2 - - [25/Sep/2026:18:46:37 -0700] "GET /storage/framework/views/a786d823be1b3a6dce58b9e97cceb488ac8ceffd.php HTTP/1.1" 500 - "-" "Mozilla/5.0 AppleWebKit/537.36 (KHTML, like Gecko; compatible; ClaudeBot/1.0; +claudebot@anthropic.com)"
216.73.217.2 - - [25/Sep/2026:18:46:42 -0700] "GET /storage/framework/views/6f1361b482fa0f6390adfc3b5e7b58dfdaa326f3.php HTTP/1.1" 500 - "-" "Mozilla/5.0 AppleWebKit/537.36 (KHTML, like Gecko; compatible; ClaudeBot/1.0; +claudebot@anthropic.com)"
216.73.217.2 - - [25/Sep/2026:18:46:44 -0700] "GET /storage/framework/views/c9a9f6e7bb91a8d5b9fd824c27216387abcdf34c.php HTTP/1.1" 500 - "-" "Mozilla/5.0 AppleWebKit/537.36 (KHTML, like Gecko; compatible; ClaudeBot/1.0; +claudebot@anthropic.com)"
216.73.217.2 - - [25/Sep/2026:18:46:49 -0700] "GET /storage/framework/views/8f9a7bb3b81f1eb925b198497263b4918e499a2b.php HTTP/1.1" 200 315 "-" "Mozilla/5.0 AppleWebKit/537.36 (KHTML, like Gecko; compatible; ClaudeBot/1.0; +claudebot@anthropic.com)"
216.73.217.2 - - [25/Sep/2026:18:46:54 -0700] "GET /storage/framework/views/9d8e7ee5f2f373e9543f937265b848d323d38796.php HTTP/1.1" 500 - "-" "Mozilla/5.0 AppleWebKit/537.36 (KHTML, like Gecko; compatible; ClaudeBot/1.0; +claudebot@anthropic.com)"
216.73.217.2 - - [25/Sep/2026:18:46:59 -0700] "GET /storage/framework/views/9d3699f31868e359fe1eace4ac8627729032271e.php HTTP/1.1" 200 79 "-" "Mozilla/5.0 AppleWebKit/537.36 (KHTML, like Gecko; compatible; ClaudeBot/1.0; +claudebot@anthropic.com)"
216.73.217.2 - - [25/Sep/2026:18:47:02 -0700] "GET /app/Interfaces/RentalInterface.php HTTP/1.1" 200 - "-" "Mozilla/5.0 AppleWebKit/537.36 (KHTML, like Gecko; compatible; ClaudeBot/1.0; +claudebot@anthropic.com)"
216.73.217.2 - - [25/Sep/2026:18:47:06 -0700] "GET /app/Http/Requests/BlogCategory/ HTTP/1.1" 200 1102 "-" "Mozilla/5.0 AppleWebKit/537.36 (KHTML, like Gecko; compatible; ClaudeBot/1.0; +claudebot@anthropic.com)"
216.73.217.2 - - [25/Sep/2026:18:47:10 -0700] "GET /storage/framework/views/401c5b9404a083c9322f413471c6241cb5109eec.php HTTP/1.1" 200 126 "-" "Mozilla/5.0 AppleWebKit/537.36 (KHTML, like Gecko; compatible; ClaudeBot/1.0; +claudebot@anthropic.com)"
216.73.217.2 - - [25/Sep/2026:18:47:15 -0700] "GET /storage/framework/views/38931ac701c8c6e136f44f677f551aab7be70908.php HTTP/1.1" 500 - "-" "Mozilla/5.0 AppleWebKit/537.36 (KHTML, like Gecko; compatible; ClaudeBot/1.0; +claudebot@anthropic.com)"
216.73.217.2 - - [25/Sep/2026:18:47:20 -0700] "GET /storage/framework/views/b50f83860ee0992603ff93adf1736369b9d910eb.php HTTP/1.1" 500 - "-" "Mozilla/5.0 AppleWebKit/537.36 (KHTML, like Gecko; compatible; ClaudeBot/1.0; +claudebot@anthropic.com)"
216.73.217.2 - - [25/Sep/2026:18:47:25 -0700] "GET /storage/framework/views/ed3e9523030b8e765d864b6a17478af9afcd3961.php HTTP/1.1" 500 - "-" "Mozilla/5.0 AppleWebKit/537.36 (KHTML, like Gecko; compatible; ClaudeBot/1.0; +claudebot@anthropic.com)"
216.73.217.2 - - [25/Sep/2026:18:47:30 -0700] "GET /storage/framework/views/19996cfc7469d4cbfec1854203c1d78e365d95f9.php HTTP/1.1" 200 95 "-" "Mozilla/5.0 AppleWebKit/537.36 (KHTML, like Gecko; compatible; ClaudeBot/1.0; +claudebot@anthropic.com)"
216.73.217.2 - - [25/Sep/2026:18:47:35 -0700] "GET /storage/framework/views/2c7a7e1af641b70df1f269b61274053b591a00b5.php HTTP/1.1" 200 203 "-" "Mozilla/5.0 AppleWebKit/537.36 (KHTML, like Gecko; compatible; ClaudeBot/1.0; +claudebot@anthropic.com)"
216.73.217.2 - - [25/Sep/2026:18:47:40 -0700] "GET /storage/framework/views/6834eeda21871066bc5227923126293f9bd60605.php HTTP/1.1" 500 - "-" "Mozilla/5.0 AppleWebKit/537.36 (KHTML, like Gecko; compatible; ClaudeBot/1.0; +claudebot@anthropic.com)"
216.73.217.2 - - [25/Sep/2026:18:47:45 -0700] "GET /storage/framework/views/0f58156213a560324418b0141a30e25888efc9dd.php HTTP/1.1" 200 64 "-" "Mozilla/5.0 AppleWebKit/537.36 (KHTML, like Gecko; compatible; ClaudeBot/1.0; +claudebot@anthropic.com)"
216.73.217.2 - - [25/Sep/2026:18:47:50 -0700] "GET /storage/framework/views/?C=N&O=D HTTP/1.1" 200 10579 "-" "Mozilla/5.0 AppleWebKit/537.36 (KHTML, like Gecko; compatible; ClaudeBot/1.0; +claudebot@anthropic.com)"
216.73.217.2 - - [25/Sep/2026:18:47:55 -0700] "GET /storage/framework/views/?C=M&O=A HTTP/1.1" 200 10579 "-" "Mozilla/5.0 AppleWebKit/537.36 (KHTML, like Gecko; compatible; ClaudeBot/1.0; +claudebot@anthropic.com)"
128.140.41.193 - - [25/Sep/2026:18:47:55 -0700] "HEAD / HTTP/1.1" 200 - "https://livewant.com" "Mozilla/5.0+(compatible; UptimeRobot/2.0; http://www.uptimerobot.com/)"
216.73.217.2 - - [25/Sep/2026:18:48:00 -0700] "GET /storage/framework/views/c6a6da7c01496f09970a667723049319440e1233.php HTTP/1.1" 500 - "-" "Mozilla/5.0 AppleWebKit/537.36 (KHTML, like Gecko; compatible; ClaudeBot/1.0; +claudebot@anthropic.com)"
216.73.217.2 - - [25/Sep/2026:18:48:05 -0700] "GET /vendor/nesbot/ HTTP/1.1" 200 833 "-" "Mozilla/5.0 AppleWebKit/537.36 (KHTML, like Gecko; compatible; ClaudeBot/1.0; +claudebot@anthropic.com)"
216.73.217.2 - - [25/Sep/2026:18:48:09 -0700] "GET /app/Models/Testimonial.php HTTP/1.1" 500 - "-" "Mozilla/5.0 AppleWebKit/537.36 (KHTML, like Gecko; compatible; ClaudeBot/1.0; +claudebot@anthropic.com)"
216.73.217.2 - - [25/Sep/2026:18:48:13 -0700] "GET /app/Models/City.php HTTP/1.1" 500 - "-" "Mozilla/5.0 AppleWebKit/537.36 (KHTML, like Gecko; compatible; ClaudeBot/1.0; +claudebot@anthropic.com)"
216.73.217.2 - - [25/Sep/2026:18:48:16 -0700] "GET /Modules/Nestkeeper/Console/ HTTP/1.1" 200 696 "-" "Mozilla/5.0 AppleWebKit/537.36 (KHTML, like Gecko; compatible; ClaudeBot/1.0; +claudebot@anthropic.com)"
216.73.217.2 - - [25/Sep/2026:18:48:21 -0700] "GET /vendor/guzzlehttp/ HTTP/1.1" 200 1372 "-" "Mozilla/5.0 AppleWebKit/537.36 (KHTML, like Gecko; compatible; ClaudeBot/1.0; +claudebot@anthropic.com)"
216.73.217.2 - - [25/Sep/2026:18:48:26 -0700] "GET /app/Models/HomePage.php HTTP/1.1" 500 - "-" "Mozilla/5.0 AppleWebKit/537.36 (KHTML, like Gecko; compatible; ClaudeBot/1.0; +claudebot@anthropic.com)"
216.73.217.2 - - [25/Sep/2026:18:48:31 -0700] "GET /routes/api.php HTTP/1.1" 500 - "-" "Mozilla/5.0 AppleWebKit/537.36 (KHTML, like Gecko; compatible; ClaudeBot/1.0; +claudebot@anthropic.com)"
216.73.217.2 - - [25/Sep/2026:18:48:36 -0700] "GET /app/Console/ HTTP/1.1" 200 829 "-" "Mozilla/5.0 AppleWebKit/537.36 (KHTML, like Gecko; compatible; ClaudeBot/1.0; +claudebot@anthropic.com)"
216.73.217.2 - - [25/Sep/2026:18:48:41 -0700] "GET /lang/vi/validation.php HTTP/1.1" 200 - "-" "Mozilla/5.0 AppleWebKit/537.36 (KHTML, like Gecko; compatible; ClaudeBot/1.0; +claudebot@anthropic.com)"
216.73.217.2 - - [25/Sep/2026:18:48:46 -0700] "GET /app/Models/EmergencyContact.php HTTP/1.1" 500 - "-" "Mozilla/5.0 AppleWebKit/537.36 (KHTML, like Gecko; compatible; ClaudeBot/1.0; +claudebot@anthropic.com)"
216.73.217.2 - - [25/Sep/2026:18:48:52 -0700] "GET /app/Helpers/common-helpers.php HTTP/1.1" 200 - "-" "Mozilla/5.0 AppleWebKit/537.36 (KHTML, like Gecko; compatible; ClaudeBot/1.0; +claudebot@anthropic.com)"
157.90.156.63 - - [25/Sep/2026:18:48:53 -0700] "HEAD / HTTP/1.1" 200 - "https://www.livewant.com" "Mozilla/5.0+(compatible; UptimeRobot/2.0; http://www.uptimerobot.com/)"
