147.135.214.103 - - [25/Sep/2026:19:59:30 -0700] "GET /vendor/phar-io/?C=D;O=A HTTP/1.1" 200 1013 "-" "Mozilla/5.0 (compatible; MJ12bot/v1.4.8; http://mj12bot.com/)"
147.135.214.103 - - [25/Sep/2026:19:59:32 -0700] "GET /vendor/phar-io/?C=M;O=A HTTP/1.1" 200 1013 "-" "Mozilla/5.0 (compatible; MJ12bot/v1.4.8; http://mj12bot.com/)"
147.135.214.103 - - [25/Sep/2026:19:59:33 -0700] "GET /vendor/phar-io/?C=N;O=D HTTP/1.1" 200 1013 "-" "Mozilla/5.0 (compatible; MJ12bot/v1.4.8; http://mj12bot.com/)"
147.135.214.103 - - [25/Sep/2026:19:59:35 -0700] "GET /vendor/phar-io/?C=S;O=A HTTP/1.1" 200 1013 "-" "Mozilla/5.0 (compatible; MJ12bot/v1.4.8; http://mj12bot.com/)"
147.135.214.103 - - [25/Sep/2026:19:59:36 -0700] "GET /vendor/phenx/?C=D;O=A HTTP/1.1" 200 1017 "-" "Mozilla/5.0 (compatible; MJ12bot/v1.4.8; http://mj12bot.com/)"
78.46.190.63 - - [25/Sep/2026:19:59:38 -0700] "HEAD / HTTP/1.1" 200 - "https://livewant.com" "Mozilla/5.0+(compatible; UptimeRobot/2.0; http://www.uptimerobot.com/)"
147.135.214.103 - - [25/Sep/2026:19:59:38 -0700] "GET /vendor/phenx/?C=M;O=A HTTP/1.1" 200 1017 "-" "Mozilla/5.0 (compatible; MJ12bot/v1.4.8; http://mj12bot.com/)"
147.135.214.103 - - [25/Sep/2026:19:59:40 -0700] "GET /vendor/phenx/?C=N;O=D HTTP/1.1" 200 1017 "-" "Mozilla/5.0 (compatible; MJ12bot/v1.4.8; http://mj12bot.com/)"
147.135.214.103 - - [25/Sep/2026:19:59:41 -0700] "GET /vendor/phenx/?C=S;O=A HTTP/1.1" 200 1017 "-" "Mozilla/5.0 (compatible; MJ12bot/v1.4.8; http://mj12bot.com/)"
147.135.214.103 - - [25/Sep/2026:19:59:43 -0700] "GET /vendor/php-flasher/?C=D;O=A HTTP/1.1" 200 1028 "-" "Mozilla/5.0 (compatible; MJ12bot/v1.4.8; http://mj12bot.com/)"
147.135.214.103 - - [25/Sep/2026:19:59:45 -0700] "GET /vendor/phpunit/?C=D;O=A HTTP/1.1" 200 1752 "-" "Mozilla/5.0 (compatible; MJ12bot/v1.4.8; http://mj12bot.com/)"
147.135.214.103 - - [25/Sep/2026:19:59:46 -0700] "GET /vendor/phpunit/?C=M;O=A HTTP/1.1" 200 1752 "-" "Mozilla/5.0 (compatible; MJ12bot/v1.4.8; http://mj12bot.com/)"
147.135.214.103 - - [25/Sep/2026:19:59:48 -0700] "GET /vendor/phpunit/?C=N;O=D HTTP/1.1" 200 1752 "-" "Mozilla/5.0 (compatible; MJ12bot/v1.4.8; http://mj12bot.com/)"
147.135.214.103 - - [25/Sep/2026:19:59:49 -0700] "GET /vendor/phpunit/?C=S;O=A HTTP/1.1" 200 1752 "-" "Mozilla/5.0 (compatible; MJ12bot/v1.4.8; http://mj12bot.com/)"
147.135.214.103 - - [25/Sep/2026:19:59:51 -0700] "GET /vendor/psr/?C=D;O=A HTTP/1.1" 200 1910 "-" "Mozilla/5.0 (compatible; MJ12bot/v1.4.8; http://mj12bot.com/)"
147.135.214.103 - - [25/Sep/2026:19:59:53 -0700] "GET /vendor/psr/?C=M;O=A HTTP/1.1" 200 1910 "-" "Mozilla/5.0 (compatible; MJ12bot/v1.4.8; http://mj12bot.com/)"
147.135.214.103 - - [25/Sep/2026:19:59:54 -0700] "GET /vendor/psr/?C=N;O=D HTTP/1.1" 200 1910 "-" "Mozilla/5.0 (compatible; MJ12bot/v1.4.8; http://mj12bot.com/)"
147.135.214.103 - - [25/Sep/2026:19:59:56 -0700] "GET /vendor/psr/?C=S;O=A HTTP/1.1" 200 1910 "-" "Mozilla/5.0 (compatible; MJ12bot/v1.4.8; http://mj12bot.com/)"
147.135.214.103 - - [25/Sep/2026:19:59:58 -0700] "GET /vendor/psy/?C=D;O=A HTTP/1.1" 200 826 "-" "Mozilla/5.0 (compatible; MJ12bot/v1.4.8; http://mj12bot.com/)"
147.135.214.103 - - [25/Sep/2026:19:59:59 -0700] "GET /vendor/psy/?C=M;O=A HTTP/1.1" 200 826 "-" "Mozilla/5.0 (compatible; MJ12bot/v1.4.8; http://mj12bot.com/)"
147.135.214.103 - - [25/Sep/2026:20:00:01 -0700] "GET /vendor/psy/?C=N;O=D HTTP/1.1" 200 826 "-" "Mozilla/5.0 (compatible; MJ12bot/v1.4.8; http://mj12bot.com/)"
147.135.214.103 - - [25/Sep/2026:20:00:03 -0700] "GET /vendor/psy/?C=S;O=A HTTP/1.1" 200 826 "-" "Mozilla/5.0 (compatible; MJ12bot/v1.4.8; http://mj12bot.com/)"
43.157.148.38 - - [25/Sep/2026:20:00:26 -0700] "GET / HTTP/1.1" 200 6170 "http://livewant.com" "Mozilla/5.0 (iPhone; CPU iPhone OS 13_2_3 like Mac OS X) AppleWebKit/605.1.15 (KHTML, like Gecko) Version/13.0.3 Mobile/15E148 Safari/604.1"
223.109.211.235 - - [25/Sep/2026:20:00:28 -0700] "GET / HTTP/1.1" 200 6170 "-" "Mozilla/5.0 (iPhone; CPU iPhone OS 18_7_6 like Mac OS X) AppleWebKit/605.1.15 (KHTML, like Gecko) Version/26.0 Mobile/15E148 Safari/604.1"
168.119.53.160 - - [25/Sep/2026:20:00:36 -0700] "HEAD / HTTP/1.1" 200 - "https://www.livewant.com" "Mozilla/5.0+(compatible; UptimeRobot/2.0; http://www.uptimerobot.com/)"
49.13.24.81 - - [25/Sep/2026:20:00:42 -0700] "HEAD / HTTP/1.1" 200 - "https://www.livewant.com" "Mozilla/5.0+(compatible; UptimeRobot/2.0; http://www.uptimerobot.com/)"
178.20.45.159 - - [25/Sep/2026:20:04:08 -0700] "GET / HTTP/1.1" 200 6170 "https://livewant.com/" "Mozilla/5.0 (Windows NT 10.0; Win64; x64) AppleWebKit/537.36 (KHTML, like Gecko) Chrome/131.0.0.0 Safari/537.36 Avast/131.0.0.0"
78.46.215.1 - - [25/Sep/2026:20:04:43 -0700] "HEAD / HTTP/1.1" 200 - "https://livewant.com" "Mozilla/5.0+(compatible; UptimeRobot/2.0; http://www.uptimerobot.com/)"
17.166.233.191 - - [25/Sep/2026:20:05:18 -0700] "GET /robots.txt HTTP/1.1" 404 - "-" "Mozilla/5.0 (Macintosh; Intel Mac OS X 10_15_7) AppleWebKit/605.1.15 (KHTML, like Gecko) Version/17.4 Safari/605.1.15 (Applebot/0.1; +http://www.apple.com/go/applebot)"
17.166.233.191 - - [25/Sep/2026:20:05:19 -0700] "GET /public/category/building HTTP/1.1" 200 136219 "-" "Mozilla/5.0 (Macintosh; Intel Mac OS X 10_15_7) AppleWebKit/605.1.15 (KHTML, like Gecko) Version/17.4 Safari/605.1.15 (Applebot/0.1; +http://www.apple.com/go/applebot)"
43.159.152.184 - - [25/Sep/2026:20:05:22 -0700] "GET /tests/Unit/ HTTP/1.1" 200 834 "-" "Mozilla/5.0 (iPhone; CPU iPhone OS 13_2_3 like Mac OS X) AppleWebKit/605.1.15 (KHTML, like Gecko) Version/13.0.3 Mobile/15E148 Safari/604.1"
18.192.166.72 - - [25/Sep/2026:20:05:41 -0700] "HEAD / HTTP/1.1" 200 - "https://www.livewant.com" "Mozilla/5.0+(compatible; UptimeRobot/2.0; http://www.uptimerobot.com/)"
52.28.162.93 - - [25/Sep/2026:20:05:47 -0700] "HEAD / HTTP/1.1" 200 - "https://www.livewant.com" "Mozilla/5.0+(compatible; UptimeRobot/2.0; http://www.uptimerobot.com/)"
51.81.165.216 - - [25/Sep/2026:20:09:40 -0700] "GET /blogs HTTP/1.1" 301 279 "-" "Mozilla/5.0 (compatible; AhrefsBot/7.0; +http://ahrefs.com/robot/)"
18.193.252.127 - - [25/Sep/2026:20:09:49 -0700] "HEAD / HTTP/1.1" 200 - "https://livewant.com" "Mozilla/5.0+(compatible; UptimeRobot/2.0; http://www.uptimerobot.com/)"
216.73.217.2 - - [25/Sep/2026:20:10:27 -0700] "GET /app/Http/Requests/Blog/BlogStoreRequest.php HTTP/1.1" 500 - "-" "Mozilla/5.0 AppleWebKit/537.36 (KHTML, like Gecko; compatible; ClaudeBot/1.0; +claudebot@anthropic.com)"
216.73.217.2 - - [25/Sep/2026:20:10:31 -0700] "GET /vendor/phpunit/php-timer/src/Timer.php HTTP/1.1" 200 - "-" "Mozilla/5.0 AppleWebKit/537.36 (KHTML, like Gecko; compatible; ClaudeBot/1.0; +claudebot@anthropic.com)"
216.73.217.2 - - [25/Sep/2026:20:10:36 -0700] "GET /app/Http/Requests/Blog/BlogUpdateRequest.php HTTP/1.1" 500 - "-" "Mozilla/5.0 AppleWebKit/537.36 (KHTML, like Gecko; compatible; ClaudeBot/1.0; +claudebot@anthropic.com)"
216.73.217.2 - - [25/Sep/2026:20:10:41 -0700] "GET /vendor/phpunit/php-timer/src/ResourceUsageFormatter.php HTTP/1.1" 200 - "-" "Mozilla/5.0 AppleWebKit/537.36 (KHTML, like Gecko; compatible; ClaudeBot/1.0; +claudebot@anthropic.com)"
216.73.217.2 - - [25/Sep/2026:20:10:46 -0700] "GET /vendor/phpunit/php-timer/src/Duration.php HTTP/1.1" 200 - "-" "Mozilla/5.0 AppleWebKit/537.36 (KHTML, like Gecko; compatible; ClaudeBot/1.0; +claudebot@anthropic.com)"
18.193.252.127 - - [25/Sep/2026:20:10:46 -0700] "HEAD / HTTP/1.1" 200 - "https://www.livewant.com" "Mozilla/5.0+(compatible; UptimeRobot/2.0; http://www.uptimerobot.com/)"
216.73.217.2 - - [25/Sep/2026:20:10:51 -0700] "GET /database/seeders/sql/ HTTP/1.1" 200 1402 "-" "Mozilla/5.0 AppleWebKit/537.36 (KHTML, like Gecko; compatible; ClaudeBot/1.0; +claudebot@anthropic.com)"
52.28.162.93 - - [25/Sep/2026:20:10:52 -0700] "HEAD / HTTP/1.1" 200 - "https://www.livewant.com" "Mozilla/5.0+(compatible; UptimeRobot/2.0; http://www.uptimerobot.com/)"
216.73.217.2 - - [25/Sep/2026:20:10:56 -0700] "GET /app/Http/Controllers/Backend/HomePageController.php HTTP/1.1" 500 - "-" "Mozilla/5.0 AppleWebKit/537.36 (KHTML, like Gecko; compatible; ClaudeBot/1.0; +claudebot@anthropic.com)"
216.73.217.2 - - [25/Sep/2026:20:11:01 -0700] "GET /app/Repositories/Installer/InstallRepository.php HTTP/1.1" 200 - "-" "Mozilla/5.0 AppleWebKit/537.36 (KHTML, like Gecko; compatible; ClaudeBot/1.0; +claudebot@anthropic.com)"
216.73.217.2 - - [25/Sep/2026:20:11:06 -0700] "GET /app/Http/Resources/AreaCollection.php HTTP/1.1" 500 - "-" "Mozilla/5.0 AppleWebKit/537.36 (KHTML, like Gecko; compatible; ClaudeBot/1.0; +claudebot@anthropic.com)"
216.73.217.2 - - [25/Sep/2026:20:11:12 -0700] "GET /app/Repositories/Installer/InitRepository.php HTTP/1.1" 200 - "-" "Mozilla/5.0 AppleWebKit/537.36 (KHTML, like Gecko; compatible; ClaudeBot/1.0; +claudebot@anthropic.com)"
216.73.217.2 - - [25/Sep/2026:20:11:17 -0700] "GET /app/Http/Requests/Partners/PartnersUpdateRequest.php HTTP/1.1" 500 - "-" "Mozilla/5.0 AppleWebKit/537.36 (KHTML, like Gecko; compatible; ClaudeBot/1.0; +claudebot@anthropic.com)"
216.73.217.2 - - [25/Sep/2026:20:11:22 -0700] "GET /resources/js/ HTTP/1.1" 200 1013 "-" "Mozilla/5.0 AppleWebKit/537.36 (KHTML, like Gecko; compatible; ClaudeBot/1.0; +claudebot@anthropic.com)"
216.73.217.2 - - [25/Sep/2026:20:11:27 -0700] "GET /app/Repositories/TestimonialRepository.php HTTP/1.1" 500 - "-" "Mozilla/5.0 AppleWebKit/537.36 (KHTML, like Gecko; compatible; ClaudeBot/1.0; +claudebot@anthropic.com)"
216.73.217.2 - - [25/Sep/2026:20:11:32 -0700] "GET /vendor/phpunit/php-timer/src/exceptions/ HTTP/1.1" 200 1329 "-" "Mozilla/5.0 AppleWebKit/537.36 (KHTML, like Gecko; compatible; ClaudeBot/1.0; +claudebot@anthropic.com)"
216.73.217.2 - - [25/Sep/2026:20:11:37 -0700] "GET /app/Http/Controllers/OrderPaymentController.php HTTP/1.1" 500 - "-" "Mozilla/5.0 AppleWebKit/537.36 (KHTML, like Gecko; compatible; ClaudeBot/1.0; +claudebot@anthropic.com)"
216.73.217.2 - - [25/Sep/2026:20:11:39 -0700] "GET /app/Models/Notification.php HTTP/1.1" 500 - "-" "Mozilla/5.0 AppleWebKit/537.36 (KHTML, like Gecko; compatible; ClaudeBot/1.0; +claudebot@anthropic.com)"
216.73.217.2 - - [25/Sep/2026:20:11:44 -0700] "GET /app/Http/Controllers/WishlistController.php HTTP/1.1" 500 - "-" "Mozilla/5.0 AppleWebKit/537.36 (KHTML, like Gecko; compatible; ClaudeBot/1.0; +claudebot@anthropic.com)"
216.73.217.2 - - [25/Sep/2026:20:11:49 -0700] "GET /app/Models/Partner.php HTTP/1.1" 500 - "-" "Mozilla/5.0 AppleWebKit/537.36 (KHTML, like Gecko; compatible; ClaudeBot/1.0; +claudebot@anthropic.com)"
216.73.217.2 - - [25/Sep/2026:20:11:54 -0700] "GET /app/Http/Controllers/Auth/ HTTP/1.1" 200 1867 "-" "Mozilla/5.0 AppleWebKit/537.36 (KHTML, like Gecko; compatible; ClaudeBot/1.0; +claudebot@anthropic.com)"
216.73.217.2 - - [25/Sep/2026:20:12:00 -0700] "GET /app/Interfaces/RoleInterface.php HTTP/1.1" 200 - "-" "Mozilla/5.0 AppleWebKit/537.36 (KHTML, like Gecko; compatible; ClaudeBot/1.0; +claudebot@anthropic.com)"
216.73.217.2 - - [25/Sep/2026:20:12:05 -0700] "GET /app/Http/Controllers/PropertyFacilityTypeController.php HTTP/1.1" 500 - "-" "Mozilla/5.0 AppleWebKit/537.36 (KHTML, like Gecko; compatible; ClaudeBot/1.0; +claudebot@anthropic.com)"
216.73.217.2 - - [25/Sep/2026:20:12:10 -0700] "GET /app/Http/Controllers/PropertyFacilityController.php HTTP/1.1" 500 - "-" "Mozilla/5.0 AppleWebKit/537.36 (KHTML, like Gecko; compatible; ClaudeBot/1.0; +claudebot@anthropic.com)"
216.73.217.2 - - [25/Sep/2026:20:12:15 -0700] "GET /app/Interfaces/PropertyInterface.php HTTP/1.1" 200 - "-" "Mozilla/5.0 AppleWebKit/537.36 (KHTML, like Gecko; compatible; ClaudeBot/1.0; +claudebot@anthropic.com)"
216.73.217.2 - - [25/Sep/2026:20:12:20 -0700] "GET /app/Interfaces/PartnersInterface.php HTTP/1.1" 200 - "-" "Mozilla/5.0 AppleWebKit/537.36 (KHTML, like Gecko; compatible; ClaudeBot/1.0; +claudebot@anthropic.com)"
216.73.217.2 - - [25/Sep/2026:20:12:25 -0700] "GET /app/Interfaces/AdvertisementInterface.php HTTP/1.1" 200 - "-" "Mozilla/5.0 AppleWebKit/537.36 (KHTML, like Gecko; compatible; ClaudeBot/1.0; +claudebot@anthropic.com)"
216.73.217.2 - - [25/Sep/2026:20:12:30 -0700] "GET /app/Interfaces/BusinessModelInterface.php HTTP/1.1" 200 - "-" "Mozilla/5.0 AppleWebKit/537.36 (KHTML, like Gecko; compatible; ClaudeBot/1.0; +claudebot@anthropic.com)"
216.73.217.2 - - [25/Sep/2026:20:12:35 -0700] "GET /app/Models/Designation.php HTTP/1.1" 500 - "-" "Mozilla/5.0 AppleWebKit/537.36 (KHTML, like Gecko; compatible; ClaudeBot/1.0; +claudebot@anthropic.com)"
98.82.66.172 - - [25/Sep/2026:20:12:39 -0700] "GET /app/ HTTP/1.1" 200 2743 "-" "Mozilla/5.0 AppleWebKit/537.36 (KHTML, like Gecko; compatible; Amazonbot/0.1; +https://developer.amazon.com/support/amazonbot) Chrome/119.0.6045.214 Safari/537.36"
216.73.217.2 - - [25/Sep/2026:20:12:41 -0700] "GET /app/Interfaces/TestimonialInterface.php HTTP/1.1" 200 - "-" "Mozilla/5.0 AppleWebKit/537.36 (KHTML, like Gecko; compatible; ClaudeBot/1.0; +claudebot@anthropic.com)"
216.73.217.2 - - [25/Sep/2026:20:12:46 -0700] "GET /app/Interfaces/PermissionInterface.php HTTP/1.1" 200 - "-" "Mozilla/5.0 AppleWebKit/537.36 (KHTML, like Gecko; compatible; ClaudeBot/1.0; +claudebot@anthropic.com)"
216.73.217.2 - - [25/Sep/2026:20:12:50 -0700] "GET /app/Interfaces/PropertyFacilityTypeInterface.php HTTP/1.1" 200 - "-" "Mozilla/5.0 AppleWebKit/537.36 (KHTML, like Gecko; compatible; ClaudeBot/1.0; +claudebot@anthropic.com)"
216.73.217.2 - - [25/Sep/2026:20:12:54 -0700] "GET /app/Interfaces/CategoryInterface.php HTTP/1.1" 200 - "-" "Mozilla/5.0 AppleWebKit/537.36 (KHTML, like Gecko; compatible; ClaudeBot/1.0; +claudebot@anthropic.com)"
216.73.217.2 - - [25/Sep/2026:20:12:59 -0700] "GET /storage/framework/cache/data/4e/ HTTP/1.1" 200 887 "-" "Mozilla/5.0 AppleWebKit/537.36 (KHTML, like Gecko; compatible; ClaudeBot/1.0; +claudebot@anthropic.com)"
216.73.217.2 - - [25/Sep/2026:20:13:02 -0700] "GET /routes/Frontend/installer.php HTTP/1.1" 500 - "-" "Mozilla/5.0 AppleWebKit/537.36 (KHTML, like Gecko; compatible; ClaudeBot/1.0; +claudebot@anthropic.com)"
216.73.217.2 - - [25/Sep/2026:20:13:07 -0700] "GET /vendor/phpunit/php-text-template/composer.json HTTP/1.1" 200 956 "-" "Mozilla/5.0 AppleWebKit/537.36 (KHTML, like Gecko; compatible; ClaudeBot/1.0; +claudebot@anthropic.com)"
216.73.217.2 - - [25/Sep/2026:20:13:12 -0700] "GET /lang/ja/profile.json HTTP/1.1" 200 29 "-" "Mozilla/5.0 AppleWebKit/537.36 (KHTML, like Gecko; compatible; ClaudeBot/1.0; +claudebot@anthropic.com)"
216.73.217.2 - - [25/Sep/2026:20:13:17 -0700] "GET /vendor/phpunit/php-code-coverage/LICENSE HTTP/1.1" 200 1531 "-" "Mozilla/5.0 AppleWebKit/537.36 (KHTML, like Gecko; compatible; ClaudeBot/1.0; +claudebot@anthropic.com)"
216.73.217.2 - - [25/Sep/2026:20:13:21 -0700] "GET /app/View/ HTTP/1.1" 200 1002 "-" "Mozilla/5.0 AppleWebKit/537.36 (KHTML, like Gecko; compatible; ClaudeBot/1.0; +claudebot@anthropic.com)"
216.73.217.2 - - [25/Sep/2026:20:13:26 -0700] "GET /vendor/symfony/error-handler/ErrorEnhancer/ErrorEnhancerInterface.php HTTP/1.1" 200 - "-" "Mozilla/5.0 AppleWebKit/537.36 (KHTML, like Gecko; compatible; ClaudeBot/1.0; +claudebot@anthropic.com)"
216.73.217.2 - - [25/Sep/2026:20:13:32 -0700] "GET /vendor/masterminds/ HTTP/1.1" 200 842 "-" "Mozilla/5.0 AppleWebKit/537.36 (KHTML, like Gecko; compatible; ClaudeBot/1.0; +claudebot@anthropic.com)"
216.73.217.2 - - [25/Sep/2026:20:13:36 -0700] "GET /vendor/webmozart/assert/src/ HTTP/1.1" 200 1257 "-" "Mozilla/5.0 AppleWebKit/537.36 (KHTML, like Gecko; compatible; ClaudeBot/1.0; +claudebot@anthropic.com)"
216.73.217.2 - - [25/Sep/2026:20:13:41 -0700] "GET /database/seeders/HomeSliderSeeder.php HTTP/1.1" 500 - "-" "Mozilla/5.0 AppleWebKit/537.36 (KHTML, like Gecko; compatible; ClaudeBot/1.0; +claudebot@anthropic.com)"
216.73.217.2 - - [25/Sep/2026:20:13:46 -0700] "GET /vendor/symfony/http-kernel/EventListener/ HTTP/1.1" 200 3997 "-" "Mozilla/5.0 AppleWebKit/537.36 (KHTML, like Gecko; compatible; ClaudeBot/1.0; +claudebot@anthropic.com)"
216.73.217.2 - - [25/Sep/2026:20:13:51 -0700] "GET /Modules/Nestkeeper/Tests/ HTTP/1.1" 200 1041 "-" "Mozilla/5.0 AppleWebKit/537.36 (KHTML, like Gecko; compatible; ClaudeBot/1.0; +claudebot@anthropic.com)"
216.73.217.2 - - [25/Sep/2026:20:13:54 -0700] "GET /app/Enums/ HTTP/1.1" 200 4097 "-" "Mozilla/5.0 AppleWebKit/537.36 (KHTML, like Gecko; compatible; ClaudeBot/1.0; +claudebot@anthropic.com)"
216.73.217.2 - - [25/Sep/2026:20:13:59 -0700] "GET /app/Models/Property/PropertyCategory.php HTTP/1.1" 500 - "-" "Mozilla/5.0 AppleWebKit/537.36 (KHTML, like Gecko; compatible; ClaudeBot/1.0; +claudebot@anthropic.com)"
216.73.217.2 - - [25/Sep/2026:20:14:04 -0700] "GET /vendor/webmozart/assert/composer.json HTTP/1.1" 200 956 "-" "Mozilla/5.0 AppleWebKit/537.36 (KHTML, like Gecko; compatible; ClaudeBot/1.0; +claudebot@anthropic.com)"
216.73.217.2 - - [25/Sep/2026:20:14:08 -0700] "GET /vendor/phpunit/php-code-coverage/?C=M&O=A HTTP/1.1" 200 1416 "-" "Mozilla/5.0 AppleWebKit/537.36 (KHTML, like Gecko; compatible; ClaudeBot/1.0; +claudebot@anthropic.com)"
216.73.217.2 - - [25/Sep/2026:20:14:13 -0700] "GET /admin.php?ynzmini=%2F%2Flib HTTP/1.1" 200 12173 "-" "Mozilla/5.0 AppleWebKit/537.36 (KHTML, like Gecko; compatible; ClaudeBot/1.0; +claudebot@anthropic.com)"
216.73.217.2 - - [25/Sep/2026:20:14:19 -0700] "GET /vendor/symfony/error-handler/composer.json HTTP/1.1" 200 1088 "-" "Mozilla/5.0 AppleWebKit/537.36 (KHTML, like Gecko; compatible; ClaudeBot/1.0; +claudebot@anthropic.com)"
216.73.217.2 - - [25/Sep/2026:20:14:20 -0700] "GET /vendor/phpunit/php-timer/?C=D&O=D HTTP/1.1" 200 1396 "-" "Mozilla/5.0 AppleWebKit/537.36 (KHTML, like Gecko; compatible; ClaudeBot/1.0; +claudebot@anthropic.com)"
216.73.217.2 - - [25/Sep/2026:20:14:25 -0700] "GET /docker/8.0/supervisord.conf HTTP/1.1" 200 374 "-" "Mozilla/5.0 AppleWebKit/537.36 (KHTML, like Gecko; compatible; ClaudeBot/1.0; +claudebot@anthropic.com)"
216.73.217.2 - - [25/Sep/2026:20:14:30 -0700] "GET /admin.php?ynzmini=%2F%2Flost+found HTTP/1.1" 200 6173 "-" "Mozilla/5.0 AppleWebKit/537.36 (KHTML, like Gecko; compatible; ClaudeBot/1.0; +claudebot@anthropic.com)"
216.73.217.2 - - [25/Sep/2026:20:14:35 -0700] "GET /admin.php?ynzmini=%2F%2Fmedia HTTP/1.1" 200 6414 "-" "Mozilla/5.0 AppleWebKit/537.36 (KHTML, like Gecko; compatible; ClaudeBot/1.0; +claudebot@anthropic.com)"
216.73.217.2 - - [25/Sep/2026:20:14:40 -0700] "GET /app/Http/Controllers/Auth/?C=D&O=A HTTP/1.1" 200 1867 "-" "Mozilla/5.0 AppleWebKit/537.36 (KHTML, like Gecko; compatible; ClaudeBot/1.0; +claudebot@anthropic.com)"
216.73.217.2 - - [25/Sep/2026:20:14:45 -0700] "GET /vendor/guzzlehttp/promises/ HTTP/1.1" 200 1403 "-" "Mozilla/5.0 AppleWebKit/537.36 (KHTML, like Gecko; compatible; ClaudeBot/1.0; +claudebot@anthropic.com)"
216.73.217.2 - - [25/Sep/2026:20:14:50 -0700] "GET /app/Http/Controllers/Backend/?C=N&O=D HTTP/1.1" 200 5290 "-" "Mozilla/5.0 AppleWebKit/537.36 (KHTML, like Gecko; compatible; ClaudeBot/1.0; +claudebot@anthropic.com)"
168.119.96.239 - - [25/Sep/2026:20:14:55 -0700] "HEAD / HTTP/1.1" 200 - "https://livewant.com" "Mozilla/5.0+(compatible; UptimeRobot/2.0; http://www.uptimerobot.com/)"
216.73.217.2 - - [25/Sep/2026:20:14:55 -0700] "GET /admin.php?file=%2F%2F.autorelabel HTTP/1.1" 200 6307 "-" "Mozilla/5.0 AppleWebKit/537.36 (KHTML, like Gecko; compatible; ClaudeBot/1.0; +claudebot@anthropic.com)"
216.73.217.2 - - [25/Sep/2026:20:15:00 -0700] "GET /vendor/guzzlehttp/uri-template/ HTTP/1.1" 200 1411 "-" "Mozilla/5.0 AppleWebKit/537.36 (KHTML, like Gecko; compatible; ClaudeBot/1.0; +claudebot@anthropic.com)"
216.73.217.2 - - [25/Sep/2026:20:15:05 -0700] "GET /admin.php?ynzmini=%2F%2Fhome HTTP/1.1" 200 6134 "-" "Mozilla/5.0 AppleWebKit/537.36 (KHTML, like Gecko; compatible; ClaudeBot/1.0; +claudebot@anthropic.com)"
216.73.217.2 - - [25/Sep/2026:20:15:10 -0700] "GET /database/migrations/2013_08_17_080225_create_icons_table.php HTTP/1.1" 500 - "-" "Mozilla/5.0 AppleWebKit/537.36 (KHTML, like Gecko; compatible; ClaudeBot/1.0; +claudebot@anthropic.com)"
216.73.217.2 - - [25/Sep/2026:20:15:15 -0700] "GET /admin.php?file=%2Fetc%2Fpasswd HTTP/1.1" 200 9723 "-" "Mozilla/5.0 AppleWebKit/537.36 (KHTML, like Gecko; compatible; ClaudeBot/1.0; +claudebot@anthropic.com)"
216.73.217.2 - - [25/Sep/2026:20:15:20 -0700] "GET /database/migrations/2023_02_25_041737_create_abouts_table.php HTTP/1.1" 500 - "-" "Mozilla/5.0 AppleWebKit/537.36 (KHTML, like Gecko; compatible; ClaudeBot/1.0; +claudebot@anthropic.com)"
216.73.217.2 - - [25/Sep/2026:20:15:25 -0700] "GET /vendor/nesbot/carbon/ HTTP/1.1" 200 2091 "-" "Mozilla/5.0 AppleWebKit/537.36 (KHTML, like Gecko; compatible; ClaudeBot/1.0; +claudebot@anthropic.com)"
216.73.217.2 - - [25/Sep/2026:20:15:30 -0700] "GET /storage/framework/cache/data/2a/?C=M&O=D HTTP/1.1" 200 887 "-" "Mozilla/5.0 AppleWebKit/537.36 (KHTML, like Gecko; compatible; ClaudeBot/1.0; +claudebot@anthropic.com)"
216.73.217.2 - - [25/Sep/2026:20:15:35 -0700] "GET /storage/framework/cache/data/2a/?C=D&O=D HTTP/1.1" 200 887 "-" "Mozilla/5.0 AppleWebKit/537.36 (KHTML, like Gecko; compatible; ClaudeBot/1.0; +claudebot@anthropic.com)"
216.73.217.2 - - [25/Sep/2026:20:15:40 -0700] "GET /storage/framework/cache/data/2a/?C=S&O=D HTTP/1.1" 200 887 "-" "Mozilla/5.0 AppleWebKit/537.36 (KHTML, like Gecko; compatible; ClaudeBot/1.0; +claudebot@anthropic.com)"
216.73.217.2 - - [25/Sep/2026:20:15:41 -0700] "GET /app/Repositories/Installer/?C=N&O=A HTTP/1.1" 200 1069 "-" "Mozilla/5.0 AppleWebKit/537.36 (KHTML, like Gecko; compatible; ClaudeBot/1.0; +claudebot@anthropic.com)"
216.73.217.2 - - [25/Sep/2026:20:15:46 -0700] "GET /docker/8.0/?C=N&O=D HTTP/1.1" 200 1197 "-" "Mozilla/5.0 AppleWebKit/537.36 (KHTML, like Gecko; compatible; ClaudeBot/1.0; +claudebot@anthropic.com)"
216.73.217.2 - - [25/Sep/2026:20:15:51 -0700] "GET /app/Models/Locations/?C=N&O=A HTTP/1.1" 200 1747 "-" "Mozilla/5.0 AppleWebKit/537.36 (KHTML, like Gecko; compatible; ClaudeBot/1.0; +claudebot@anthropic.com)"
49.13.167.123 - - [25/Sep/2026:20:15:52 -0700] "HEAD / HTTP/1.1" 200 - "https://www.livewant.com" "Mozilla/5.0+(compatible; UptimeRobot/2.0; http://www.uptimerobot.com/)"
216.73.217.2 - - [25/Sep/2026:20:15:52 -0700] "GET /app/Http/Requests/Category/?C=S&O=A HTTP/1.1" 200 1086 "-" "Mozilla/5.0 AppleWebKit/537.36 (KHTML, like Gecko; compatible; ClaudeBot/1.0; +claudebot@anthropic.com)"
78.46.190.63 - - [25/Sep/2026:20:15:57 -0700] "HEAD / HTTP/1.1" 200 - "https://www.livewant.com" "Mozilla/5.0+(compatible; UptimeRobot/2.0; http://www.uptimerobot.com/)"
216.73.217.2 - - [25/Sep/2026:20:15:58 -0700] "GET /vendor/phpunit/php-text-template/?C=M&O=A HTTP/1.1" 200 1412 "-" "Mozilla/5.0 AppleWebKit/537.36 (KHTML, like Gecko; compatible; ClaudeBot/1.0; +claudebot@anthropic.com)"
216.73.217.2 - - [25/Sep/2026:20:16:03 -0700] "GET /vendor/dflydev/dot-access-data/LICENSE HTTP/1.1" 200 1070 "-" "Mozilla/5.0 AppleWebKit/537.36 (KHTML, like Gecko; compatible; ClaudeBot/1.0; +claudebot@anthropic.com)"
216.73.217.2 - - [25/Sep/2026:20:16:08 -0700] "GET /storage/framework/views/b595e4758fdf5f311f52d5333af4422e2eb987bc.php HTTP/1.1" 500 - "-" "Mozilla/5.0 AppleWebKit/537.36 (KHTML, like Gecko; compatible; ClaudeBot/1.0; +claudebot@anthropic.com)"
216.73.217.2 - - [25/Sep/2026:20:16:13 -0700] "GET /storage/framework/views/4b95c025d03c82619c76d7367bc24dc94895641f.php HTTP/1.1" 500 - "-" "Mozilla/5.0 AppleWebKit/537.36 (KHTML, like Gecko; compatible; ClaudeBot/1.0; +claudebot@anthropic.com)"
17.166.235.119 - - [25/Sep/2026:20:16:13 -0700] "GET /public/frontend/css/magnific-popup.css HTTP/1.1" 200 6951 "https://www.livewant.com/public/category/building" "Mozilla/5.0 (Macintosh; Intel Mac OS X 10_15_7) AppleWebKit/605.1.15 (KHTML, like Gecko) Version/17.4 Safari/605.1.15 (Applebot/0.1; +http://www.apple.com/go/applebot)"
17.166.235.119 - - [25/Sep/2026:20:16:14 -0700] "GET /public/frontend/css/owl.carousel.min.css HTTP/1.1" 200 2936 "https://www.livewant.com/public/category/building" "Mozilla/5.0 (Macintosh; Intel Mac OS X 10_15_7) AppleWebKit/605.1.15 (KHTML, like Gecko) Version/17.4 Safari/605.1.15 (Applebot/0.1; +http://www.apple.com/go/applebot)"
17.166.235.119 - - [25/Sep/2026:20:16:16 -0700] "GET /public/frontend/css/themify-icons.css HTTP/1.1" 200 16456 "https://www.livewant.com/public/category/building" "Mozilla/5.0 (Macintosh; Intel Mac OS X 10_15_7) AppleWebKit/605.1.15 (KHTML, like Gecko) Version/17.4 Safari/605.1.15 (Applebot/0.1; +http://www.apple.com/go/applebot)"
17.166.235.119 - - [25/Sep/2026:20:16:17 -0700] "GET /public/frontend/css/flaticon.css HTTP/1.1" 200 1063 "https://www.livewant.com/public/category/building" "Mozilla/5.0 (Macintosh; Intel Mac OS X 10_15_7) AppleWebKit/605.1.15 (KHTML, like Gecko) Version/17.4 Safari/605.1.15 (Applebot/0.1; +http://www.apple.com/go/applebot)"
216.73.217.2 - - [25/Sep/2026:20:16:18 -0700] "GET /storage/framework/views/9ffd758e14bb3620a0427dea8fa36b04b65e9b28.php HTTP/1.1" 500 - "-" "Mozilla/5.0 AppleWebKit/537.36 (KHTML, like Gecko; compatible; ClaudeBot/1.0; +claudebot@anthropic.com)"
17.166.235.119 - - [25/Sep/2026:20:16:18 -0700] "GET /public/frontend/css/bootstrap.min.css HTTP/1.1" 200 155845 "https://www.livewant.com/public/category/building" "Mozilla/5.0 (Macintosh; Intel Mac OS X 10_15_7) AppleWebKit/605.1.15 (KHTML, like Gecko) Version/17.4 Safari/605.1.15 (Applebot/0.1; +http://www.apple.com/go/applebot)"
17.166.235.119 - - [25/Sep/2026:20:16:20 -0700] "GET /public/frontend/css/fontawesome.css HTTP/1.1" 200 55919 "https://www.livewant.com/public/category/building" "Mozilla/5.0 (Macintosh; Intel Mac OS X 10_15_7) AppleWebKit/605.1.15 (KHTML, like Gecko) Version/17.4 Safari/605.1.15 (Applebot/0.1; +http://www.apple.com/go/applebot)"
17.166.235.119 - - [25/Sep/2026:20:16:22 -0700] "GET /public/frontend/css/nice-select.css HTTP/1.1" 200 3639 "https://www.livewant.com/public/category/building" "Mozilla/5.0 (Macintosh; Intel Mac OS X 10_15_7) AppleWebKit/605.1.15 (KHTML, like Gecko) Version/17.4 Safari/605.1.15 (Applebot/0.1; +http://www.apple.com/go/applebot)"
216.73.217.2 - - [25/Sep/2026:20:16:23 -0700] "GET /storage/framework/views/ecf04a6165cff9e06f4e16dcc700ca052b124043.php HTTP/1.1" 500 - "-" "Mozilla/5.0 AppleWebKit/537.36 (KHTML, like Gecko; compatible; ClaudeBot/1.0; +claudebot@anthropic.com)"
17.166.235.119 - - [25/Sep/2026:20:16:23 -0700] "GET /public/frontend/css/gijgo.min.css HTTP/1.1" 200 51756 "https://www.livewant.com/public/category/building" "Mozilla/5.0 (Macintosh; Intel Mac OS X 10_15_7) AppleWebKit/605.1.15 (KHTML, like Gecko) Version/17.4 Safari/605.1.15 (Applebot/0.1; +http://www.apple.com/go/applebot)"
17.166.235.119 - - [25/Sep/2026:20:16:24 -0700] "GET /public/frontend/css/perfect-scrollbar.css HTTP/1.1" 200 2614 "https://www.livewant.com/public/category/building" "Mozilla/5.0 (Macintosh; Intel Mac OS X 10_15_7) AppleWebKit/605.1.15 (KHTML, like Gecko) Version/17.4 Safari/605.1.15 (Applebot/0.1; +http://www.apple.com/go/applebot)"
17.166.235.119 - - [25/Sep/2026:20:16:26 -0700] "GET /public/frontend/css/jquery-ui.css HTTP/1.1" 200 35973 "https://www.livewant.com/public/category/building" "Mozilla/5.0 (Macintosh; Intel Mac OS X 10_15_7) AppleWebKit/605.1.15 (KHTML, like Gecko) Version/17.4 Safari/605.1.15 (Applebot/0.1; +http://www.apple.com/go/applebot)"
17.166.235.119 - - [25/Sep/2026:20:16:27 -0700] "GET /public/frontend/css/animate.min.css HTTP/1.1" 200 68701 "https://www.livewant.com/public/category/building" "Mozilla/5.0 (Macintosh; Intel Mac OS X 10_15_7) AppleWebKit/605.1.15 (KHTML, like Gecko) Version/17.4 Safari/605.1.15 (Applebot/0.1; +http://www.apple.com/go/applebot)"
216.73.217.2 - - [25/Sep/2026:20:16:28 -0700] "GET /storage/framework/cache/data/0e/?C=N&O=D HTTP/1.1" 200 887 "-" "Mozilla/5.0 AppleWebKit/537.36 (KHTML, like Gecko; compatible; ClaudeBot/1.0; +claudebot@anthropic.com)"
17.166.235.119 - - [25/Sep/2026:20:16:29 -0700] "GET /public/frontend/css/slick.css HTTP/1.1" 200 1776 "https://www.livewant.com/public/category/building" "Mozilla/5.0 (Macintosh; Intel Mac OS X 10_15_7) AppleWebKit/605.1.15 (KHTML, like Gecko) Version/17.4 Safari/605.1.15 (Applebot/0.1; +http://www.apple.com/go/applebot)"
17.166.235.119 - - [25/Sep/2026:20:16:30 -0700] "GET /public/frontend/css/slicknav.css HTTP/1.1" 200 5460 "https://www.livewant.com/public/category/building" "Mozilla/5.0 (Macintosh; Intel Mac OS X 10_15_7) AppleWebKit/605.1.15 (KHTML, like Gecko) Version/17.4 Safari/605.1.15 (Applebot/0.1; +http://www.apple.com/go/applebot)"
17.166.235.119 - - [25/Sep/2026:20:16:32 -0700] "GET /public/frontend/css/swiper-bundle.min.css HTTP/1.1" 200 15562 "https://www.livewant.com/public/category/building" "Mozilla/5.0 (Macintosh; Intel Mac OS X 10_15_7) AppleWebKit/605.1.15 (KHTML, like Gecko) Version/17.4 Safari/605.1.15 (Applebot/0.1; +http://www.apple.com/go/applebot)"
216.73.217.2 - - [25/Sep/2026:20:16:33 -0700] "GET /storage/framework/views/efcd75dba6a9247e8256b7cb15e32f1ac551d2f7.php HTTP/1.1" 500 - "-" "Mozilla/5.0 AppleWebKit/537.36 (KHTML, like Gecko; compatible; ClaudeBot/1.0; +claudebot@anthropic.com)"
17.166.235.119 - - [25/Sep/2026:20:16:33 -0700] "GET /public/frontend/css/toastr.min.css HTTP/1.1" 200 6454 "https://www.livewant.com/public/category/building" "Mozilla/5.0 (Macintosh; Intel Mac OS X 10_15_7) AppleWebKit/605.1.15 (KHTML, like Gecko) Version/17.4 Safari/605.1.15 (Applebot/0.1; +http://www.apple.com/go/applebot)"
17.166.235.119 - - [25/Sep/2026:20:16:35 -0700] "GET /public/frontend/css/summernote-lite.css HTTP/1.1" 200 35753 "https://www.livewant.com/public/category/building" "Mozilla/5.0 (Macintosh; Intel Mac OS X 10_15_7) AppleWebKit/605.1.15 (KHTML, like Gecko) Version/17.4 Safari/605.1.15 (Applebot/0.1; +http://www.apple.com/go/applebot)"
17.166.235.119 - - [25/Sep/2026:20:16:36 -0700] "GET /public/frontend/css/style.css HTTP/1.1" 200 631357 "https://www.livewant.com/public/category/building" "Mozilla/5.0 (Macintosh; Intel Mac OS X 10_15_7) AppleWebKit/605.1.15 (KHTML, like Gecko) Version/17.4 Safari/605.1.15 (Applebot/0.1; +http://www.apple.com/go/applebot)"
17.166.235.119 - - [25/Sep/2026:20:16:38 -0700] "GET /public/frontend/js/vendor/jquery-3.4.1.min.js HTTP/1.1" 200 88145 "https://www.livewant.com/public/category/building" "Mozilla/5.0 (Macintosh; Intel Mac OS X 10_15_7) AppleWebKit/605.1.15 (KHTML, like Gecko) Version/17.4 Safari/605.1.15 (Applebot/0.1; +http://www.apple.com/go/applebot)"
216.73.217.2 - - [25/Sep/2026:20:16:38 -0700] "GET /storage/framework/views/14b6743b8cdc4949e84746072303499fc3bbb6ee.php HTTP/1.1" 500 - "-" "Mozilla/5.0 AppleWebKit/537.36 (KHTML, like Gecko; compatible; ClaudeBot/1.0; +claudebot@anthropic.com)"
17.166.235.119 - - [25/Sep/2026:20:16:39 -0700] "GET /public/frontend/js/vendor/popper.min.js HTTP/1.1" 200 18594 "https://www.livewant.com/public/category/building" "Mozilla/5.0 (Macintosh; Intel Mac OS X 10_15_7) AppleWebKit/605.1.15 (KHTML, like Gecko) Version/17.4 Safari/605.1.15 (Applebot/0.1; +http://www.apple.com/go/applebot)"
17.166.235.119 - - [25/Sep/2026:20:16:41 -0700] "GET /public/frontend/js/vendor/bootstrap.min.js HTTP/1.1" 200 60089 "https://www.livewant.com/public/category/building" "Mozilla/5.0 (Macintosh; Intel Mac OS X 10_15_7) AppleWebKit/605.1.15 (KHTML, like Gecko) Version/17.4 Safari/605.1.15 (Applebot/0.1; +http://www.apple.com/go/applebot)"
17.166.235.119 - - [25/Sep/2026:20:16:42 -0700] "GET /public/frontend/js/owl.carousel.min.js HTTP/1.1" 200 42766 "https://www.livewant.com/public/category/building" "Mozilla/5.0 (Macintosh; Intel Mac OS X 10_15_7) AppleWebKit/605.1.15 (KHTML, like Gecko) Version/17.4 Safari/605.1.15 (Applebot/0.1; +http://www.apple.com/go/applebot)"
216.73.217.2 - - [25/Sep/2026:20:16:43 -0700] "GET /Modules/Nestkeeper/Database/?C=N&O=D HTTP/1.1" 200 1231 "-" "Mozilla/5.0 AppleWebKit/537.36 (KHTML, like Gecko; compatible; ClaudeBot/1.0; +claudebot@anthropic.com)"
17.166.235.119 - - [25/Sep/2026:20:16:44 -0700] "GET /public/frontend/js/swiper-bundle.min.js HTTP/1.1" 200 135574 "https://www.livewant.com/public/category/building" "Mozilla/5.0 (Macintosh; Intel Mac OS X 10_15_7) AppleWebKit/605.1.15 (KHTML, like Gecko) Version/17.4 Safari/605.1.15 (Applebot/0.1; +http://www.apple.com/go/applebot)"
17.166.235.119 - - [25/Sep/2026:20:16:45 -0700] "GET /public/frontend/js/isotope.pkgd.min.js HTTP/1.1" 200 35503 "https://www.livewant.com/public/category/building" "Mozilla/5.0 (Macintosh; Intel Mac OS X 10_15_7) AppleWebKit/605.1.15 (KHTML, like Gecko) Version/17.4 Safari/605.1.15 (Applebot/0.1; +http://www.apple.com/go/applebot)"
17.166.235.119 - - [25/Sep/2026:20:16:47 -0700] "GET /public/frontend/js/waypoints.min.js HTTP/1.1" 200 9028 "https://www.livewant.com/public/category/building" "Mozilla/5.0 (Macintosh; Intel Mac OS X 10_15_7) AppleWebKit/605.1.15 (KHTML, like Gecko) Version/17.4 Safari/605.1.15 (Applebot/0.1; +http://www.apple.com/go/applebot)"
216.73.217.2 - - [25/Sep/2026:20:16:48 -0700] "GET /Modules/Nestkeeper/Http/?C=S&O=A HTTP/1.1" 200 1404 "-" "Mozilla/5.0 AppleWebKit/537.36 (KHTML, like Gecko; compatible; ClaudeBot/1.0; +claudebot@anthropic.com)"
17.166.235.119 - - [25/Sep/2026:20:16:48 -0700] "GET /public/frontend/js/jquery.counterup.min.js HTTP/1.1" 200 1067 "https://www.livewant.com/public/category/building" "Mozilla/5.0 (Macintosh; Intel Mac OS X 10_15_7) AppleWebKit/605.1.15 (KHTML, like Gecko) Version/17.4 Safari/605.1.15 (Applebot/0.1; +http://www.apple.com/go/applebot)"
17.166.235.119 - - [25/Sep/2026:20:16:49 -0700] "GET /public/frontend/js/imagesloaded.pkgd.min.js HTTP/1.1" 200 5594 "https://www.livewant.com/public/category/building" "Mozilla/5.0 (Macintosh; Intel Mac OS X 10_15_7) AppleWebKit/605.1.15 (KHTML, like Gecko) Version/17.4 Safari/605.1.15 (Applebot/0.1; +http://www.apple.com/go/applebot)"
17.166.235.119 - - [25/Sep/2026:20:16:51 -0700] "GET /public/frontend/js/wow.min.js HTTP/1.1" 200 8415 "https://www.livewant.com/public/category/building" "Mozilla/5.0 (Macintosh; Intel Mac OS X 10_15_7) AppleWebKit/605.1.15 (KHTML, like Gecko) Version/17.4 Safari/605.1.15 (Applebot/0.1; +http://www.apple.com/go/applebot)"
17.166.235.119 - - [25/Sep/2026:20:16:52 -0700] "GET /public/frontend/js/nice-select.min.js HTTP/1.1" 200 2942 "https://www.livewant.com/public/category/building" "Mozilla/5.0 (Macintosh; Intel Mac OS X 10_15_7) AppleWebKit/605.1.15 (KHTML, like Gecko) Version/17.4 Safari/605.1.15 (Applebot/0.1; +http://www.apple.com/go/applebot)"
216.73.217.2 - - [25/Sep/2026:20:16:54 -0700] "GET /app/Interfaces/?C=D&O=A HTTP/1.1" 200 5820 "-" "Mozilla/5.0 AppleWebKit/537.36 (KHTML, like Gecko; compatible; ClaudeBot/1.0; +claudebot@anthropic.com)"
17.166.235.119 - - [25/Sep/2026:20:16:54 -0700] "GET /public/frontend/js/barfiller.js HTTP/1.1" 200 6244 "https://www.livewant.com/public/category/building" "Mozilla/5.0 (Macintosh; Intel Mac OS X 10_15_7) AppleWebKit/605.1.15 (KHTML, like Gecko) Version/17.4 Safari/605.1.15 (Applebot/0.1; +http://www.apple.com/go/applebot)"
17.166.235.119 - - [25/Sep/2026:20:16:55 -0700] "GET /public/frontend/js/jquery.slicknav.js HTTP/1.1" 200 21072 "https://www.livewant.com/public/category/building" "Mozilla/5.0 (Macintosh; Intel Mac OS X 10_15_7) AppleWebKit/605.1.15 (KHTML, like Gecko) Version/17.4 Safari/605.1.15 (Applebot/0.1; +http://www.apple.com/go/applebot)"
17.166.235.119 - - [25/Sep/2026:20:16:57 -0700] "GET /public/frontend/js/jquery.magnific-popup.min.js HTTP/1.1" 200 20216 "https://www.livewant.com/public/category/building" "Mozilla/5.0 (Macintosh; Intel Mac OS X 10_15_7) AppleWebKit/605.1.15 (KHTML, like Gecko) Version/17.4 Safari/605.1.15 (Applebot/0.1; +http://www.apple.com/go/applebot)"
17.166.235.119 - - [25/Sep/2026:20:16:58 -0700] "GET /public/frontend/js/jquery.ajaxchimp.min.js HTTP/1.1" 200 4820 "https://www.livewant.com/public/category/building" "Mozilla/5.0 (Macintosh; Intel Mac OS X 10_15_7) AppleWebKit/605.1.15 (KHTML, like Gecko) Version/17.4 Safari/605.1.15 (Applebot/0.1; +http://www.apple.com/go/applebot)"
216.73.217.2 - - [25/Sep/2026:20:16:58 -0700] "GET /vendor/dflydev/?C=M&O=A HTTP/1.1" 200 844 "-" "Mozilla/5.0 AppleWebKit/537.36 (KHTML, like Gecko; compatible; ClaudeBot/1.0; +claudebot@anthropic.com)"
17.166.235.119 - - [25/Sep/2026:20:16:59 -0700] "GET /public/frontend/js/parallax.js HTTP/1.1" 200 15991 "https://www.livewant.com/public/category/building" "Mozilla/5.0 (Macintosh; Intel Mac OS X 10_15_7) AppleWebKit/605.1.15 (KHTML, like Gecko) Version/17.4 Safari/605.1.15 (Applebot/0.1; +http://www.apple.com/go/applebot)"
17.166.235.119 - - [25/Sep/2026:20:17:01 -0700] "GET /public/frontend/js/gijgo.min.js HTTP/1.1" 200 280230 "https://www.livewant.com/public/category/building" "Mozilla/5.0 (Macintosh; Intel Mac OS X 10_15_7) AppleWebKit/605.1.15 (KHTML, like Gecko) Version/17.4 Safari/605.1.15 (Applebot/0.1; +http://www.apple.com/go/applebot)"
17.166.235.119 - - [25/Sep/2026:20:17:02 -0700] "GET /public/frontend/js/slick.min.js HTTP/1.1" 200 42863 "https://www.livewant.com/public/category/building" "Mozilla/5.0 (Macintosh; Intel Mac OS X 10_15_7) AppleWebKit/605.1.15 (KHTML, like Gecko) Version/17.4 Safari/605.1.15 (Applebot/0.1; +http://www.apple.com/go/applebot)"
216.73.217.2 - - [25/Sep/2026:20:17:03 -0700] "GET /app/Interfaces/?C=S&O=A HTTP/1.1" 200 5820 "-" "Mozilla/5.0 AppleWebKit/537.36 (KHTML, like Gecko; compatible; ClaudeBot/1.0; +claudebot@anthropic.com)"
17.166.235.119 - - [25/Sep/2026:20:17:04 -0700] "GET /public/frontend/js/eleveti_zoom.js HTTP/1.1" 200 32922 "https://www.livewant.com/public/category/building" "Mozilla/5.0 (Macintosh; Intel Mac OS X 10_15_7) AppleWebKit/605.1.15 (KHTML, like Gecko) Version/17.4 Safari/605.1.15 (Applebot/0.1; +http://www.apple.com/go/applebot)"
216.73.217.2 - - [25/Sep/2026:20:17:05 -0700] "GET /vendor/symfony/http-kernel/HttpCache/HttpCache.php HTTP/1.1" 500 - "-" "Mozilla/5.0 AppleWebKit/537.36 (KHTML, like Gecko; compatible; ClaudeBot/1.0; +claudebot@anthropic.com)"
17.166.235.119 - - [25/Sep/2026:20:17:05 -0700] "GET /public/frontend/js/perfect-scrollbar.js HTTP/1.1" 200 38567 "https://www.livewant.com/public/category/building" "Mozilla/5.0 (Macintosh; Intel Mac OS X 10_15_7) AppleWebKit/605.1.15 (KHTML, like Gecko) Version/17.4 Safari/605.1.15 (Applebot/0.1; +http://www.apple.com/go/applebot)"
17.166.235.119 - - [25/Sep/2026:20:17:07 -0700] "GET /public/frontend/js/jquery.nav.js HTTP/1.1" 200 5138 "https://www.livewant.com/public/category/building" "Mozilla/5.0 (Macintosh; Intel Mac OS X 10_15_7) AppleWebKit/605.1.15 (KHTML, like Gecko) Version/17.4 Safari/605.1.15 (Applebot/0.1; +http://www.apple.com/go/applebot)"
17.166.235.119 - - [25/Sep/2026:20:17:08 -0700] "GET /public/frontend/js/summernote-lite.min.js HTTP/1.1" 200 163197 "https://www.livewant.com/public/category/building" "Mozilla/5.0 (Macintosh; Intel Mac OS X 10_15_7) AppleWebKit/605.1.15 (KHTML, like Gecko) Version/17.4 Safari/605.1.15 (Applebot/0.1; +http://www.apple.com/go/applebot)"
17.166.235.119 - - [25/Sep/2026:20:17:09 -0700] "GET /public/frontend/js/query-ui.js HTTP/1.1" 200 520714 "https://www.livewant.com/public/category/building" "Mozilla/5.0 (Macintosh; Intel Mac OS X 10_15_7) AppleWebKit/605.1.15 (KHTML, like Gecko) Version/17.4 Safari/605.1.15 (Applebot/0.1; +http://www.apple.com/go/applebot)"
216.73.217.2 - - [25/Sep/2026:20:17:10 -0700] "GET /vendor/symfony/http-kernel/HttpCache/SubRequestHandler.php HTTP/1.1" 200 - "-" "Mozilla/5.0 AppleWebKit/537.36 (KHTML, like Gecko; compatible; ClaudeBot/1.0; +claudebot@anthropic.com)"
17.166.235.119 - - [25/Sep/2026:20:17:11 -0700] "GET /public/frontend/js/jquery.countdown.min.js HTTP/1.1" 200 5369 "https://www.livewant.com/public/category/building" "Mozilla/5.0 (Macintosh; Intel Mac OS X 10_15_7) AppleWebKit/605.1.15 (KHTML, like Gecko) Version/17.4 Safari/605.1.15 (Applebot/0.1; +http://www.apple.com/go/applebot)"
17.166.235.119 - - [25/Sep/2026:20:17:12 -0700] "GET /public/frontend/js/toastr.min.js HTTP/1.1" 200 5251 "https://www.livewant.com/public/category/building" "Mozilla/5.0 (Macintosh; Intel Mac OS X 10_15_7) AppleWebKit/605.1.15 (KHTML, like Gecko) Version/17.4 Safari/605.1.15 (Applebot/0.1; +http://www.apple.com/go/applebot)"
17.166.235.119 - - [25/Sep/2026:20:17:14 -0700] "GET /public/frontend/js/mail-script.js HTTP/1.1" 200 1230 "https://www.livewant.com/public/category/building" "Mozilla/5.0 (Macintosh; Intel Mac OS X 10_15_7) AppleWebKit/605.1.15 (KHTML, like Gecko) Version/17.4 Safari/605.1.15 (Applebot/0.1; +http://www.apple.com/go/applebot)"
216.73.217.2 - - [25/Sep/2026:20:17:15 -0700] "GET /vendor/symfony/http-kernel/HttpCache/StoreInterface.php HTTP/1.1" 200 - "-" "Mozilla/5.0 AppleWebKit/537.36 (KHTML, like Gecko; compatible; ClaudeBot/1.0; +claudebot@anthropic.com)"
17.166.235.119 - - [25/Sep/2026:20:17:15 -0700] "GET /public/backend/assets/css/icon-fonts.css HTTP/1.1" 200 254535 "https://www.livewant.com/public/category/building" "Mozilla/5.0 (Macintosh; Intel Mac OS X 10_15_7) AppleWebKit/605.1.15 (KHTML, like Gecko) Version/17.4 Safari/605.1.15 (Applebot/0.1; +http://www.apple.com/go/applebot)"
17.166.235.119 - - [25/Sep/2026:20:17:17 -0700] "GET /public/frontend/js/map.js HTTP/1.1" 200 6285 "https://www.livewant.com/public/category/building" "Mozilla/5.0 (Macintosh; Intel Mac OS X 10_15_7) AppleWebKit/605.1.15 (KHTML, like Gecko) Version/17.4 Safari/605.1.15 (Applebot/0.1; +http://www.apple.com/go/applebot)"
17.166.235.119 - - [25/Sep/2026:20:17:18 -0700] "GET /public/frontend/js/main.js HTTP/1.1" 200 27455 "https://www.livewant.com/public/category/building" "Mozilla/5.0 (Macintosh; Intel Mac OS X 10_15_7) AppleWebKit/605.1.15 (KHTML, like Gecko) Version/17.4 Safari/605.1.15 (Applebot/0.1; +http://www.apple.com/go/applebot)"
17.166.235.119 - - [25/Sep/2026:20:17:19 -0700] "GET /public/frontend/js/custom.js HTTP/1.1" 200 3078 "https://www.livewant.com/public/category/building" "Mozilla/5.0 (Macintosh; Intel Mac OS X 10_15_7) AppleWebKit/605.1.15 (KHTML, like Gecko) Version/17.4 Safari/605.1.15 (Applebot/0.1; +http://www.apple.com/go/applebot)"
216.73.217.2 - - [25/Sep/2026:20:17:20 -0700] "GET /vendor/symfony/http-kernel/HttpCache/ResponseCacheStrategyInterface.php HTTP/1.1" 200 - "-" "Mozilla/5.0 AppleWebKit/537.36 (KHTML, like Gecko; compatible; ClaudeBot/1.0; +claudebot@anthropic.com)"
17.166.235.119 - - [25/Sep/2026:20:17:21 -0700] "POST /public/properties-filters HTTP/1.1" 200 7735 "https://www.livewant.com/public/category/building" "Mozilla/5.0 (Macintosh; Intel Mac OS X 10_15_7) AppleWebKit/605.1.15 (KHTML, like Gecko) Version/17.4 Safari/605.1.15 (Applebot/0.1; +http://www.apple.com/go/applebot)"
17.166.235.119 - - [25/Sep/2026:20:17:22 -0700] "POST /public/properties-categories HTTP/1.1" 200 165 "https://www.livewant.com/public/category/building" "Mozilla/5.0 (Macintosh; Intel Mac OS X 10_15_7) AppleWebKit/605.1.15 (KHTML, like Gecko) Version/17.4 Safari/605.1.15 (Applebot/0.1; +http://www.apple.com/go/applebot)"
216.73.217.2 - - [25/Sep/2026:20:17:25 -0700] "GET /vendor/symfony/http-kernel/HttpCache/ResponseCacheStrategy.php HTTP/1.1" 500 - "-" "Mozilla/5.0 AppleWebKit/537.36 (KHTML, like Gecko; compatible; ClaudeBot/1.0; +claudebot@anthropic.com)"
216.73.217.2 - - [25/Sep/2026:20:17:30 -0700] "GET /vendor/symfony/http-kernel/HttpCache/Store.php HTTP/1.1" 500 - "-" "Mozilla/5.0 AppleWebKit/537.36 (KHTML, like Gecko; compatible; ClaudeBot/1.0; +claudebot@anthropic.com)"
216.73.217.2 - - [25/Sep/2026:20:17:35 -0700] "GET /vendor/theseer/tokenizer/src/TokenCollectionException.php HTTP/1.1" 500 - "-" "Mozilla/5.0 AppleWebKit/537.36 (KHTML, like Gecko; compatible; ClaudeBot/1.0; +claudebot@anthropic.com)"
216.73.217.2 - - [25/Sep/2026:20:17:40 -0700] "GET /vendor/psr/container/src/NotFoundExceptionInterface.php HTTP/1.1" 500 - "-" "Mozilla/5.0 AppleWebKit/537.36 (KHTML, like Gecko; compatible; ClaudeBot/1.0; +claudebot@anthropic.com)"
216.73.217.2 - - [25/Sep/2026:20:17:45 -0700] "GET /vendor/symfony/http-kernel/HttpCache/SurrogateInterface.php HTTP/1.1" 200 - "-" "Mozilla/5.0 AppleWebKit/537.36 (KHTML, like Gecko; compatible; ClaudeBot/1.0; +claudebot@anthropic.com)"
216.73.217.2 - - [25/Sep/2026:20:17:50 -0700] "GET /vendor/theseer/tokenizer/src/TokenCollection.php HTTP/1.1" 200 - "-" "Mozilla/5.0 AppleWebKit/537.36 (KHTML, like Gecko; compatible; ClaudeBot/1.0; +claudebot@anthropic.com)"
216.73.217.2 - - [25/Sep/2026:20:17:55 -0700] "GET /storage/app/?C=M&O=A HTTP/1.1" 200 830 "-" "Mozilla/5.0 AppleWebKit/537.36 (KHTML, like Gecko; compatible; ClaudeBot/1.0; +claudebot@anthropic.com)"
216.73.217.2 - - [25/Sep/2026:20:18:00 -0700] "GET /storage/app/?C=D&O=A HTTP/1.1" 200 830 "-" "Mozilla/5.0 AppleWebKit/537.36 (KHTML, like Gecko; compatible; ClaudeBot/1.0; +claudebot@anthropic.com)"
216.73.217.2 - - [25/Sep/2026:20:18:05 -0700] "GET /storage/app/?C=S&O=A HTTP/1.1" 200 830 "-" "Mozilla/5.0 AppleWebKit/537.36 (KHTML, like Gecko; compatible; ClaudeBot/1.0; +claudebot@anthropic.com)"
216.73.217.2 - - [25/Sep/2026:20:18:07 -0700] "GET /vendor/symfony/http-kernel/DependencyInjection/RegisterControllerArgumentLocatorsPass.php HTTP/1.1" 500 - "-" "Mozilla/5.0 AppleWebKit/537.36 (KHTML, like Gecko; compatible; ClaudeBot/1.0; +claudebot@anthropic.com)"
216.73.217.2 - - [25/Sep/2026:20:18:12 -0700] "GET /vendor/fakerphp/faker/composer.json HTTP/1.1" 200 1743 "-" "Mozilla/5.0 AppleWebKit/537.36 (KHTML, like Gecko; compatible; ClaudeBot/1.0; +claudebot@anthropic.com)"
216.73.217.2 - - [25/Sep/2026:20:18:17 -0700] "GET /database/sql/?C=M&O=D HTTP/1.1" 200 842 "-" "Mozilla/5.0 AppleWebKit/537.36 (KHTML, like Gecko; compatible; ClaudeBot/1.0; +claudebot@anthropic.com)"
216.73.217.2 - - [25/Sep/2026:20:18:22 -0700] "GET /vendor/symfony/css-selector/XPath/Translator.php HTTP/1.1" 500 - "-" "Mozilla/5.0 AppleWebKit/537.36 (KHTML, like Gecko; compatible; ClaudeBot/1.0; +claudebot@anthropic.com)"
71.89.94.148 - - [25/Sep/2026:20:18:26 -0700] "GET /new HTTP/1.1" 301 273 "https://mail3.spectrum.net/" "Mozilla/5.0 (Linux; Android 10; K) AppleWebKit/537.36 (KHTML, like Gecko) Chrome/153.0.0.0 Mobile Safari/537.36"
71.89.94.148 - - [25/Sep/2026:20:18:26 -0700] "GET /new/ HTTP/1.1" 200 190 "https://mail3.spectrum.net/" "Mozilla/5.0 (Linux; Android 10; K) AppleWebKit/537.36 (KHTML, like Gecko) Chrome/153.0.0.0 Mobile Safari/537.36"
71.89.94.148 - - [25/Sep/2026:20:18:26 -0700] "GET /favicon.ico HTTP/1.1" 200 15406 "https://livewant.com/new/" "Mozilla/5.0 (Linux; Android 10; K) AppleWebKit/537.36 (KHTML, like Gecko) Chrome/153.0.0.0 Mobile Safari/537.36"
216.73.217.2 - - [25/Sep/2026:20:18:27 -0700] "GET /vendor/symfony/http-kernel/composer.json HTTP/1.1" 200 2680 "-" "Mozilla/5.0 AppleWebKit/537.36 (KHTML, like Gecko; compatible; ClaudeBot/1.0; +claudebot@anthropic.com)"
216.73.217.2 - - [25/Sep/2026:20:18:32 -0700] "GET /vendor/symfony/http-kernel/Profiler/ HTTP/1.1" 200 1471 "-" "Mozilla/5.0 AppleWebKit/537.36 (KHTML, like Gecko; compatible; ClaudeBot/1.0; +claudebot@anthropic.com)"
136.22.146.10 - - [25/Sep/2026:20:18:32 -0700] "GET /new/ HTTP/1.1" 200 190 "-" "Mozilla/5.0 (Linux; Android 10; K) AppleWebKit/537.36 (KHTML, like Gecko) Chrome/151.0.0.0 Mobile Safari/537.36"
136.22.146.10 - - [25/Sep/2026:20:18:32 -0700] "GET /favicon.ico HTTP/1.1" 200 15406 "https://livewant.com/new/" "Mozilla/5.0 (Linux; Android 10; K) AppleWebKit/537.36 (KHTML, like Gecko) Chrome/151.0.0.0 Mobile Safari/537.36"
216.73.217.2 - - [25/Sep/2026:20:18:37 -0700] "GET /vendor/symfony/http-kernel/DependencyInjection/ResettableServicePass.php HTTP/1.1" 500 - "-" "Mozilla/5.0 AppleWebKit/537.36 (KHTML, like Gecko; compatible; ClaudeBot/1.0; +claudebot@anthropic.com)"
216.73.217.2 - - [25/Sep/2026:20:18:42 -0700] "GET /vendor/symfony/http-kernel/DependencyInjection/MergeExtensionConfigurationPass.php HTTP/1.1" 500 - "-" "Mozilla/5.0 AppleWebKit/537.36 (KHTML, like Gecko; compatible; ClaudeBot/1.0; +claudebot@anthropic.com)"
43.159.128.155 - - [25/Sep/2026:20:18:42 -0700] "GET /vendor/vlucas/phpdotenv/LICENSE HTTP/1.1" 200 1557 "-" "Mozilla/5.0 (iPhone; CPU iPhone OS 13_2_3 like Mac OS X) AppleWebKit/605.1.15 (KHTML, like Gecko) Version/13.0.3 Mobile/15E148 Safari/604.1"
216.73.217.2 - - [25/Sep/2026:20:18:47 -0700] "GET /vendor/symfony/http-kernel/DataCollector/ HTTP/1.1" 200 3228 "-" "Mozilla/5.0 AppleWebKit/537.36 (KHTML, like Gecko; compatible; ClaudeBot/1.0; +claudebot@anthropic.com)"
216.73.217.2 - - [25/Sep/2026:20:18:52 -0700] "GET /vendor/symfony/http-kernel/CacheWarmer/ HTTP/1.1" 200 1490 "-" "Mozilla/5.0 AppleWebKit/537.36 (KHTML, like Gecko; compatible; ClaudeBot/1.0; +claudebot@anthropic.com)"
216.73.217.2 - - [25/Sep/2026:20:18:57 -0700] "GET /config/sanctum.php HTTP/1.1" 500 - "-" "Mozilla/5.0 AppleWebKit/537.36 (KHTML, like Gecko; compatible; ClaudeBot/1.0; +claudebot@anthropic.com)"
216.73.217.2 - - [25/Sep/2026:20:18:58 -0700] "GET /vendor/sebastian/type/ HTTP/1.1" 200 1392 "-" "Mozilla/5.0 AppleWebKit/537.36 (KHTML, like Gecko; compatible; ClaudeBot/1.0; +claudebot@anthropic.com)"
216.73.217.2 - - [25/Sep/2026:20:19:03 -0700] "GET /vendor/symfony/css-selector/CssSelectorConverter.php HTTP/1.1" 200 - "-" "Mozilla/5.0 AppleWebKit/537.36 (KHTML, like Gecko; compatible; ClaudeBot/1.0; +claudebot@anthropic.com)"
216.73.217.2 - - [25/Sep/2026:20:19:08 -0700] "GET /vendor/symfony/http-kernel/DependencyInjection/FragmentRendererPass.php HTTP/1.1" 500 - "-" "Mozilla/5.0 AppleWebKit/537.36 (KHTML, like Gecko; compatible; ClaudeBot/1.0; +claudebot@anthropic.com)"
216.73.217.2 - - [25/Sep/2026:20:19:12 -0700] "GET /vendor/symfony/css-selector/Parser/Handler/ HTTP/1.1" 200 2049 "-" "Mozilla/5.0 AppleWebKit/537.36 (KHTML, like Gecko; compatible; ClaudeBot/1.0; +claudebot@anthropic.com)"
216.73.217.2 - - [25/Sep/2026:20:19:17 -0700] "GET /vendor/symfony/http-kernel/DependencyInjection/RegisterLocaleAwareServicesPass.php HTTP/1.1" 500 - "-" "Mozilla/5.0 AppleWebKit/537.36 (KHTML, like Gecko; compatible; ClaudeBot/1.0; +claudebot@anthropic.com)"
