96.33.168.209 - - [25/Sep/2026:18:16:30 -0700] "GET /new/ HTTP/1.1" 200 190 "android-app://com.google.android.gm/" "Mozilla/5.0 (Linux; Android 10; K) AppleWebKit/537.36 (KHTML, like Gecko) SamsungBrowser/30.0 Chrome/143.0.0.0 Mobile Safari/537.36"
96.33.168.209 - - [25/Sep/2026:18:16:30 -0700] "GET /favicon.ico HTTP/1.1" 200 15406 "https://livewant.com/new/" "Mozilla/5.0 (Linux; Android 10; K) AppleWebKit/537.36 (KHTML, like Gecko) SamsungBrowser/30.0 Chrome/143.0.0.0 Mobile Safari/537.36"
216.73.217.2 - - [25/Sep/2026:18:16:31 -0700] "GET /vendor/sabberworm/ HTTP/1.1" 200 849 "-" "Mozilla/5.0 AppleWebKit/537.36 (KHTML, like Gecko; compatible; ClaudeBot/1.0; +claudebot@anthropic.com)"
216.73.217.2 - - [25/Sep/2026:18:16:36 -0700] "GET /vendor/symfony/polyfill-intl-normalizer/bootstrap80.php HTTP/1.1" 200 - "-" "Mozilla/5.0 AppleWebKit/537.36 (KHTML, like Gecko; compatible; ClaudeBot/1.0; +claudebot@anthropic.com)"
216.73.217.2 - - [25/Sep/2026:18:16:41 -0700] "GET /tests/?C=D&O=A HTTP/1.1" 200 1354 "-" "Mozilla/5.0 AppleWebKit/537.36 (KHTML, like Gecko; compatible; ClaudeBot/1.0; +claudebot@anthropic.com)"
216.73.217.2 - - [25/Sep/2026:18:16:43 -0700] "GET /app/View/?C=D&O=A HTTP/1.1" 200 1002 "-" "Mozilla/5.0 AppleWebKit/537.36 (KHTML, like Gecko; compatible; ClaudeBot/1.0; +claudebot@anthropic.com)"
216.73.217.2 - - [25/Sep/2026:18:16:48 -0700] "GET /app/Interfaces/?C=N&O=D HTTP/1.1" 200 5820 "-" "Mozilla/5.0 AppleWebKit/537.36 (KHTML, like Gecko; compatible; ClaudeBot/1.0; +claudebot@anthropic.com)"
216.73.217.2 - - [25/Sep/2026:18:16:53 -0700] "GET /database/migrations/?C=M&O=A HTTP/1.1" 200 13483 "-" "Mozilla/5.0 AppleWebKit/537.36 (KHTML, like Gecko; compatible; ClaudeBot/1.0; +claudebot@anthropic.com)"
216.73.217.2 - - [25/Sep/2026:18:16:58 -0700] "GET /tests/?C=S&O=A HTTP/1.1" 200 1354 "-" "Mozilla/5.0 AppleWebKit/537.36 (KHTML, like Gecko; compatible; ClaudeBot/1.0; +claudebot@anthropic.com)"
216.73.217.2 - - [25/Sep/2026:18:17:03 -0700] "GET /app/View/?C=S&O=A HTTP/1.1" 200 1002 "-" "Mozilla/5.0 AppleWebKit/537.36 (KHTML, like Gecko; compatible; ClaudeBot/1.0; +claudebot@anthropic.com)"
216.73.217.2 - - [25/Sep/2026:18:17:08 -0700] "GET /app/Repositories/?C=N&O=D HTTP/1.1" 200 6022 "-" "Mozilla/5.0 AppleWebKit/537.36 (KHTML, like Gecko; compatible; ClaudeBot/1.0; +claudebot@anthropic.com)"
216.73.217.2 - - [25/Sep/2026:18:17:14 -0700] "GET /admin.php?file=%2Fhome%2Flivewant%2Fpublic_html%2Fpre-composer.lock HTTP/1.1" 200 6397 "-" "Mozilla/5.0 AppleWebKit/537.36 (KHTML, like Gecko; compatible; ClaudeBot/1.0; +claudebot@anthropic.com)"
43.157.148.38 - - [25/Sep/2026:18:17:16 -0700] "GET /vendor/vlucas/?C=N;O=A HTTP/1.1" 200 836 "-" "Mozilla/5.0 (iPhone; CPU iPhone OS 13_2_3 like Mac OS X) AppleWebKit/605.1.15 (KHTML, like Gecko) Version/13.0.3 Mobile/15E148 Safari/604.1"
216.73.217.2 - - [25/Sep/2026:18:17:18 -0700] "GET /admin.php?ynzmini=%2Fhome%2Flivewant%2Fpublic_html%2Flang HTTP/1.1" 200 7609 "-" "Mozilla/5.0 AppleWebKit/537.36 (KHTML, like Gecko; compatible; ClaudeBot/1.0; +claudebot@anthropic.com)"
216.73.217.2 - - [25/Sep/2026:18:17:22 -0700] "GET /app/Http/?C=D&O=A HTTP/1.1" 200 1537 "-" "Mozilla/5.0 AppleWebKit/537.36 (KHTML, like Gecko; compatible; ClaudeBot/1.0; +claudebot@anthropic.com)"
49.13.24.81 - - [25/Sep/2026:18:17:26 -0700] "HEAD / HTTP/1.1" 200 - "https://livewant.com" "Mozilla/5.0+(compatible; UptimeRobot/2.0; http://www.uptimerobot.com/)"
216.73.217.2 - - [25/Sep/2026:18:17:27 -0700] "GET /tests/Feature/?C=D&O=A HTTP/1.1" 200 840 "-" "Mozilla/5.0 AppleWebKit/537.36 (KHTML, like Gecko; compatible; ClaudeBot/1.0; +claudebot@anthropic.com)"
216.73.217.2 - - [25/Sep/2026:18:17:30 -0700] "GET /vendor/nwidart/laravel-modules/ HTTP/1.1" 200 1586 "-" "Mozilla/5.0 AppleWebKit/537.36 (KHTML, like Gecko; compatible; ClaudeBot/1.0; +claudebot@anthropic.com)"
216.73.217.2 - - [25/Sep/2026:18:17:35 -0700] "GET /resources/css/?C=N&O=D HTTP/1.1" 200 836 "-" "Mozilla/5.0 AppleWebKit/537.36 (KHTML, like Gecko; compatible; ClaudeBot/1.0; +claudebot@anthropic.com)"
216.73.217.2 - - [25/Sep/2026:18:17:40 -0700] "GET /app/Models/?C=N&O=D HTTP/1.1" 200 9479 "-" "Mozilla/5.0 AppleWebKit/537.36 (KHTML, like Gecko; compatible; ClaudeBot/1.0; +claudebot@anthropic.com)"
216.73.217.2 - - [25/Sep/2026:18:17:41 -0700] "GET /vendor/webmozart/ HTTP/1.1" 200 839 "-" "Mozilla/5.0 AppleWebKit/537.36 (KHTML, like Gecko; compatible; ClaudeBot/1.0; +claudebot@anthropic.com)"
216.73.217.2 - - [25/Sep/2026:18:17:46 -0700] "GET /vendor/doctrine/ HTTP/1.1" 200 1195 "-" "Mozilla/5.0 AppleWebKit/537.36 (KHTML, like Gecko; compatible; ClaudeBot/1.0; +claudebot@anthropic.com)"
216.73.217.2 - - [25/Sep/2026:18:17:51 -0700] "GET /vendor/monolog/ HTTP/1.1" 200 836 "-" "Mozilla/5.0 AppleWebKit/537.36 (KHTML, like Gecko; compatible; ClaudeBot/1.0; +claudebot@anthropic.com)"
3.77.67.4 - - [25/Sep/2026:18:17:53 -0700] "HEAD / HTTP/1.1" 200 - "https://www.livewant.com" "Mozilla/5.0+(compatible; UptimeRobot/2.0; http://www.uptimerobot.com/)"
216.73.217.2 - - [25/Sep/2026:18:17:56 -0700] "GET /admin.php?ynzmini=%2Fhome%2Flivewant%2Fpublic_html%2Fdocker%2F.. HTTP/1.1" 200 14080 "-" "Mozilla/5.0 AppleWebKit/537.36 (KHTML, like Gecko; compatible; ClaudeBot/1.0; +claudebot@anthropic.com)"
216.73.217.2 - - [25/Sep/2026:18:18:01 -0700] "GET /vendor/phar-io/version/ HTTP/1.1" 200 1392 "-" "Mozilla/5.0 AppleWebKit/537.36 (KHTML, like Gecko; compatible; ClaudeBot/1.0; +claudebot@anthropic.com)"
216.73.217.2 - - [25/Sep/2026:18:18:06 -0700] "GET /resources/css/?C=M&O=A HTTP/1.1" 200 836 "-" "Mozilla/5.0 AppleWebKit/537.36 (KHTML, like Gecko; compatible; ClaudeBot/1.0; +claudebot@anthropic.com)"
216.73.217.2 - - [25/Sep/2026:18:18:11 -0700] "GET /admin.php?ynzmini=%2Fhome%2Flivewant%2Fpublic_html%2FMain_File HTTP/1.1" 200 6815 "-" "Mozilla/5.0 AppleWebKit/537.36 (KHTML, like Gecko; compatible; ClaudeBot/1.0; +claudebot@anthropic.com)"
71.92.35.224 - - [25/Sep/2026:18:18:12 -0700] "GET /new HTTP/1.1" 301 273 "https://mail3.spectrum.net/" "Mozilla/5.0 (Windows NT 10.0; Win64; x64) AppleWebKit/537.36 (KHTML, like Gecko) Chrome/153.0.0.0 Safari/537.36 Edg/153.0.0.0"
71.92.35.224 - - [25/Sep/2026:18:18:12 -0700] "GET /new/ HTTP/1.1" 200 190 "https://mail3.spectrum.net/" "Mozilla/5.0 (Windows NT 10.0; Win64; x64) AppleWebKit/537.36 (KHTML, like Gecko) Chrome/153.0.0.0 Safari/537.36 Edg/153.0.0.0"
71.92.35.224 - - [25/Sep/2026:18:18:12 -0700] "GET /favicon.ico HTTP/1.1" 200 15406 "https://livewant.com/new/" "Mozilla/5.0 (Windows NT 10.0; Win64; x64) AppleWebKit/537.36 (KHTML, like Gecko) Chrome/153.0.0.0 Safari/537.36 Edg/153.0.0.0"
216.73.217.2 - - [25/Sep/2026:18:18:16 -0700] "GET /tests/Unit/?C=M&O=A HTTP/1.1" 200 834 "-" "Mozilla/5.0 AppleWebKit/537.36 (KHTML, like Gecko; compatible; ClaudeBot/1.0; +claudebot@anthropic.com)"
216.73.217.2 - - [25/Sep/2026:18:18:18 -0700] "GET /storage/debugbar/X3412fb4c58018225f872cb917073b5d8.json HTTP/1.1" 200 67044 "-" "Mozilla/5.0 AppleWebKit/537.36 (KHTML, like Gecko; compatible; ClaudeBot/1.0; +claudebot@anthropic.com)"
216.73.217.2 - - [25/Sep/2026:18:18:23 -0700] "GET /admin.php?ynzmini=%2Fhome%2Flivewant%2F%2F.subaccounts HTTP/1.1" 200 6858 "-" "Mozilla/5.0 AppleWebKit/537.36 (KHTML, like Gecko; compatible; ClaudeBot/1.0; +claudebot@anthropic.com)"
216.73.217.2 - - [25/Sep/2026:18:18:28 -0700] "GET /admin.php?ynzmini=%2Fhome%2Flivewant%2F%2F.softaculous HTTP/1.1" 200 7513 "-" "Mozilla/5.0 AppleWebKit/537.36 (KHTML, like Gecko; compatible; ClaudeBot/1.0; +claudebot@anthropic.com)"
186.207.162.180 - - [25/Sep/2026:18:18:31 -0700] "GET / HTTP/1.1" 200 6170 "-" "Mozilla/5.0 (Windows NT 10.0; Win64; x64) AppleWebKit/537.36 (KHTML, like Gecko) Chrome/152.0.0.0 Safari/537.36"
186.207.162.180 - - [25/Sep/2026:18:18:32 -0700] "GET /favicon.ico HTTP/1.1" 200 15406 "https://livewant.com/" "Mozilla/5.0 (Windows NT 10.0; Win64; x64) AppleWebKit/537.36 (KHTML, like Gecko) Chrome/152.0.0.0 Safari/537.36"
216.73.217.2 - - [25/Sep/2026:18:18:33 -0700] "GET /admin.php?file=%2Fhome%2Flivewant%2Fpublic_html%2Fcomposer.json HTTP/1.1" 200 9576 "-" "Mozilla/5.0 AppleWebKit/537.36 (KHTML, like Gecko; compatible; ClaudeBot/1.0; +claudebot@anthropic.com)"
216.73.217.2 - - [25/Sep/2026:18:18:37 -0700] "GET /storage/framework/sessions/?C=M&O=A HTTP/1.1" 200 17575 "-" "Mozilla/5.0 AppleWebKit/537.36 (KHTML, like Gecko; compatible; ClaudeBot/1.0; +claudebot@anthropic.com)"
216.73.217.2 - - [25/Sep/2026:18:18:42 -0700] "GET /admin.php?ynzmini=%2Fhome%2Flivewant%2F%2F.pm2 HTTP/1.1" 200 7747 "-" "Mozilla/5.0 AppleWebKit/537.36 (KHTML, like Gecko; compatible; ClaudeBot/1.0; +claudebot@anthropic.com)"
216.73.217.2 - - [25/Sep/2026:18:18:47 -0700] "GET /app/Mail/?C=M&O=A HTTP/1.1" 200 1379 "-" "Mozilla/5.0 AppleWebKit/537.36 (KHTML, like Gecko; compatible; ClaudeBot/1.0; +claudebot@anthropic.com)"
78.46.215.1 - - [25/Sep/2026:18:18:48 -0700] "HEAD / HTTP/1.1" 200 - "https://www.livewant.com" "Mozilla/5.0+(compatible; UptimeRobot/2.0; http://www.uptimerobot.com/)"
216.73.217.2 - - [25/Sep/2026:18:18:55 -0700] "GET /storage/framework/sessions/?C=S&O=A HTTP/1.1" 200 17575 "-" "Mozilla/5.0 AppleWebKit/537.36 (KHTML, like Gecko; compatible; ClaudeBot/1.0; +claudebot@anthropic.com)"
216.73.217.2 - - [25/Sep/2026:18:18:58 -0700] "GET /lang/?C=N&O=D HTTP/1.1" 200 1317 "-" "Mozilla/5.0 AppleWebKit/537.36 (KHTML, like Gecko; compatible; ClaudeBot/1.0; +claudebot@anthropic.com)"
216.73.217.2 - - [25/Sep/2026:18:19:03 -0700] "GET /admin.php?file=%2Fhome%2Flivewant%2F.myimunify_id HTTP/1.1" 200 6451 "-" "Mozilla/5.0 AppleWebKit/537.36 (KHTML, like Gecko; compatible; ClaudeBot/1.0; +claudebot@anthropic.com)"
216.73.217.2 - - [25/Sep/2026:18:19:08 -0700] "GET /admin.php?ynzmini=%2Fhome%2Flivewant%2Fmy.livewant.com HTTP/1.1" 200 7036 "-" "Mozilla/5.0 AppleWebKit/537.36 (KHTML, like Gecko; compatible; ClaudeBot/1.0; +claudebot@anthropic.com)"
216.73.217.2 - - [25/Sep/2026:18:19:13 -0700] "GET /vendor/psy/?C=N&O=D HTTP/1.1" 200 826 "-" "Mozilla/5.0 AppleWebKit/537.36 (KHTML, like Gecko; compatible; ClaudeBot/1.0; +claudebot@anthropic.com)"
216.73.217.2 - - [25/Sep/2026:18:19:18 -0700] "GET /vendor/psy/?C=M&O=A HTTP/1.1" 200 826 "-" "Mozilla/5.0 AppleWebKit/537.36 (KHTML, like Gecko; compatible; ClaudeBot/1.0; +claudebot@anthropic.com)"
71.92.35.224 - - [25/Sep/2026:18:19:19 -0700] "GET /new/ HTTP/1.1" 200 190 "https://mail3.spectrum.net/" "Mozilla/5.0 (Windows NT 10.0; Win64; x64) AppleWebKit/537.36 (KHTML, like Gecko) Chrome/153.0.0.0 Safari/537.36 Edg/153.0.0.0"
216.73.217.2 - - [25/Sep/2026:18:19:23 -0700] "GET /vendor/psy/?C=D&O=A HTTP/1.1" 200 826 "-" "Mozilla/5.0 AppleWebKit/537.36 (KHTML, like Gecko; compatible; ClaudeBot/1.0; +claudebot@anthropic.com)"
216.73.217.2 - - [25/Sep/2026:18:19:28 -0700] "GET /vendor/psy/?C=S&O=A HTTP/1.1" 200 826 "-" "Mozilla/5.0 AppleWebKit/537.36 (KHTML, like Gecko; compatible; ClaudeBot/1.0; +claudebot@anthropic.com)"
216.73.217.2 - - [25/Sep/2026:18:19:33 -0700] "GET /vendor/myclabs/deep-copy/LICENSE HTTP/1.1" 200 1077 "-" "Mozilla/5.0 AppleWebKit/537.36 (KHTML, like Gecko; compatible; ClaudeBot/1.0; +claudebot@anthropic.com)"
216.73.217.2 - - [25/Sep/2026:18:19:38 -0700] "GET /vendor/myclabs/deep-copy/?C=N&O=D HTTP/1.1" 200 1216 "-" "Mozilla/5.0 AppleWebKit/537.36 (KHTML, like Gecko; compatible; ClaudeBot/1.0; +claudebot@anthropic.com)"
216.73.217.2 - - [25/Sep/2026:18:19:43 -0700] "GET /vendor/myclabs/deep-copy/?C=M&O=A HTTP/1.1" 200 1216 "-" "Mozilla/5.0 AppleWebKit/537.36 (KHTML, like Gecko; compatible; ClaudeBot/1.0; +claudebot@anthropic.com)"
216.73.217.2 - - [25/Sep/2026:18:19:48 -0700] "GET /vendor/myclabs/deep-copy/?C=D&O=A HTTP/1.1" 200 1216 "-" "Mozilla/5.0 AppleWebKit/537.36 (KHTML, like Gecko; compatible; ClaudeBot/1.0; +claudebot@anthropic.com)"
216.73.217.2 - - [25/Sep/2026:18:19:53 -0700] "GET /vendor/myclabs/deep-copy/?C=S&O=A HTTP/1.1" 200 1216 "-" "Mozilla/5.0 AppleWebKit/537.36 (KHTML, like Gecko; compatible; ClaudeBot/1.0; +claudebot@anthropic.com)"
216.73.217.2 - - [25/Sep/2026:18:19:58 -0700] "GET /vendor/composer/?C=D&O=A HTTP/1.1" 200 2881 "-" "Mozilla/5.0 AppleWebKit/537.36 (KHTML, like Gecko; compatible; ClaudeBot/1.0; +claudebot@anthropic.com)"
216.73.217.2 - - [25/Sep/2026:18:20:03 -0700] "GET /vendor/maximebf/?C=D&O=A HTTP/1.1" 200 839 "-" "Mozilla/5.0 AppleWebKit/537.36 (KHTML, like Gecko; compatible; ClaudeBot/1.0; +claudebot@anthropic.com)"
216.73.217.2 - - [25/Sep/2026:18:20:08 -0700] "GET /vendor/symfony/service-contracts/ HTTP/1.1" 200 2565 "-" "Mozilla/5.0 AppleWebKit/537.36 (KHTML, like Gecko; compatible; ClaudeBot/1.0; +claudebot@anthropic.com)"
35.205.198.206 - - [25/Sep/2026:18:20:09 -0700] "GET / HTTP/1.1" 200 6170 "-" "Mozilla/5.0 (Windows NT 10.0; Win64; x64) AppleWebKit/537.36 (KHTML, like Gecko) Chrome/152.0.0.0 Safari/537.36"
35.205.198.206 - - [25/Sep/2026:18:20:10 -0700] "GET /?C=N;O=D HTTP/1.1" 200 6170 "-" "Mozilla/5.0 (Windows NT 10.0; Win64; x64) AppleWebKit/537.36 (KHTML, like Gecko) Chrome/152.0.0.0 Safari/537.36"
35.205.198.206 - - [25/Sep/2026:18:20:10 -0700] "POST / HTTP/1.1" 404 - "-" "Mozilla/5.0 (compatible; YiBot/1.0; +https://01.ai/)"
35.205.198.206 - - [25/Sep/2026:18:20:10 -0700] "GET /z9x8c7v6b5-debug-trigger-livewant.com HTTP/1.1" 404 - "-" "Mozilla/5.0 (Macintosh; Intel Mac OS X 10_15_7) AppleWebKit/537.36 (KHTML, like Gecko) Chrome/131.0.0.0 Safari/537.36; compatible; OAI-SearchBot/1.4; +https://openai.com/searchbot"
35.205.198.206 - - [25/Sep/2026:18:20:10 -0700] "GET /k7w8nlemxt08qdsbhdne HTTP/1.1" 404 - "-" "CCBot/2.0 (https://commoncrawl.org/faq/)"
35.205.198.206 - - [25/Sep/2026:18:20:10 -0700] "GET /16siv1oimgtxsmql7jqj HTTP/1.1" 404 - "-" "Mozilla/5.0 (compatible; Bytespider; spider-feedback@bytedance.com) AppleWebKit/537.36"
35.205.198.206 - - [25/Sep/2026:18:20:11 -0700] "GET /?C=M;O=A HTTP/1.1" 200 6170 "-" "Mozilla/5.0 (Windows NT 10.0; Win64; x64) AppleWebKit/537.36 (KHTML, like Gecko) Chrome/152.0.0.0 Safari/537.36"
35.205.198.206 - - [25/Sep/2026:18:20:11 -0700] "POST /graphql HTTP/1.1" 404 - "https://livewant.com" "Mozilla/5.0 (Windows NT 10.0; Win64; x64) AppleWebKit/537.36 (KHTML, like Gecko) Chrome/152.0.0.0 Safari/537.36"
35.205.198.206 - - [25/Sep/2026:18:20:11 -0700] "GET /wp-config.php.old HTTP/1.1" 404 - "-" "Mozilla/5.0 (compatible; cohere-ai; +https://cohere.com/crawler)"
35.205.198.206 - - [25/Sep/2026:18:20:11 -0700] "POST /login HTTP/1.1" 404 - "-" "Mozilla/5.0 (compatible; Qwenbot/1.0; +https://qwen.alibaba.com/)"
35.205.198.206 - - [25/Sep/2026:18:20:11 -0700] "GET /wp-config.php.bak HTTP/1.1" 404 - "-" "Mozilla/5.0 (compatible; PanguBot/1.0; +https://www.huaweicloud.com/)"
35.205.198.206 - - [25/Sep/2026:18:20:11 -0700] "GET /config/env/aws_credentials.env HTTP/1.1" 404 - "-" "Mozilla/5.0 (compatible; cohere-ai; +https://cohere.com/crawler)"
35.205.198.206 - - [25/Sep/2026:18:20:11 -0700] "GET /laravel/.env HTTP/1.1" 404 - "-" "Mozilla/5.0 (compatible; PanguBot/1.0; +https://www.huaweicloud.com/)"
35.205.198.206 - - [25/Sep/2026:18:20:11 -0700] "GET /?C=S;O=A HTTP/1.1" 200 6170 "-" "Mozilla/5.0 (Windows NT 10.0; Win64; x64) AppleWebKit/537.36 (KHTML, like Gecko) Chrome/152.0.0.0 Safari/537.36"
35.205.198.206 - - [25/Sep/2026:18:20:12 -0700] "POST /api/graphql HTTP/1.1" 404 - "https://livewant.com" "Mozilla/5.0 (Windows NT 10.0; Win64; x64) AppleWebKit/537.36 (KHTML, like Gecko) Chrome/152.0.0.0 Safari/537.36"
35.205.198.206 - - [25/Sep/2026:18:20:12 -0700] "GET /Main_File/ HTTP/1.1" 200 643 "-" "Mozilla/5.0 (Windows NT 10.0; Win64; x64) AppleWebKit/537.36 (KHTML, like Gecko) Chrome/152.0.0.0 Safari/537.36"
35.205.198.206 - - [25/Sep/2026:18:20:12 -0700] "GET /vite.config.js HTTP/1.1" 200 312 "-" "Mozilla/5.0 (Windows NT 10.0; Win64; x64) AppleWebKit/537.36 (KHTML, like Gecko) Chrome/152.0.0.0 Safari/537.36"
35.205.198.206 - - [25/Sep/2026:18:20:12 -0700] "GET /config/ HTTP/1.1" 200 3492 "-" "Mozilla/5.0 (Windows NT 10.0; Win64; x64) AppleWebKit/537.36 (KHTML, like Gecko) Chrome/152.0.0.0 Safari/537.36"
35.205.198.206 - - [25/Sep/2026:18:20:12 -0700] "GET /.env.php.bak HTTP/1.1" 404 - "-" "Mozilla/5.0 (Macintosh; Intel Mac OS X 10_15_7) AppleWebKit/605.1.15 (KHTML, like Gecko) Version/17.0 Safari/605.1.15 (Applebot/0.1)"
35.205.198.206 - - [25/Sep/2026:18:20:12 -0700] "GET /config.php.bak HTTP/1.1" 404 - "-" "Mozilla/5.0 (compatible; Amazonbot/0.1; +https://developer.amazon.com/support/amazonbot)"
35.205.198.206 - - [25/Sep/2026:18:20:12 -0700] "GET /auth.json HTTP/1.1" 404 - "-" "Mozilla/5.0 AppleWebKit/537.36 (KHTML, like Gecko; compatible; Claude-SearchBot/1.0; +claudebot@anthropic.com)"
35.205.198.206 - - [25/Sep/2026:18:20:12 -0700] "GET /config/.env.php HTTP/1.1" 404 16 "-" "Mozilla/5.0 (compatible; Google-Extended; +http://www.google.com/bot.html)"
35.205.198.206 - - [25/Sep/2026:18:20:12 -0700] "GET /configuration.php.bak HTTP/1.1" 404 - "-" "Mozilla/5.0 (compatible; GrokBot/1.0; +https://x.ai/)"
35.205.198.206 - - [25/Sep/2026:18:20:12 -0700] "GET /admin.php HTTP/1.1" 200 35525 "-" "Mozilla/5.0 (Windows NT 10.0; Win64; x64) AppleWebKit/537.36 (KHTML, like Gecko) Chrome/152.0.0.0 Safari/537.36"
35.205.198.206 - - [25/Sep/2026:18:20:11 -0700] "GET /storage/logs/laravel.log HTTP/1.1" 200 333593267 "-" "Mozilla/5.0 (compatible; Bytespider; spider-feedback@bytedance.com) AppleWebKit/537.36"
35.205.198.206 - - [25/Sep/2026:18:20:12 -0700] "GET /.env.dev HTTP/1.1" 404 - "-" "Mozilla/5.0 (compatible; YiBot/1.0; +https://01.ai/)"
216.73.217.2 - - [25/Sep/2026:18:20:12 -0700] "GET /tests/?C=S&O=A HTTP/1.1" 200 1354 "-" "Mozilla/5.0 AppleWebKit/537.36 (KHTML, like Gecko; compatible; ClaudeBot/1.0; +claudebot@anthropic.com)"
35.205.198.206 - - [25/Sep/2026:18:20:14 -0700] "POST /v1/graphql HTTP/1.1" 404 - "https://livewant.com" "Mozilla/5.0 (Windows NT 10.0; Win64; x64) AppleWebKit/537.36 (KHTML, like Gecko) Chrome/152.0.0.0 Safari/537.36"
35.205.198.206 - - [25/Sep/2026:18:20:14 -0700] "GET /storage/.env HTTP/1.1" 404 - "-" "Mozilla/5.0 AppleWebKit/537.36 (KHTML, like Gecko; compatible; PerplexityBot/1.0; +https://perplexity.ai/perplexitybot)"
35.205.198.206 - - [25/Sep/2026:18:20:14 -0700] "GET /.env.swp HTTP/1.1" 404 - "-" "Mozilla/5.0 AppleWebKit/537.36 (KHTML, like Gecko; compatible; Claude-User/1.0; +claudebot@anthropic.com)"
35.205.198.206 - - [25/Sep/2026:18:20:14 -0700] "GET /wp-config.php~ HTTP/1.1" 404 - "-" "Mozilla/5.0 AppleWebKit/537.36 (KHTML, like Gecko; compatible; Claude-SearchBot/1.0; +claudebot@anthropic.com)"
35.205.198.206 - - [25/Sep/2026:18:20:14 -0700] "GET /wp-config.old HTTP/1.1" 404 - "-" "Mozilla/5.0 (compatible; YouBot/1.0; +https://you.com/bot)"
35.205.198.206 - - [25/Sep/2026:18:20:14 -0700] "GET /wp/.env HTTP/1.1" 404 - "-" "CCBot/2.0 (https://commoncrawl.org/faq/)"
35.205.198.206 - - [25/Sep/2026:18:20:14 -0700] "GET /wp-config.php.swp HTTP/1.1" 404 - "-" "Mozilla/5.0 AppleWebKit/537.36 (KHTML, like Gecko; compatible; PerplexityBot/1.0; +https://perplexity.ai/perplexitybot)"
35.205.198.206 - - [25/Sep/2026:18:20:14 -0700] "GET /bootstrap.properties HTTP/1.1" 404 - "-" "Mozilla/5.0 AppleWebKit/537.36 (KHTML, like Gecko; compatible; Claude-SearchBot/1.0; +claudebot@anthropic.com)"
35.205.198.206 - - [25/Sep/2026:18:20:14 -0700] "GET /telescope/requests HTTP/1.1" 404 - "-" "Mozilla/5.0 (compatible; MistralAI-User/1.0; +https://mistral.ai/)"
35.205.198.206 - - [25/Sep/2026:18:20:14 -0700] "GET /application.properties HTTP/1.1" 404 - "-" "Mozilla/5.0 AppleWebKit/537.36 (KHTML, like Gecko; compatible; Perplexity-User/1.0; +https://perplexity.ai/perplexitybot)"
35.205.198.206 - - [25/Sep/2026:18:20:14 -0700] "GET /config/application.properties HTTP/1.1" 404 - "-" "Mozilla/5.0 (compatible; Meta-ExternalAgent/1.0; +https://developers.facebook.com/docs/sharing/webmasters/crawler)"
35.205.198.206 - - [25/Sep/2026:18:20:14 -0700] "GET /application.yml HTTP/1.1" 404 - "-" "Mozilla/5.0 AppleWebKit/537.36 (KHTML, like Gecko); compatible; GPTBot/1.4; +https://openai.com/gptbot"
35.205.198.206 - - [25/Sep/2026:18:20:14 -0700] "GET /_debugbar/open HTTP/1.1" 404 - "-" "Mozilla/5.0 (compatible; KimiBot/1.0; +https://kimi.ai/)"
35.205.198.206 - - [25/Sep/2026:18:20:15 -0700] "GET /actuator/threaddump HTTP/1.1" 404 - "-" "Mozilla/5.0 (compatible; MoonshotBot/1.0; +https://kimi.ai/)"
35.205.198.206 - - [25/Sep/2026:18:20:15 -0700] "GET /actuator/configprops HTTP/1.1" 404 - "-" "Mozilla/5.0 (compatible; Hunyuan/1.0; +https://hunyuan.tencent.com/)"
35.205.198.206 - - [25/Sep/2026:18:20:15 -0700] "GET /actuator/heapdump HTTP/1.1" 404 - "-" "DuckAssistBot/1.1 (https://duckduckgo.com/duckassistbot)"
35.205.198.206 - - [25/Sep/2026:18:20:15 -0700] "GET /actuator/beans HTTP/1.1" 404 - "-" "Mozilla/5.0 (compatible; PanguBot/1.0; +https://www.huaweicloud.com/)"
35.205.198.206 - - [25/Sep/2026:18:20:15 -0700] "GET /config/secrets.yml HTTP/1.1" 404 - "-" "Mozilla/5.0 AppleWebKit/537.36 (KHTML, like Gecko); compatible; GPTBot/1.4; +https://openai.com/gptbot"
35.205.198.206 - - [25/Sep/2026:18:20:16 -0700] "GET /actuator/loggers HTTP/1.1" 404 - "-" "DuckAssistBot/1.1 (https://duckduckgo.com/duckassistbot)"
35.205.198.206 - - [25/Sep/2026:18:20:16 -0700] "GET /gradle.properties HTTP/1.1" 404 - "-" "Mozilla/5.0 (Macintosh; Intel Mac OS X 10_15_7) AppleWebKit/537.36 (KHTML, like Gecko) Chrome/131.0.0.0 Safari/537.36; compatible; OAI-SearchBot/1.4; +https://openai.com/searchbot"
35.205.198.206 - - [25/Sep/2026:18:20:16 -0700] "GET /actuator/env HTTP/1.1" 404 - "-" "Mozilla/5.0 (compatible; Baiduspider/2.0; +http://www.baidu.com/search/spider.html)"
35.205.198.206 - - [25/Sep/2026:18:20:16 -0700] "GET /actuator/mappings HTTP/1.1" 404 - "-" "Mozilla/5.0 (compatible; MoonshotBot/1.0; +https://kimi.ai/)"
35.205.198.206 - - [25/Sep/2026:18:20:16 -0700] "GET /actuator/gateway/routes HTTP/1.1" 404 - "-" "Mozilla/5.0 (compatible; cohere-ai; +https://cohere.com/crawler)"
216.73.217.2 - - [25/Sep/2026:18:20:16 -0700] "GET /storage/?C=N&O=D HTTP/1.1" 200 1339 "-" "Mozilla/5.0 AppleWebKit/537.36 (KHTML, like Gecko; compatible; ClaudeBot/1.0; +claudebot@anthropic.com)"
35.205.198.206 - - [25/Sep/2026:18:20:17 -0700] "GET /web.config HTTP/1.1" 404 - "-" "DuckAssistBot/1.1 (https://duckduckgo.com/duckassistbot)"
35.205.198.206 - - [25/Sep/2026:18:20:17 -0700] "GET /appsettings.Production.json HTTP/1.1" 404 - "-" "Mozilla/5.0 (compatible; PanguBot/1.0; +https://www.huaweicloud.com/)"
35.205.198.206 - - [25/Sep/2026:18:20:17 -0700] "GET /appsettings.Development.json HTTP/1.1" 404 - "-" "Mozilla/5.0 AppleWebKit/537.36 (KHTML, like Gecko); compatible; GPTBot/1.4; +https://openai.com/gptbot"
35.205.198.206 - - [25/Sep/2026:18:20:17 -0700] "GET /appsettings.json HTTP/1.1" 404 - "-" "Mozilla/5.0 AppleWebKit/537.36 (KHTML, like Gecko; compatible; Perplexity-User/1.0; +https://perplexity.ai/perplexitybot)"
35.205.198.206 - - [25/Sep/2026:18:20:17 -0700] "GET /config/master.key HTTP/1.1" 404 - "-" "Mozilla/5.0 (compatible; cohere-ai; +https://cohere.com/crawler)"
35.205.198.206 - - [25/Sep/2026:18:20:17 -0700] "GET /local.settings.json HTTP/1.1" 404 - "-" "Mozilla/5.0 (compatible; Google-Extended; +http://www.google.com/bot.html)"
35.205.198.206 - - [25/Sep/2026:18:20:17 -0700] "GET /backend/settings.py HTTP/1.1" 404 - "-" "Mozilla/5.0 (compatible; Google-Extended; +http://www.google.com/bot.html)"
35.205.198.206 - - [25/Sep/2026:18:20:17 -0700] "GET /config.py HTTP/1.1" 404 - "-" "Mozilla/5.0 (compatible; DeepSeekBot/1.0; +https://www.deepseek.com/)"
35.205.198.206 - - [25/Sep/2026:18:20:18 -0700] "GET /config/settings.py HTTP/1.1" 404 - "-" "Mozilla/5.0 (compatible; GrokBot/1.0; +https://x.ai/)"
35.205.198.206 - - [25/Sep/2026:18:20:18 -0700] "GET /console HTTP/1.1" 404 - "-" "Mozilla/5.0 (compatible; MistralAI-User/1.0; +https://mistral.ai/)"
35.205.198.206 - - [25/Sep/2026:18:20:18 -0700] "GET /instance/config.py HTTP/1.1" 404 - "-" "Mozilla/5.0 (compatible; Hunyuan/1.0; +https://hunyuan.tencent.com/)"
35.205.198.206 - - [25/Sep/2026:18:20:18 -0700] "GET /.env.staging HTTP/1.1" 404 - "-" "Mozilla/5.0 AppleWebKit/537.36 (KHTML, like Gecko); compatible; GPTBot/1.4; +https://openai.com/gptbot"
35.205.198.206 - - [25/Sep/2026:18:20:18 -0700] "GET /.env.test HTTP/1.1" 404 - "-" "CCBot/2.0 (https://commoncrawl.org/faq/)"
35.205.198.206 - - [25/Sep/2026:18:20:19 -0700] "GET /sendgrid.env HTTP/1.1" 404 - "-" "Mozilla/5.0 (compatible; ChatGLM-Spider/1.0; +https://zhipuai.cn/)"
35.205.198.206 - - [25/Sep/2026:18:20:19 -0700] "GET /ses.env HTTP/1.1" 404 - "-" "Mozilla/5.0 (compatible; MoonshotBot/1.0; +https://kimi.ai/)"
35.205.198.206 - - [25/Sep/2026:18:20:19 -0700] "GET /staging/.env HTTP/1.1" 404 - "-" "Mozilla/5.0 AppleWebKit/537.36 (KHTML, like Gecko); compatible; GPTBot/1.4; +https://openai.com/gptbot"
35.205.198.206 - - [25/Sep/2026:18:20:19 -0700] "GET /env.bak HTTP/1.1" 404 - "-" "Mozilla/5.0 (compatible; DeepSeekBot/1.0; +https://www.deepseek.com/)"
35.205.198.206 - - [25/Sep/2026:18:20:19 -0700] "GET /site/.env HTTP/1.1" 404 - "-" "Mozilla/5.0 (compatible; xAI-Grok/1.0; +https://x.ai/)"
35.205.198.206 - - [25/Sep/2026:18:20:19 -0700] "GET /old/.env HTTP/1.1" 404 - "-" "Mozilla/5.0 (compatible; GrokBot/1.0; +https://x.ai/)"
35.205.198.206 - - [25/Sep/2026:18:20:20 -0700] "GET /.docker/.env HTTP/1.1" 404 - "-" "Mozilla/5.0 AppleWebKit/537.36 (KHTML, like Gecko; compatible; Claude-SearchBot/1.0; +claudebot@anthropic.com)"
35.205.198.206 - - [25/Sep/2026:18:20:20 -0700] "GET /env.old HTTP/1.1" 404 - "-" "Mozilla/5.0 AppleWebKit/537.36 (KHTML, like Gecko); compatible; ChatGPT-User/1.0; +https://openai.com/bot"
35.205.198.206 - - [25/Sep/2026:18:20:20 -0700] "GET /@fs/proc/self/environ?import&raw?? HTTP/1.1" 404 - "-" "Mozilla/5.0 (compatible; Hunyuan/1.0; +https://hunyuan.tencent.com/)"
35.205.198.206 - - [25/Sep/2026:18:20:20 -0700] "GET /dashboard/_payload.json HTTP/1.1" 404 - "-" "Mozilla/5.0 AppleWebKit/537.36 (KHTML, like Gecko); compatible; GPTBot/1.4; +https://openai.com/gptbot"
216.73.217.2 - - [25/Sep/2026:18:20:21 -0700] "GET /vendor/symfony/polyfill-intl-idn/ HTTP/1.1" 200 1953 "-" "Mozilla/5.0 AppleWebKit/537.36 (KHTML, like Gecko; compatible; ClaudeBot/1.0; +claudebot@anthropic.com)"
35.205.198.206 - - [25/Sep/2026:18:20:21 -0700] "GET /_image?href=/../../../.env HTTP/1.1" 404 - "-" "Mozilla/5.0 (compatible; Googlebot/2.1; +http://www.google.com/bot.html)"
35.205.198.206 - - [25/Sep/2026:18:20:21 -0700] "GET /account/_payload.json HTTP/1.1" 404 - "-" "Mozilla/5.0 (compatible; MistralAI-User/1.0; +https://mistral.ai/)"
35.205.198.206 - - [25/Sep/2026:18:20:21 -0700] "GET /api/auth/session HTTP/1.1" 404 - "-" "Mozilla/5.0 (compatible; GrokBot/1.0; +https://x.ai/)"
35.205.198.206 - - [25/Sep/2026:18:20:21 -0700] "GET /process.env HTTP/1.1" 404 - "-" "Mozilla/5.0 AppleWebKit/537.36 (KHTML, like Gecko; compatible; Perplexity-User/1.0; +https://perplexity.ai/perplexitybot)"
35.205.198.206 - - [25/Sep/2026:18:20:21 -0700] "GET /aws-exports.js HTTP/1.1" 404 - "-" "Mozilla/5.0 (compatible; YiBot/1.0; +https://01.ai/)"
35.205.198.206 - - [25/Sep/2026:18:20:21 -0700] "GET /config/prod.exs HTTP/1.1" 404 - "-" "Mozilla/5.0 (compatible; YiBot/1.0; +https://01.ai/)"
35.205.198.206 - - [25/Sep/2026:18:20:21 -0700] "GET /amplifyconfiguration.json HTTP/1.1" 404 - "-" "Mozilla/5.0 (compatible; KimiBot/1.0; +https://kimi.ai/)"
35.205.198.206 - - [25/Sep/2026:18:20:22 -0700] "GET /config.yaml HTTP/1.1" 404 - "-" "Mozilla/5.0 (compatible; MoonshotBot/1.0; +https://kimi.ai/)"
35.205.198.206 - - [25/Sep/2026:18:20:22 -0700] "GET /amplify_outputs.json HTTP/1.1" 404 - "-" "Mozilla/5.0 (compatible; GrokBot/1.0; +https://x.ai/)"
35.205.198.206 - - [25/Sep/2026:18:20:22 -0700] "GET /awsconfiguration.json HTTP/1.1" 404 - "-" "DuckAssistBot/1.1 (https://duckduckgo.com/duckassistbot)"
35.205.198.206 - - [25/Sep/2026:18:20:22 -0700] "GET /awsConfig.js HTTP/1.1" 404 - "-" "Mozilla/5.0 (compatible; Amazonbot/0.1; +https://developer.amazon.com/support/amazonbot)"
35.205.198.206 - - [25/Sep/2026:18:20:22 -0700] "GET /aws-config.js HTTP/1.1" 404 - "-" "CCBot/2.0 (https://commoncrawl.org/faq/)"
35.205.198.206 - - [25/Sep/2026:18:20:23 -0700] "GET /api/v1/.env HTTP/1.1" 404 - "-" "Mozilla/5.0 AppleWebKit/537.36 (KHTML, like Gecko; compatible; ClaudeBot/1.0; +claudebot@anthropic.com)"
35.205.198.206 - - [25/Sep/2026:18:20:23 -0700] "GET /packages/.env HTTP/1.1" 404 - "-" "Mozilla/5.0 (compatible; Hunyuan/1.0; +https://hunyuan.tencent.com/)"
35.205.198.206 - - [25/Sep/2026:18:20:23 -0700] "GET /services/.env HTTP/1.1" 404 - "-" "Mozilla/5.0 AppleWebKit/537.36 (KHTML, like Gecko; compatible; Perplexity-User/1.0; +https://perplexity.ai/perplexitybot)"
35.205.198.206 - - [25/Sep/2026:18:20:23 -0700] "GET /chatbot/.env HTTP/1.1" 404 - "-" "Mozilla/5.0 (compatible; Bravebot/1.0; +https://brave.com/search/)"
35.205.198.206 - - [25/Sep/2026:18:20:23 -0700] "POST /api HTTP/1.1" 404 - "-" "Mozilla/5.0 (compatible; ChatGLM-Spider/1.0; +https://zhipuai.cn/)"
35.205.198.206 - - [25/Sep/2026:18:20:24 -0700] "POST /dashboard HTTP/1.1" 404 - "-" "Mozilla/5.0 (compatible; cohere-ai; +https://cohere.com/crawler)"
35.205.198.206 - - [25/Sep/2026:18:20:24 -0700] "POST /admin HTTP/1.1" 404 - "-" "Mozilla/5.0 (compatible; YouBot/1.0; +https://you.com/bot)"
35.205.198.206 - - [25/Sep/2026:18:20:25 -0700] "POST /api/auth HTTP/1.1" 404 - "-" "Mozilla/5.0 (compatible; Kimi-SearchBot/1.0; +https://kimi.ai/)"
35.205.198.206 - - [25/Sep/2026:18:20:26 -0700] "POST /lib/terminal-xhr.php HTTP/1.1" 404 - "-" "Mozilla/5.0 (compatible; Hunyuan/1.0; +https://hunyuan.tencent.com/)"
216.73.217.2 - - [25/Sep/2026:18:20:26 -0700] "GET /lang/ja/?C=S&O=A HTTP/1.1" 200 2631 "-" "Mozilla/5.0 AppleWebKit/537.36 (KHTML, like Gecko; compatible; ClaudeBot/1.0; +claudebot@anthropic.com)"
35.205.198.206 - - [25/Sep/2026:18:20:26 -0700] "POST /icecoder/lib/terminal-xhr.php HTTP/1.1" 404 - "-" "CCBot/2.0 (https://commoncrawl.org/faq/)"
35.205.198.206 - - [25/Sep/2026:18:20:27 -0700] "POST /functionRouter HTTP/1.1" 404 - "-" "Mozilla/5.0 (compatible; YouBot/1.0; +https://you.com/bot)"
35.205.198.206 - - [25/Sep/2026:18:20:27 -0700] "POST /api/functionRouter HTTP/1.1" 404 - "-" "Mozilla/5.0 (compatible; GrokBot/1.0; +https://x.ai/)"
35.205.198.206 - - [25/Sep/2026:18:20:28 -0700] "DELETE /api/inngest HTTP/1.1" 404 - "-" "Mozilla/5.0 (compatible; Bravebot/1.0; +https://brave.com/search/)"
35.205.198.206 - - [25/Sep/2026:18:20:28 -0700] "DELETE /inngest HTTP/1.1" 404 - "-" "Mozilla/5.0 (compatible; DeepSeekBot/1.0; +https://www.deepseek.com/)"
35.205.198.206 - - [25/Sep/2026:18:20:29 -0700] "DELETE /api/events HTTP/1.1" 404 - "-" "Mozilla/5.0 AppleWebKit/537.36 (KHTML, like Gecko); compatible; ChatGPT-User/1.0; +https://openai.com/bot"
35.205.198.206 - - [25/Sep/2026:18:20:29 -0700] "POST /read-document HTTP/1.1" 404 - "-" "Mozilla/5.0 AppleWebKit/537.36 (KHTML, like Gecko); compatible; GPTBot/1.4; +https://openai.com/gptbot"
35.205.198.206 - - [25/Sep/2026:18:20:30 -0700] "POST /read-document HTTP/1.1" 404 - "-" "Mozilla/5.0 (compatible; DeepSeekBot/1.0; +https://www.deepseek.com/)"
216.73.217.2 - - [25/Sep/2026:18:20:31 -0700] "GET /vendor/bin/?C=M&O=A HTTP/1.1" 200 2420 "-" "Mozilla/5.0 AppleWebKit/537.36 (KHTML, like Gecko; compatible; ClaudeBot/1.0; +claudebot@anthropic.com)"
35.205.198.206 - - [25/Sep/2026:18:20:31 -0700] "POST /feast/read-document HTTP/1.1" 404 - "-" "DuckAssistBot/1.1 (https://duckduckgo.com/duckassistbot)"
35.205.198.206 - - [25/Sep/2026:18:20:32 -0700] "POST /feast/read-document HTTP/1.1" 404 - "-" "CCBot/2.0 (https://commoncrawl.org/faq/)"
35.205.198.206 - - [25/Sep/2026:18:20:33 -0700] "POST /api/v1/validate/code HTTP/1.1" 404 - "-" "Mozilla/5.0 (compatible; GrokBot/1.0; +https://x.ai/)"
35.205.198.206 - - [25/Sep/2026:18:20:34 -0700] "POST /langflow/api/v1/validate/code HTTP/1.1" 404 - "-" "DuckAssistBot/1.1 (https://duckduckgo.com/duckassistbot)"
35.205.198.206 - - [25/Sep/2026:18:20:34 -0700] "POST /api/v1/build_public_tmp/00000000-0000-0000-0000-000000000000/flow HTTP/1.1" 404 - "-" "Mozilla/5.0 (compatible; xAI-Grok/1.0; +https://x.ai/)"
35.205.198.206 - - [25/Sep/2026:18:20:35 -0700] "POST /api/fs/exec HTTP/1.1" 404 - "-" "Mozilla/5.0 (compatible; Hunyuan/1.0; +https://hunyuan.tencent.com/)"
35.205.198.206 - - [25/Sep/2026:18:20:35 -0700] "POST /api/designer/v1/file-content HTTP/1.1" 404 - "-" "Mozilla/5.0 (compatible; Googlebot/2.1; +http://www.google.com/bot.html)"
216.73.217.2 - - [25/Sep/2026:18:20:36 -0700] "GET /lang/vi/?C=N&O=D HTTP/1.1" 200 2448 "-" "Mozilla/5.0 AppleWebKit/537.36 (KHTML, like Gecko; compatible; ClaudeBot/1.0; +claudebot@anthropic.com)"
35.205.198.206 - - [25/Sep/2026:18:20:36 -0700] "POST /api/designer/v1/file-content HTTP/1.1" 404 - "-" "Mozilla/5.0 (compatible; PanguBot/1.0; +https://www.huaweicloud.com/)"
35.205.198.206 - - [25/Sep/2026:18:20:37 -0700] "POST /api/templates/preview HTTP/1.1" 404 - "-" "Mozilla/5.0 (Macintosh; Intel Mac OS X 10_15_7) AppleWebKit/605.1.15 (KHTML, like Gecko) Version/17.0 Safari/605.1.15 (Applebot/0.1)"
35.205.198.206 - - [25/Sep/2026:18:20:38 -0700] "POST /api/templates/preview HTTP/1.1" 404 - "-" "Mozilla/5.0 (Macintosh; Intel Mac OS X 10_15_7) AppleWebKit/605.1.15 (KHTML, like Gecko) Version/17.0 Safari/605.1.15 (Applebot/0.1)"
35.205.198.206 - - [25/Sep/2026:18:20:38 -0700] "POST /index.php?%ADd+allow_url_include%3d1+%ADd+auto_prepend_file%3dphp://input HTTP/1.1" 404 16 "-" "Mozilla/5.0 (compatible; xAI-Grok/1.0; +https://x.ai/)"
35.205.198.206 - - [25/Sep/2026:18:20:39 -0700] "POST /php-cgi/php-cgi.exe?%ADd+allow_url_include%3d1+%ADd+auto_prepend_file%3dphp://input HTTP/1.1" 404 - "-" "Mozilla/5.0 (Macintosh; Intel Mac OS X 10_15_7) AppleWebKit/537.36 (KHTML, like Gecko) Chrome/131.0.0.0 Safari/537.36; compatible; OAI-SearchBot/1.4; +https://openai.com/searchbot"
35.205.198.206 - - [25/Sep/2026:18:20:39 -0700] "POST /cgi-bin/php-cgi.exe?%ADd+allow_url_include%3d1+%ADd+auto_prepend_file%3dphp://input HTTP/1.1" 404 - "-" "Mozilla/5.0 AppleWebKit/537.36 (KHTML, like Gecko; compatible; Claude-SearchBot/1.0; +claudebot@anthropic.com)"
35.205.198.206 - - [25/Sep/2026:18:20:40 -0700] "POST /cgi-bin/php?%ADd+allow_url_include%3d1+%ADd+auto_prepend_file%3dphp://input HTTP/1.1" 404 - "-" "Mozilla/5.0 AppleWebKit/537.36 (KHTML, like Gecko; compatible; Perplexity-User/1.0; +https://perplexity.ai/perplexitybot)"
35.205.198.206 - - [25/Sep/2026:18:20:41 -0700] "POST /api/v1/node-load-method/customMCP HTTP/1.1" 404 - "-" "Mozilla/5.0 (compatible; Baiduspider/2.0; +http://www.baidu.com/search/spider.html)"
216.73.217.2 - - [25/Sep/2026:18:20:41 -0700] "GET /storage/framework/sessions/apfCxBixlvsO4KFlzD3PD0K5VABAvCp2pxFSg65P HTTP/1.1" 200 206 "-" "Mozilla/5.0 AppleWebKit/537.36 (KHTML, like Gecko; compatible; ClaudeBot/1.0; +claudebot@anthropic.com)"
35.205.198.206 - - [25/Sep/2026:18:20:41 -0700] "POST /flowise/api/v1/node-load-method/customMCP HTTP/1.1" 404 - "-" "Mozilla/5.0 (compatible; YiBot/1.0; +https://01.ai/)"
35.205.198.206 - - [25/Sep/2026:18:20:42 -0700] "POST /exec-py HTTP/1.1" 404 - "-" "Mozilla/5.0 AppleWebKit/537.36 (KHTML, like Gecko; compatible; Perplexity-User/1.0; +https://perplexity.ai/perplexitybot)"
216.73.217.2 - - [25/Sep/2026:18:20:46 -0700] "GET /vendor/bin/?C=D&O=A HTTP/1.1" 200 2420 "-" "Mozilla/5.0 AppleWebKit/537.36 (KHTML, like Gecko; compatible; ClaudeBot/1.0; +claudebot@anthropic.com)"
216.73.217.2 - - [25/Sep/2026:18:20:51 -0700] "GET /admin.php?ynzmini=%2Fhome%2Flivewant%2F%2F.razor HTTP/1.1" 200 7996 "-" "Mozilla/5.0 AppleWebKit/537.36 (KHTML, like Gecko; compatible; ClaudeBot/1.0; +claudebot@anthropic.com)"
216.73.217.2 - - [25/Sep/2026:18:20:56 -0700] "GET /admin.php?file=%2Fhome%2Flivewant%2F%2F.spamassassinenable HTTP/1.1" 200 6370 "-" "Mozilla/5.0 AppleWebKit/537.36 (KHTML, like Gecko; compatible; ClaudeBot/1.0; +claudebot@anthropic.com)"
216.73.217.2 - - [25/Sep/2026:18:21:01 -0700] "GET /admin.php?ynzmini=%2Fhome%2Flivewant%2Fpublic_html%2Fconfig HTTP/1.1" 200 9627 "-" "Mozilla/5.0 AppleWebKit/537.36 (KHTML, like Gecko; compatible; ClaudeBot/1.0; +claudebot@anthropic.com)"
216.73.217.2 - - [25/Sep/2026:18:21:04 -0700] "GET /vendor/theseer/?C=S&O=A HTTP/1.1" 200 838 "-" "Mozilla/5.0 AppleWebKit/537.36 (KHTML, like Gecko; compatible; ClaudeBot/1.0; +claudebot@anthropic.com)"
216.73.217.2 - - [25/Sep/2026:18:21:09 -0700] "GET /vendor/fruitcake/?C=N&O=D HTTP/1.1" 200 841 "-" "Mozilla/5.0 AppleWebKit/537.36 (KHTML, like Gecko; compatible; ClaudeBot/1.0; +claudebot@anthropic.com)"
216.73.217.2 - - [25/Sep/2026:18:21:14 -0700] "GET /admin.php?file=%2Fhome%2Flivewant%2Fpublic_html%2F.ftpquota HTTP/1.1" 200 6389 "-" "Mozilla/5.0 AppleWebKit/537.36 (KHTML, like Gecko; compatible; ClaudeBot/1.0; +claudebot@anthropic.com)"
216.73.217.2 - - [25/Sep/2026:18:21:19 -0700] "GET /lang/?C=D&O=A HTTP/1.1" 200 1317 "-" "Mozilla/5.0 AppleWebKit/537.36 (KHTML, like Gecko; compatible; ClaudeBot/1.0; +claudebot@anthropic.com)"
216.73.217.2 - - [25/Sep/2026:18:21:24 -0700] "GET /resources/?C=N&O=D HTTP/1.1" 200 1506 "-" "Mozilla/5.0 AppleWebKit/537.36 (KHTML, like Gecko; compatible; ClaudeBot/1.0; +claudebot@anthropic.com)"
216.73.217.2 - - [25/Sep/2026:18:21:29 -0700] "GET /admin.php?ynzmini=%2Fhome%2Flivewant%2Fpublic_html%2F.well-known HTTP/1.1" 200 7021 "-" "Mozilla/5.0 AppleWebKit/537.36 (KHTML, like Gecko; compatible; ClaudeBot/1.0; +claudebot@anthropic.com)"
216.73.217.2 - - [25/Sep/2026:18:21:34 -0700] "GET /lang/?C=S&O=A HTTP/1.1" 200 1317 "-" "Mozilla/5.0 AppleWebKit/537.36 (KHTML, like Gecko; compatible; ClaudeBot/1.0; +claudebot@anthropic.com)"
216.73.217.2 - - [25/Sep/2026:18:21:39 -0700] "GET /config/?C=N&O=D HTTP/1.1" 200 3492 "-" "Mozilla/5.0 AppleWebKit/537.36 (KHTML, like Gecko; compatible; ClaudeBot/1.0; +claudebot@anthropic.com)"
216.73.217.2 - - [25/Sep/2026:18:21:44 -0700] "GET /resources/?C=M&O=A HTTP/1.1" 200 1506 "-" "Mozilla/5.0 AppleWebKit/537.36 (KHTML, like Gecko; compatible; ClaudeBot/1.0; +claudebot@anthropic.com)"
216.73.217.2 - - [25/Sep/2026:18:21:49 -0700] "GET /config/?C=M&O=A HTTP/1.1" 200 3492 "-" "Mozilla/5.0 AppleWebKit/537.36 (KHTML, like Gecko; compatible; ClaudeBot/1.0; +claudebot@anthropic.com)"
216.73.217.2 - - [25/Sep/2026:18:21:54 -0700] "GET /resources/?C=D&O=A HTTP/1.1" 200 1506 "-" "Mozilla/5.0 AppleWebKit/537.36 (KHTML, like Gecko; compatible; ClaudeBot/1.0; +claudebot@anthropic.com)"
216.73.217.2 - - [25/Sep/2026:18:21:59 -0700] "GET /config/?C=D&O=A HTTP/1.1" 200 3492 "-" "Mozilla/5.0 AppleWebKit/537.36 (KHTML, like Gecko; compatible; ClaudeBot/1.0; +claudebot@anthropic.com)"
216.73.217.2 - - [25/Sep/2026:18:22:04 -0700] "GET /storage/framework/sessions/RGGPRIM08wOGdp22yt3KgoSliZEqiwIKuXasEMZ7 HTTP/1.1" 200 217 "-" "Mozilla/5.0 AppleWebKit/537.36 (KHTML, like Gecko; compatible; ClaudeBot/1.0; +claudebot@anthropic.com)"
216.73.217.2 - - [25/Sep/2026:18:22:09 -0700] "GET /storage/framework/sessions/ttcLA1dnNBlvgSa243RHoytH8rnm4WwI3r2UIabP HTTP/1.1" 200 223 "-" "Mozilla/5.0 AppleWebKit/537.36 (KHTML, like Gecko; compatible; ClaudeBot/1.0; +claudebot@anthropic.com)"
54.37.86.225 - - [25/Sep/2026:18:22:10 -0700] "GET /admin.php?file=/home/livewant/public_html/.env HTTP/1.1" 200 7525 "-" "Mozilla/5.0 (compatible; MJ12bot/v1.4.8; http://mj12bot.com/)"
216.73.217.2 - - [25/Sep/2026:18:22:11 -0700] "GET /vendor/symfony/console/Command/LazyCommand.php HTTP/1.1" 500 - "-" "Mozilla/5.0 AppleWebKit/537.36 (KHTML, like Gecko; compatible; ClaudeBot/1.0; +claudebot@anthropic.com)"
54.37.86.225 - - [25/Sep/2026:18:22:12 -0700] "GET /admin.php?file=/home/livewant/public_html/.ftpquota HTTP/1.1" 200 6389 "-" "Mozilla/5.0 (compatible; MJ12bot/v1.4.8; http://mj12bot.com/)"
54.37.86.225 - - [25/Sep/2026:18:22:14 -0700] "GET /admin.php?file=/home/livewant/public_html/.htaccess HTTP/1.1" 200 6735 "-" "Mozilla/5.0 (compatible; MJ12bot/v1.4.8; http://mj12bot.com/)"
54.37.86.225 - - [25/Sep/2026:18:22:15 -0700] "GET /admin.php?file=/home/livewant/public_html/.user.ini HTTP/1.1" 200 6769 "-" "Mozilla/5.0 (compatible; MJ12bot/v1.4.8; http://mj12bot.com/)"
54.37.86.225 - - [25/Sep/2026:18:22:17 -0700] "GET /admin.php?file=/home/livewant/public_html/README.md HTTP/1.1" 200 16302 "-" "Mozilla/5.0 (compatible; MJ12bot/v1.4.8; http://mj12bot.com/)"
216.73.217.2 - - [25/Sep/2026:18:22:17 -0700] "GET /vendor/symfony/http-foundation/HeaderBag.php HTTP/1.1" 200 - "-" "Mozilla/5.0 AppleWebKit/537.36 (KHTML, like Gecko; compatible; ClaudeBot/1.0; +claudebot@anthropic.com)"
54.37.86.225 - - [25/Sep/2026:18:22:19 -0700] "GET /admin.php?file=/home/livewant/public_html/Sql.zip HTTP/1.1" 200 7616645 "-" "Mozilla/5.0 (compatible; MJ12bot/v1.4.8; http://mj12bot.com/)"
216.73.217.2 - - [25/Sep/2026:18:22:22 -0700] "GET /vendor/symfony/http-foundation/Response.php HTTP/1.1" 200 - "-" "Mozilla/5.0 AppleWebKit/537.36 (KHTML, like Gecko; compatible; ClaudeBot/1.0; +claudebot@anthropic.com)"
54.37.86.225 - - [25/Sep/2026:18:22:22 -0700] "GET /admin.php?file=/home/livewant/public_html/admin.php HTTP/1.1" 200 9060 "-" "Mozilla/5.0 (compatible; MJ12bot/v1.4.8; http://mj12bot.com/)"
54.37.86.225 - - [25/Sep/2026:18:22:24 -0700] "GET /admin.php?file=/home/livewant/public_html/artisan HTTP/1.1" 200 8105 "-" "Mozilla/5.0 (compatible; MJ12bot/v1.4.8; http://mj12bot.com/)"
54.37.86.225 - - [25/Sep/2026:18:22:25 -0700] "GET /admin.php?file=/home/livewant/public_html/composer.json HTTP/1.1" 200 9576 "-" "Mozilla/5.0 (compatible; MJ12bot/v1.4.8; http://mj12bot.com/)"
216.73.217.2 - - [25/Sep/2026:18:22:27 -0700] "GET /vendor/symfony/http-foundation/ResponseHeaderBag.php HTTP/1.1" 500 - "-" "Mozilla/5.0 AppleWebKit/537.36 (KHTML, like Gecko; compatible; ClaudeBot/1.0; +claudebot@anthropic.com)"
54.37.86.225 - - [25/Sep/2026:18:22:27 -0700] "GET /admin.php?file=/home/livewant/public_html/favicon-16x16.png HTTP/1.1" 200 7363 "-" "Mozilla/5.0 (compatible; MJ12bot/v1.4.8; http://mj12bot.com/)"
54.37.86.225 - - [25/Sep/2026:18:22:29 -0700] "GET /admin.php?file=/home/livewant/public_html/favicon-32x32.png HTTP/1.1" 200 8592 "-" "Mozilla/5.0 (compatible; MJ12bot/v1.4.8; http://mj12bot.com/)"
88.99.80.227 - - [25/Sep/2026:18:22:30 -0700] "HEAD / HTTP/1.1" 200 - "https://livewant.com" "Mozilla/5.0+(compatible; UptimeRobot/2.0; http://www.uptimerobot.com/)"
54.37.86.225 - - [25/Sep/2026:18:22:31 -0700] "GET /admin.php?file=/home/livewant/public_html/favicon.ico HTTP/1.1" 200 42169 "-" "Mozilla/5.0 (compatible; MJ12bot/v1.4.8; http://mj12bot.com/)"
216.73.217.2 - - [25/Sep/2026:18:22:32 -0700] "GET /admin.php?rmfolder=%2Fhome%2F HTTP/1.1" 200 35527 "-" "Mozilla/5.0 AppleWebKit/537.36 (KHTML, like Gecko; compatible; ClaudeBot/1.0; +claudebot@anthropic.com)"
54.37.86.225 - - [25/Sep/2026:18:22:32 -0700] "GET /admin.php?file=/home/livewant/public_html/keyxygpm.php HTTP/1.1" 200 20802 "-" "Mozilla/5.0 (compatible; MJ12bot/v1.4.8; http://mj12bot.com/)"
54.37.86.225 - - [25/Sep/2026:18:22:34 -0700] "GET /admin.php?file=/home/livewant/public_html/modules_statuses.json HTTP/1.1" 200 6445 "-" "Mozilla/5.0 (compatible; MJ12bot/v1.4.8; http://mj12bot.com/)"
54.37.86.225 - - [25/Sep/2026:18:22:36 -0700] "GET /admin.php?page=blank HTTP/1.1" 200 6067 "-" "Mozilla/5.0 (compatible; MJ12bot/v1.4.8; http://mj12bot.com/)"
216.73.217.2 - - [25/Sep/2026:18:22:37 -0700] "GET /admin.php?ynzmini=%2F%2Fproc HTTP/1.1" 200 26667 "-" "Mozilla/5.0 AppleWebKit/537.36 (KHTML, like Gecko; compatible; ClaudeBot/1.0; +claudebot@anthropic.com)"
54.37.86.225 - - [25/Sep/2026:18:22:38 -0700] "GET /admin.php?page=newfile HTTP/1.1" 200 5936 "-" "Mozilla/5.0 (compatible; MJ12bot/v1.4.8; http://mj12bot.com/)"
47.33.188.91 - - [25/Sep/2026:18:22:39 -0700] "GET /new HTTP/1.1" 301 273 "-" "Mozilla/5.0 (Linux; Android 10; K) AppleWebKit/537.36 (KHTML, like Gecko) SamsungBrowser/30.0 Chrome/143.0.0.0 Mobile Safari/537.36"
47.33.188.91 - - [25/Sep/2026:18:22:39 -0700] "GET /new/ HTTP/1.1" 200 190 "-" "Mozilla/5.0 (Linux; Android 10; K) AppleWebKit/537.36 (KHTML, like Gecko) SamsungBrowser/30.0 Chrome/143.0.0.0 Mobile Safari/537.36"
47.33.188.91 - - [25/Sep/2026:18:22:39 -0700] "GET /favicon.ico HTTP/1.1" 200 15406 "https://livewant.com/new/" "Mozilla/5.0 (Linux; Android 10; K) AppleWebKit/537.36 (KHTML, like Gecko) SamsungBrowser/30.0 Chrome/143.0.0.0 Mobile Safari/537.36"
54.37.86.225 - - [25/Sep/2026:18:22:39 -0700] "GET /admin.php?page=newfolder HTTP/1.1" 200 6252 "-" "Mozilla/5.0 (compatible; MJ12bot/v1.4.8; http://mj12bot.com/)"
54.37.86.225 - - [25/Sep/2026:18:22:41 -0700] "GET /admin.php?page=scripting HTTP/1.1" 200 6371 "-" "Mozilla/5.0 (compatible; MJ12bot/v1.4.8; http://mj12bot.com/)"
216.73.217.2 - - [25/Sep/2026:18:22:42 -0700] "GET /vendor/symfony/polyfill-mbstring/bootstrap80.php HTTP/1.1" 200 - "-" "Mozilla/5.0 AppleWebKit/537.36 (KHTML, like Gecko; compatible; ClaudeBot/1.0; +claudebot@anthropic.com)"
54.37.86.225 - - [25/Sep/2026:18:22:43 -0700] "GET /admin.php?page=shell HTTP/1.1" 200 6227 "-" "Mozilla/5.0 (compatible; MJ12bot/v1.4.8; http://mj12bot.com/)"
54.37.86.225 - - [25/Sep/2026:18:22:44 -0700] "GET /admin.php?page=upload HTTP/1.1" 200 6262 "-" "Mozilla/5.0 (compatible; MJ12bot/v1.4.8; http://mj12bot.com/)"
216.73.217.2 - - [25/Sep/2026:18:22:45 -0700] "GET /vendor/symfony/css-selector/XPath/Extension/ HTTP/1.1" 200 2274 "-" "Mozilla/5.0 AppleWebKit/537.36 (KHTML, like Gecko; compatible; ClaudeBot/1.0; +claudebot@anthropic.com)"
54.37.86.225 - - [25/Sep/2026:18:22:46 -0700] "GET /admin.php?rmfolder=/home/livewant/public_html HTTP/1.1" 200 35523 "-" "Mozilla/5.0 (compatible; MJ12bot/v1.4.8; http://mj12bot.com/)"
54.37.86.225 - - [25/Sep/2026:18:22:48 -0700] "GET /admin.php?ynzmini=/ HTTP/1.1" 200 11254 "-" "Mozilla/5.0 (compatible; MJ12bot/v1.4.8; http://mj12bot.com/)"
54.37.86.225 - - [25/Sep/2026:18:22:49 -0700] "GET /admin.php?ynzmini=/home/ HTTP/1.1" 200 6133 "-" "Mozilla/5.0 (compatible; MJ12bot/v1.4.8; http://mj12bot.com/)"
216.73.217.2 - - [25/Sep/2026:18:22:50 -0700] "GET /vendor/symfony/css-selector/Exception/ HTTP/1.1" 200 1694 "-" "Mozilla/5.0 AppleWebKit/537.36 (KHTML, like Gecko; compatible; ClaudeBot/1.0; +claudebot@anthropic.com)"
54.37.86.225 - - [25/Sep/2026:18:22:51 -0700] "GET /admin.php?ynzmini=/home/livewant/ HTTP/1.1" 200 13725 "-" "Mozilla/5.0 (compatible; MJ12bot/v1.4.8; http://mj12bot.com/)"
54.37.86.225 - - [25/Sep/2026:18:22:53 -0700] "GET /admin.php?ynzmini=/home/livewant/public_html/ HTTP/1.1" 200 13494 "-" "Mozilla/5.0 (compatible; MJ12bot/v1.4.8; http://mj12bot.com/)"
54.37.86.225 - - [25/Sep/2026:18:22:55 -0700] "GET /admin.php?ynzmini=/home/livewant/public_html/. HTTP/1.1" 200 13627 "-" "Mozilla/5.0 (compatible; MJ12bot/v1.4.8; http://mj12bot.com/)"
216.73.217.2 - - [25/Sep/2026:18:22:56 -0700] "GET /vendor/symfony/string/Resources/ HTTP/1.1" 200 1235 "-" "Mozilla/5.0 AppleWebKit/537.36 (KHTML, like Gecko; compatible; ClaudeBot/1.0; +claudebot@anthropic.com)"
54.37.86.225 - - [25/Sep/2026:18:22:56 -0700] "GET /admin.php?ynzmini=/home/livewant/public_html/.. HTTP/1.1" 200 14587 "-" "Mozilla/5.0 (compatible; MJ12bot/v1.4.8; http://mj12bot.com/)"
54.37.86.225 - - [25/Sep/2026:18:22:58 -0700] "GET /admin.php?ynzmini=/home/livewant/public_html/.well-known HTTP/1.1" 200 7021 "-" "Mozilla/5.0 (compatible; MJ12bot/v1.4.8; http://mj12bot.com/)"
54.37.86.225 - - [25/Sep/2026:18:23:00 -0700] "GET /admin.php?ynzmini=/home/livewant/public_html/Main_File HTTP/1.1" 200 6815 "-" "Mozilla/5.0 (compatible; MJ12bot/v1.4.8; http://mj12bot.com/)"
216.73.217.2 - - [25/Sep/2026:18:23:01 -0700] "GET /vendor/symfony/http-foundation/RateLimiter/ HTTP/1.1" 200 1353 "-" "Mozilla/5.0 AppleWebKit/537.36 (KHTML, like Gecko; compatible; ClaudeBot/1.0; +claudebot@anthropic.com)"
54.37.86.225 - - [25/Sep/2026:18:23:01 -0700] "GET /admin.php?ynzmini=/home/livewant/public_html/Modules HTTP/1.1" 200 7160 "-" "Mozilla/5.0 (compatible; MJ12bot/v1.4.8; http://mj12bot.com/)"
54.37.86.225 - - [25/Sep/2026:18:23:03 -0700] "GET /admin.php?ynzmini=/home/livewant/public_html/app HTTP/1.1" 200 8843 "-" "Mozilla/5.0 (compatible; MJ12bot/v1.4.8; http://mj12bot.com/)"
54.37.86.225 - - [25/Sep/2026:18:23:05 -0700] "GET /app/Console/?C=D;O=A HTTP/1.1" 200 829 "-" "Mozilla/5.0 (compatible; MJ12bot/v1.4.8; http://mj12bot.com/)"
54.37.86.225 - - [25/Sep/2026:18:23:06 -0700] "GET /app/Console/?C=M;O=A HTTP/1.1" 200 829 "-" "Mozilla/5.0 (compatible; MJ12bot/v1.4.8; http://mj12bot.com/)"
216.73.217.2 - - [25/Sep/2026:18:23:08 -0700] "GET /vendor/symfony/polyfill-mbstring/Resources/ HTTP/1.1" 200 918 "-" "Mozilla/5.0 AppleWebKit/537.36 (KHTML, like Gecko; compatible; ClaudeBot/1.0; +claudebot@anthropic.com)"
54.37.86.225 - - [25/Sep/2026:18:23:08 -0700] "GET /app/Console/?C=N;O=D HTTP/1.1" 200 829 "-" "Mozilla/5.0 (compatible; MJ12bot/v1.4.8; http://mj12bot.com/)"
54.37.86.225 - - [25/Sep/2026:18:23:09 -0700] "GET /app/Console/?C=S;O=A HTTP/1.1" 200 829 "-" "Mozilla/5.0 (compatible; MJ12bot/v1.4.8; http://mj12bot.com/)"
54.37.86.225 - - [25/Sep/2026:18:23:11 -0700] "GET /app/Console/Kernel.php HTTP/1.1" 500 - "-" "Mozilla/5.0 (compatible; MJ12bot/v1.4.8; http://mj12bot.com/)"
216.73.217.2 - - [25/Sep/2026:18:23:12 -0700] "GET /vendor/symfony/polyfill-php80/Resources/ HTTP/1.1" 200 907 "-" "Mozilla/5.0 AppleWebKit/537.36 (KHTML, like Gecko; compatible; ClaudeBot/1.0; +claudebot@anthropic.com)"
54.37.86.225 - - [25/Sep/2026:18:23:12 -0700] "GET /app/Exceptions/?C=D;O=A HTTP/1.1" 200 836 "-" "Mozilla/5.0 (compatible; MJ12bot/v1.4.8; http://mj12bot.com/)"
54.37.86.225 - - [25/Sep/2026:18:23:14 -0700] "GET /app/View/?C=D;O=A HTTP/1.1" 200 1002 "-" "Mozilla/5.0 (compatible; MJ12bot/v1.4.8; http://mj12bot.com/)"
54.37.86.225 - - [25/Sep/2026:18:23:16 -0700] "GET /app/View/?C=M;O=A HTTP/1.1" 200 1002 "-" "Mozilla/5.0 (compatible; MJ12bot/v1.4.8; http://mj12bot.com/)"
54.37.86.225 - - [25/Sep/2026:18:23:17 -0700] "GET /app/View/?C=N;O=D HTTP/1.1" 200 1002 "-" "Mozilla/5.0 (compatible; MJ12bot/v1.4.8; http://mj12bot.com/)"
