17.166.23.77 - - [25/Sep/2026:13:35:37 -0700] "GET /public/frontend/css/themify-icons.css HTTP/1.1" 200 16456 "https://www.livewant.com/public/" "Mozilla/5.0 (Macintosh; Intel Mac OS X 10_15_7) AppleWebKit/605.1.15 (KHTML, like Gecko) Version/17.4 Safari/605.1.15 (Applebot/0.1; +http://www.apple.com/go/applebot)"
17.166.23.77 - - [25/Sep/2026:13:35:39 -0700] "GET /public/frontend/css/owl.carousel.min.css HTTP/1.1" 200 2936 "https://www.livewant.com/public/" "Mozilla/5.0 (Macintosh; Intel Mac OS X 10_15_7) AppleWebKit/605.1.15 (KHTML, like Gecko) Version/17.4 Safari/605.1.15 (Applebot/0.1; +http://www.apple.com/go/applebot)"
17.166.23.77 - - [25/Sep/2026:13:35:40 -0700] "GET /public/frontend/css/nice-select.css HTTP/1.1" 200 3639 "https://www.livewant.com/public/" "Mozilla/5.0 (Macintosh; Intel Mac OS X 10_15_7) AppleWebKit/605.1.15 (KHTML, like Gecko) Version/17.4 Safari/605.1.15 (Applebot/0.1; +http://www.apple.com/go/applebot)"
17.166.23.77 - - [25/Sep/2026:13:35:42 -0700] "GET /public/frontend/css/gijgo.min.css HTTP/1.1" 200 51756 "https://www.livewant.com/public/" "Mozilla/5.0 (Macintosh; Intel Mac OS X 10_15_7) AppleWebKit/605.1.15 (KHTML, like Gecko) Version/17.4 Safari/605.1.15 (Applebot/0.1; +http://www.apple.com/go/applebot)"
17.166.23.77 - - [25/Sep/2026:13:35:43 -0700] "GET /public/frontend/css/perfect-scrollbar.css HTTP/1.1" 200 2614 "https://www.livewant.com/public/" "Mozilla/5.0 (Macintosh; Intel Mac OS X 10_15_7) AppleWebKit/605.1.15 (KHTML, like Gecko) Version/17.4 Safari/605.1.15 (Applebot/0.1; +http://www.apple.com/go/applebot)"
17.166.23.77 - - [25/Sep/2026:13:35:45 -0700] "GET /public/frontend/css/jquery-ui.css HTTP/1.1" 200 35973 "https://www.livewant.com/public/" "Mozilla/5.0 (Macintosh; Intel Mac OS X 10_15_7) AppleWebKit/605.1.15 (KHTML, like Gecko) Version/17.4 Safari/605.1.15 (Applebot/0.1; +http://www.apple.com/go/applebot)"
17.166.23.77 - - [25/Sep/2026:13:35:46 -0700] "GET /public/frontend/css/animate.min.css HTTP/1.1" 200 68701 "https://www.livewant.com/public/" "Mozilla/5.0 (Macintosh; Intel Mac OS X 10_15_7) AppleWebKit/605.1.15 (KHTML, like Gecko) Version/17.4 Safari/605.1.15 (Applebot/0.1; +http://www.apple.com/go/applebot)"
17.166.23.77 - - [25/Sep/2026:13:35:48 -0700] "GET /public/frontend/css/slick.css HTTP/1.1" 200 1776 "https://www.livewant.com/public/" "Mozilla/5.0 (Macintosh; Intel Mac OS X 10_15_7) AppleWebKit/605.1.15 (KHTML, like Gecko) Version/17.4 Safari/605.1.15 (Applebot/0.1; +http://www.apple.com/go/applebot)"
17.166.23.77 - - [25/Sep/2026:13:35:49 -0700] "GET /public/frontend/css/slicknav.css HTTP/1.1" 200 5460 "https://www.livewant.com/public/" "Mozilla/5.0 (Macintosh; Intel Mac OS X 10_15_7) AppleWebKit/605.1.15 (KHTML, like Gecko) Version/17.4 Safari/605.1.15 (Applebot/0.1; +http://www.apple.com/go/applebot)"
17.166.23.77 - - [25/Sep/2026:13:35:51 -0700] "GET /public/frontend/css/swiper-bundle.min.css HTTP/1.1" 200 15562 "https://www.livewant.com/public/" "Mozilla/5.0 (Macintosh; Intel Mac OS X 10_15_7) AppleWebKit/605.1.15 (KHTML, like Gecko) Version/17.4 Safari/605.1.15 (Applebot/0.1; +http://www.apple.com/go/applebot)"
17.166.23.77 - - [25/Sep/2026:13:35:52 -0700] "GET /public/frontend/css/toastr.min.css HTTP/1.1" 200 6454 "https://www.livewant.com/public/" "Mozilla/5.0 (Macintosh; Intel Mac OS X 10_15_7) AppleWebKit/605.1.15 (KHTML, like Gecko) Version/17.4 Safari/605.1.15 (Applebot/0.1; +http://www.apple.com/go/applebot)"
17.166.23.77 - - [25/Sep/2026:13:35:53 -0700] "GET /public/frontend/css/summernote-lite.css HTTP/1.1" 200 35753 "https://www.livewant.com/public/" "Mozilla/5.0 (Macintosh; Intel Mac OS X 10_15_7) AppleWebKit/605.1.15 (KHTML, like Gecko) Version/17.4 Safari/605.1.15 (Applebot/0.1; +http://www.apple.com/go/applebot)"
17.166.23.77 - - [25/Sep/2026:13:35:55 -0700] "GET /public/frontend/css/style.css HTTP/1.1" 200 631357 "https://www.livewant.com/public/" "Mozilla/5.0 (Macintosh; Intel Mac OS X 10_15_7) AppleWebKit/605.1.15 (KHTML, like Gecko) Version/17.4 Safari/605.1.15 (Applebot/0.1; +http://www.apple.com/go/applebot)"
17.166.23.77 - - [25/Sep/2026:13:35:56 -0700] "GET /public/frontend/js/vendor/jquery-3.4.1.min.js HTTP/1.1" 200 88145 "https://www.livewant.com/public/" "Mozilla/5.0 (Macintosh; Intel Mac OS X 10_15_7) AppleWebKit/605.1.15 (KHTML, like Gecko) Version/17.4 Safari/605.1.15 (Applebot/0.1; +http://www.apple.com/go/applebot)"
17.166.23.77 - - [25/Sep/2026:13:35:58 -0700] "GET /public/frontend/js/vendor/popper.min.js HTTP/1.1" 200 18594 "https://www.livewant.com/public/" "Mozilla/5.0 (Macintosh; Intel Mac OS X 10_15_7) AppleWebKit/605.1.15 (KHTML, like Gecko) Version/17.4 Safari/605.1.15 (Applebot/0.1; +http://www.apple.com/go/applebot)"
17.166.23.77 - - [25/Sep/2026:13:35:59 -0700] "GET /public/frontend/js/vendor/bootstrap.min.js HTTP/1.1" 200 60089 "https://www.livewant.com/public/" "Mozilla/5.0 (Macintosh; Intel Mac OS X 10_15_7) AppleWebKit/605.1.15 (KHTML, like Gecko) Version/17.4 Safari/605.1.15 (Applebot/0.1; +http://www.apple.com/go/applebot)"
17.166.23.77 - - [25/Sep/2026:13:36:01 -0700] "GET /public/frontend/js/owl.carousel.min.js HTTP/1.1" 200 42766 "https://www.livewant.com/public/" "Mozilla/5.0 (Macintosh; Intel Mac OS X 10_15_7) AppleWebKit/605.1.15 (KHTML, like Gecko) Version/17.4 Safari/605.1.15 (Applebot/0.1; +http://www.apple.com/go/applebot)"
49.13.167.123 - - [25/Sep/2026:13:36:02 -0700] "HEAD / HTTP/1.1" 200 - "https://livewant.com" "Mozilla/5.0+(compatible; UptimeRobot/2.0; http://www.uptimerobot.com/)"
17.166.23.77 - - [25/Sep/2026:13:36:02 -0700] "GET /public/frontend/js/swiper-bundle.min.js HTTP/1.1" 200 135574 "https://www.livewant.com/public/" "Mozilla/5.0 (Macintosh; Intel Mac OS X 10_15_7) AppleWebKit/605.1.15 (KHTML, like Gecko) Version/17.4 Safari/605.1.15 (Applebot/0.1; +http://www.apple.com/go/applebot)"
17.166.23.77 - - [25/Sep/2026:13:36:04 -0700] "GET /public/frontend/js/isotope.pkgd.min.js HTTP/1.1" 200 35503 "https://www.livewant.com/public/" "Mozilla/5.0 (Macintosh; Intel Mac OS X 10_15_7) AppleWebKit/605.1.15 (KHTML, like Gecko) Version/17.4 Safari/605.1.15 (Applebot/0.1; +http://www.apple.com/go/applebot)"
17.166.23.77 - - [25/Sep/2026:13:36:05 -0700] "GET /public/frontend/js/waypoints.min.js HTTP/1.1" 200 9028 "https://www.livewant.com/public/" "Mozilla/5.0 (Macintosh; Intel Mac OS X 10_15_7) AppleWebKit/605.1.15 (KHTML, like Gecko) Version/17.4 Safari/605.1.15 (Applebot/0.1; +http://www.apple.com/go/applebot)"
17.166.23.77 - - [25/Sep/2026:13:36:07 -0700] "GET /public/frontend/js/jquery.counterup.min.js HTTP/1.1" 200 1067 "https://www.livewant.com/public/" "Mozilla/5.0 (Macintosh; Intel Mac OS X 10_15_7) AppleWebKit/605.1.15 (KHTML, like Gecko) Version/17.4 Safari/605.1.15 (Applebot/0.1; +http://www.apple.com/go/applebot)"
17.166.23.77 - - [25/Sep/2026:13:36:08 -0700] "GET /public/frontend/js/imagesloaded.pkgd.min.js HTTP/1.1" 200 5594 "https://www.livewant.com/public/" "Mozilla/5.0 (Macintosh; Intel Mac OS X 10_15_7) AppleWebKit/605.1.15 (KHTML, like Gecko) Version/17.4 Safari/605.1.15 (Applebot/0.1; +http://www.apple.com/go/applebot)"
17.166.23.77 - - [25/Sep/2026:13:36:10 -0700] "GET /public/frontend/js/wow.min.js HTTP/1.1" 200 8415 "https://www.livewant.com/public/" "Mozilla/5.0 (Macintosh; Intel Mac OS X 10_15_7) AppleWebKit/605.1.15 (KHTML, like Gecko) Version/17.4 Safari/605.1.15 (Applebot/0.1; +http://www.apple.com/go/applebot)"
17.166.23.77 - - [25/Sep/2026:13:36:11 -0700] "GET /public/frontend/js/nice-select.min.js HTTP/1.1" 200 2942 "https://www.livewant.com/public/" "Mozilla/5.0 (Macintosh; Intel Mac OS X 10_15_7) AppleWebKit/605.1.15 (KHTML, like Gecko) Version/17.4 Safari/605.1.15 (Applebot/0.1; +http://www.apple.com/go/applebot)"
17.166.23.77 - - [25/Sep/2026:13:36:12 -0700] "GET /public/frontend/js/barfiller.js HTTP/1.1" 200 6244 "https://www.livewant.com/public/" "Mozilla/5.0 (Macintosh; Intel Mac OS X 10_15_7) AppleWebKit/605.1.15 (KHTML, like Gecko) Version/17.4 Safari/605.1.15 (Applebot/0.1; +http://www.apple.com/go/applebot)"
17.166.23.77 - - [25/Sep/2026:13:36:14 -0700] "GET /public/frontend/js/jquery.slicknav.js HTTP/1.1" 200 21072 "https://www.livewant.com/public/" "Mozilla/5.0 (Macintosh; Intel Mac OS X 10_15_7) AppleWebKit/605.1.15 (KHTML, like Gecko) Version/17.4 Safari/605.1.15 (Applebot/0.1; +http://www.apple.com/go/applebot)"
17.166.23.77 - - [25/Sep/2026:13:36:15 -0700] "GET /public/frontend/js/jquery.magnific-popup.min.js HTTP/1.1" 200 20216 "https://www.livewant.com/public/" "Mozilla/5.0 (Macintosh; Intel Mac OS X 10_15_7) AppleWebKit/605.1.15 (KHTML, like Gecko) Version/17.4 Safari/605.1.15 (Applebot/0.1; +http://www.apple.com/go/applebot)"
17.166.23.77 - - [25/Sep/2026:13:36:17 -0700] "GET /public/frontend/js/jquery.ajaxchimp.min.js HTTP/1.1" 200 4820 "https://www.livewant.com/public/" "Mozilla/5.0 (Macintosh; Intel Mac OS X 10_15_7) AppleWebKit/605.1.15 (KHTML, like Gecko) Version/17.4 Safari/605.1.15 (Applebot/0.1; +http://www.apple.com/go/applebot)"
17.166.23.77 - - [25/Sep/2026:13:36:18 -0700] "GET /public/frontend/js/parallax.js HTTP/1.1" 200 15991 "https://www.livewant.com/public/" "Mozilla/5.0 (Macintosh; Intel Mac OS X 10_15_7) AppleWebKit/605.1.15 (KHTML, like Gecko) Version/17.4 Safari/605.1.15 (Applebot/0.1; +http://www.apple.com/go/applebot)"
17.166.23.77 - - [25/Sep/2026:13:36:20 -0700] "GET /public/frontend/js/gijgo.min.js HTTP/1.1" 200 280230 "https://www.livewant.com/public/" "Mozilla/5.0 (Macintosh; Intel Mac OS X 10_15_7) AppleWebKit/605.1.15 (KHTML, like Gecko) Version/17.4 Safari/605.1.15 (Applebot/0.1; +http://www.apple.com/go/applebot)"
17.166.23.77 - - [25/Sep/2026:13:36:21 -0700] "GET /public/frontend/js/slick.min.js HTTP/1.1" 200 42863 "https://www.livewant.com/public/" "Mozilla/5.0 (Macintosh; Intel Mac OS X 10_15_7) AppleWebKit/605.1.15 (KHTML, like Gecko) Version/17.4 Safari/605.1.15 (Applebot/0.1; +http://www.apple.com/go/applebot)"
17.166.23.77 - - [25/Sep/2026:13:36:22 -0700] "GET /public/frontend/js/eleveti_zoom.js HTTP/1.1" 200 32922 "https://www.livewant.com/public/" "Mozilla/5.0 (Macintosh; Intel Mac OS X 10_15_7) AppleWebKit/605.1.15 (KHTML, like Gecko) Version/17.4 Safari/605.1.15 (Applebot/0.1; +http://www.apple.com/go/applebot)"
17.166.23.77 - - [25/Sep/2026:13:36:24 -0700] "GET /public/frontend/js/perfect-scrollbar.js HTTP/1.1" 200 38567 "https://www.livewant.com/public/" "Mozilla/5.0 (Macintosh; Intel Mac OS X 10_15_7) AppleWebKit/605.1.15 (KHTML, like Gecko) Version/17.4 Safari/605.1.15 (Applebot/0.1; +http://www.apple.com/go/applebot)"
17.166.23.77 - - [25/Sep/2026:13:36:25 -0700] "GET /public/frontend/js/jquery.nav.js HTTP/1.1" 200 5138 "https://www.livewant.com/public/" "Mozilla/5.0 (Macintosh; Intel Mac OS X 10_15_7) AppleWebKit/605.1.15 (KHTML, like Gecko) Version/17.4 Safari/605.1.15 (Applebot/0.1; +http://www.apple.com/go/applebot)"
17.166.23.77 - - [25/Sep/2026:13:36:27 -0700] "GET /public/frontend/js/summernote-lite.min.js HTTP/1.1" 200 163197 "https://www.livewant.com/public/" "Mozilla/5.0 (Macintosh; Intel Mac OS X 10_15_7) AppleWebKit/605.1.15 (KHTML, like Gecko) Version/17.4 Safari/605.1.15 (Applebot/0.1; +http://www.apple.com/go/applebot)"
17.166.23.77 - - [25/Sep/2026:13:36:28 -0700] "GET /public/frontend/js/query-ui.js HTTP/1.1" 200 520714 "https://www.livewant.com/public/" "Mozilla/5.0 (Macintosh; Intel Mac OS X 10_15_7) AppleWebKit/605.1.15 (KHTML, like Gecko) Version/17.4 Safari/605.1.15 (Applebot/0.1; +http://www.apple.com/go/applebot)"
17.166.23.77 - - [25/Sep/2026:13:36:30 -0700] "GET /public/frontend/js/jquery.countdown.min.js HTTP/1.1" 200 5369 "https://www.livewant.com/public/" "Mozilla/5.0 (Macintosh; Intel Mac OS X 10_15_7) AppleWebKit/605.1.15 (KHTML, like Gecko) Version/17.4 Safari/605.1.15 (Applebot/0.1; +http://www.apple.com/go/applebot)"
168.119.53.160 - - [25/Sep/2026:13:36:31 -0700] "HEAD / HTTP/1.1" 200 - "https://www.livewant.com" "Mozilla/5.0+(compatible; UptimeRobot/2.0; http://www.uptimerobot.com/)"
17.166.23.77 - - [25/Sep/2026:13:36:31 -0700] "GET /public/frontend/js/toastr.min.js HTTP/1.1" 200 5251 "https://www.livewant.com/public/" "Mozilla/5.0 (Macintosh; Intel Mac OS X 10_15_7) AppleWebKit/605.1.15 (KHTML, like Gecko) Version/17.4 Safari/605.1.15 (Applebot/0.1; +http://www.apple.com/go/applebot)"
17.166.23.77 - - [25/Sep/2026:13:36:33 -0700] "GET /public/frontend/js/mail-script.js HTTP/1.1" 200 1230 "https://www.livewant.com/public/" "Mozilla/5.0 (Macintosh; Intel Mac OS X 10_15_7) AppleWebKit/605.1.15 (KHTML, like Gecko) Version/17.4 Safari/605.1.15 (Applebot/0.1; +http://www.apple.com/go/applebot)"
17.166.23.77 - - [25/Sep/2026:13:36:34 -0700] "GET /public/backend/assets/css/icon-fonts.css HTTP/1.1" 200 254535 "https://www.livewant.com/public/" "Mozilla/5.0 (Macintosh; Intel Mac OS X 10_15_7) AppleWebKit/605.1.15 (KHTML, like Gecko) Version/17.4 Safari/605.1.15 (Applebot/0.1; +http://www.apple.com/go/applebot)"
17.166.23.77 - - [25/Sep/2026:13:36:36 -0700] "GET /public/frontend/js/map.js HTTP/1.1" 200 6285 "https://www.livewant.com/public/" "Mozilla/5.0 (Macintosh; Intel Mac OS X 10_15_7) AppleWebKit/605.1.15 (KHTML, like Gecko) Version/17.4 Safari/605.1.15 (Applebot/0.1; +http://www.apple.com/go/applebot)"
17.166.23.77 - - [25/Sep/2026:13:36:37 -0700] "GET /public/frontend/js/main.js HTTP/1.1" 200 27455 "https://www.livewant.com/public/" "Mozilla/5.0 (Macintosh; Intel Mac OS X 10_15_7) AppleWebKit/605.1.15 (KHTML, like Gecko) Version/17.4 Safari/605.1.15 (Applebot/0.1; +http://www.apple.com/go/applebot)"
17.166.23.77 - - [25/Sep/2026:13:36:39 -0700] "GET /public/frontend/js/custom.js HTTP/1.1" 200 3078 "https://www.livewant.com/public/" "Mozilla/5.0 (Macintosh; Intel Mac OS X 10_15_7) AppleWebKit/605.1.15 (KHTML, like Gecko) Version/17.4 Safari/605.1.15 (Applebot/0.1; +http://www.apple.com/go/applebot)"
17.166.23.77 - - [25/Sep/2026:13:36:40 -0700] "GET /public/properties-rent HTTP/1.1" 200 4941 "https://www.livewant.com/public/" "Mozilla/5.0 (Macintosh; Intel Mac OS X 10_15_7) AppleWebKit/605.1.15 (KHTML, like Gecko) Version/17.4 Safari/605.1.15 (Applebot/0.1; +http://www.apple.com/go/applebot)"
17.166.23.77 - - [25/Sep/2026:13:36:41 -0700] "GET /public/properties-buy HTTP/1.1" 200 7722 "https://www.livewant.com/public/" "Mozilla/5.0 (Macintosh; Intel Mac OS X 10_15_7) AppleWebKit/605.1.15 (KHTML, like Gecko) Version/17.4 Safari/605.1.15 (Applebot/0.1; +http://www.apple.com/go/applebot)"
17.166.23.77 - - [25/Sep/2026:13:36:43 -0700] "GET /public/properties-trending HTTP/1.1" 200 12653 "https://www.livewant.com/public/" "Mozilla/5.0 (Macintosh; Intel Mac OS X 10_15_7) AppleWebKit/605.1.15 (KHTML, like Gecko) Version/17.4 Safari/605.1.15 (Applebot/0.1; +http://www.apple.com/go/applebot)"
17.166.23.77 - - [25/Sep/2026:13:36:44 -0700] "POST /public/getRecommendationForYou HTTP/1.1" 200 4854 "https://www.livewant.com/public/" "Mozilla/5.0 (Macintosh; Intel Mac OS X 10_15_7) AppleWebKit/605.1.15 (KHTML, like Gecko) Version/17.4 Safari/605.1.15 (Applebot/0.1; +http://www.apple.com/go/applebot)"
17.166.23.77 - - [25/Sep/2026:13:36:46 -0700] "GET /public/getHotCategories HTTP/1.1" 200 126 "https://www.livewant.com/public/" "Mozilla/5.0 (Macintosh; Intel Mac OS X 10_15_7) AppleWebKit/605.1.15 (KHTML, like Gecko) Version/17.4 Safari/605.1.15 (Applebot/0.1; +http://www.apple.com/go/applebot)"
66.249.65.103 - - [25/Sep/2026:13:38:00 -0700] "GET /page/cancellation-policy HTTP/1.1" 404 - "-" "Mozilla/5.0 (Linux; Android 6.0.1; Nexus 5X Build/MMB29P) AppleWebKit/537.36 (KHTML, like Gecko) Chrome/153.0.8010.52 Mobile Safari/537.36 (compatible; Googlebot/2.1; +http://www.google.com/bot.html)"
168.119.53.160 - - [25/Sep/2026:13:38:01 -0700] "HEAD / HTTP/1.1" 200 - "https://www.livewant.com" "Mozilla/5.0+(compatible; UptimeRobot/2.0; http://www.uptimerobot.com/)"
18.193.252.127 - - [25/Sep/2026:13:41:07 -0700] "HEAD / HTTP/1.1" 200 - "https://livewant.com" "Mozilla/5.0+(compatible; UptimeRobot/2.0; http://www.uptimerobot.com/)"
168.119.53.160 - - [25/Sep/2026:13:41:37 -0700] "HEAD / HTTP/1.1" 200 - "https://www.livewant.com" "Mozilla/5.0+(compatible; UptimeRobot/2.0; http://www.uptimerobot.com/)"
78.47.173.76 - - [25/Sep/2026:13:43:06 -0700] "HEAD / HTTP/1.1" 200 - "https://www.livewant.com" "Mozilla/5.0+(compatible; UptimeRobot/2.0; http://www.uptimerobot.com/)"
157.90.155.240 - - [25/Sep/2026:13:46:13 -0700] "HEAD / HTTP/1.1" 200 - "https://livewant.com" "Mozilla/5.0+(compatible; UptimeRobot/2.0; http://www.uptimerobot.com/)"
168.119.96.239 - - [25/Sep/2026:13:47:14 -0700] "GET / HTTP/1.1" 200 5649 "https://www.livewant.com" "Mozilla/5.0+(compatible; UptimeRobot/2.0; http://www.uptimerobot.com/)"
168.107.89.182 - - [25/Sep/2026:13:47:26 -0700] "GET / HTTP/1.1" 200 5649 "-" "Mozilla/5.0 (Windows NT 10.0; Win64; x64) AppleWebKit/537.36 (KHTML, like Gecko) Chrome/80.0.3987.149 Safari/537.36"
168.107.89.182 - - [25/Sep/2026:13:47:26 -0700] "GET //wp-includes/wlwmanifest.xml HTTP/1.1" 404 - "-" "Mozilla/5.0 (Windows NT 10.0; Win64; x64) AppleWebKit/537.36 (KHTML, like Gecko) Chrome/80.0.3987.149 Safari/537.36"
168.107.89.182 - - [25/Sep/2026:13:47:26 -0700] "GET //xmlrpc.php?rsd HTTP/1.1" 404 16 "-" "Mozilla/5.0 (Windows NT 10.0; Win64; x64) AppleWebKit/537.36 (KHTML, like Gecko) Chrome/80.0.3987.149 Safari/537.36"
168.107.89.182 - - [25/Sep/2026:13:47:26 -0700] "GET / HTTP/1.1" 200 5649 "-" "Mozilla/5.0 (Windows NT 10.0; Win64; x64) AppleWebKit/537.36 (KHTML, like Gecko) Chrome/80.0.3987.149 Safari/537.36"
168.107.89.182 - - [25/Sep/2026:13:47:27 -0700] "GET //blog/wp-includes/wlwmanifest.xml HTTP/1.1" 404 - "-" "Mozilla/5.0 (Windows NT 10.0; Win64; x64) AppleWebKit/537.36 (KHTML, like Gecko) Chrome/80.0.3987.149 Safari/537.36"
168.107.89.182 - - [25/Sep/2026:13:47:27 -0700] "GET //web/wp-includes/wlwmanifest.xml HTTP/1.1" 404 - "-" "Mozilla/5.0 (Windows NT 10.0; Win64; x64) AppleWebKit/537.36 (KHTML, like Gecko) Chrome/80.0.3987.149 Safari/537.36"
168.107.89.182 - - [25/Sep/2026:13:47:27 -0700] "GET //wordpress/wp-includes/wlwmanifest.xml HTTP/1.1" 404 - "-" "Mozilla/5.0 (Windows NT 10.0; Win64; x64) AppleWebKit/537.36 (KHTML, like Gecko) Chrome/80.0.3987.149 Safari/537.36"
168.107.89.182 - - [25/Sep/2026:13:47:27 -0700] "GET //website/wp-includes/wlwmanifest.xml HTTP/1.1" 404 - "-" "Mozilla/5.0 (Windows NT 10.0; Win64; x64) AppleWebKit/537.36 (KHTML, like Gecko) Chrome/80.0.3987.149 Safari/537.36"
168.107.89.182 - - [25/Sep/2026:13:47:27 -0700] "GET //wp/wp-includes/wlwmanifest.xml HTTP/1.1" 404 - "-" "Mozilla/5.0 (Windows NT 10.0; Win64; x64) AppleWebKit/537.36 (KHTML, like Gecko) Chrome/80.0.3987.149 Safari/537.36"
168.107.89.182 - - [25/Sep/2026:13:47:27 -0700] "GET //news/wp-includes/wlwmanifest.xml HTTP/1.1" 404 - "-" "Mozilla/5.0 (Windows NT 10.0; Win64; x64) AppleWebKit/537.36 (KHTML, like Gecko) Chrome/80.0.3987.149 Safari/537.36"
168.107.89.182 - - [25/Sep/2026:13:47:28 -0700] "GET //2018/wp-includes/wlwmanifest.xml HTTP/1.1" 404 - "-" "Mozilla/5.0 (Windows NT 10.0; Win64; x64) AppleWebKit/537.36 (KHTML, like Gecko) Chrome/80.0.3987.149 Safari/537.36"
168.107.89.182 - - [25/Sep/2026:13:47:28 -0700] "GET //2019/wp-includes/wlwmanifest.xml HTTP/1.1" 404 - "-" "Mozilla/5.0 (Windows NT 10.0; Win64; x64) AppleWebKit/537.36 (KHTML, like Gecko) Chrome/80.0.3987.149 Safari/537.36"
168.107.89.182 - - [25/Sep/2026:13:47:28 -0700] "GET //shop/wp-includes/wlwmanifest.xml HTTP/1.1" 404 - "-" "Mozilla/5.0 (Windows NT 10.0; Win64; x64) AppleWebKit/537.36 (KHTML, like Gecko) Chrome/80.0.3987.149 Safari/537.36"
168.107.89.182 - - [25/Sep/2026:13:47:28 -0700] "GET //wp1/wp-includes/wlwmanifest.xml HTTP/1.1" 404 - "-" "Mozilla/5.0 (Windows NT 10.0; Win64; x64) AppleWebKit/537.36 (KHTML, like Gecko) Chrome/80.0.3987.149 Safari/537.36"
168.107.89.182 - - [25/Sep/2026:13:47:28 -0700] "GET //test/wp-includes/wlwmanifest.xml HTTP/1.1" 404 - "-" "Mozilla/5.0 (Windows NT 10.0; Win64; x64) AppleWebKit/537.36 (KHTML, like Gecko) Chrome/80.0.3987.149 Safari/537.36"
168.107.89.182 - - [25/Sep/2026:13:47:29 -0700] "GET //media/wp-includes/wlwmanifest.xml HTTP/1.1" 404 - "-" "Mozilla/5.0 (Windows NT 10.0; Win64; x64) AppleWebKit/537.36 (KHTML, like Gecko) Chrome/80.0.3987.149 Safari/537.36"
168.107.89.182 - - [25/Sep/2026:13:47:29 -0700] "GET //wp2/wp-includes/wlwmanifest.xml HTTP/1.1" 404 - "-" "Mozilla/5.0 (Windows NT 10.0; Win64; x64) AppleWebKit/537.36 (KHTML, like Gecko) Chrome/80.0.3987.149 Safari/537.36"
168.107.89.182 - - [25/Sep/2026:13:47:29 -0700] "GET //site/wp-includes/wlwmanifest.xml HTTP/1.1" 404 - "-" "Mozilla/5.0 (Windows NT 10.0; Win64; x64) AppleWebKit/537.36 (KHTML, like Gecko) Chrome/80.0.3987.149 Safari/537.36"
168.107.89.182 - - [25/Sep/2026:13:47:29 -0700] "GET //cms/wp-includes/wlwmanifest.xml HTTP/1.1" 404 - "-" "Mozilla/5.0 (Windows NT 10.0; Win64; x64) AppleWebKit/537.36 (KHTML, like Gecko) Chrome/80.0.3987.149 Safari/537.36"
168.107.89.182 - - [25/Sep/2026:13:47:29 -0700] "GET //sito/wp-includes/wlwmanifest.xml HTTP/1.1" 404 - "-" "Mozilla/5.0 (Windows NT 10.0; Win64; x64) AppleWebKit/537.36 (KHTML, like Gecko) Chrome/80.0.3987.149 Safari/537.36"
49.13.164.148 - - [25/Sep/2026:13:48:11 -0700] "HEAD / HTTP/1.1" 200 - "https://www.livewant.com" "Mozilla/5.0+(compatible; UptimeRobot/2.0; http://www.uptimerobot.com/)"
43.163.112.239 - - [25/Sep/2026:13:48:25 -0700] "GET /resources/views/vendor/?C=S;O=A HTTP/1.1" 200 864 "-" "Mozilla/5.0 (iPhone; CPU iPhone OS 13_2_3 like Mac OS X) AppleWebKit/605.1.15 (KHTML, like Gecko) Version/13.0.3 Mobile/15E148 Safari/604.1"
114.119.157.108 - - [25/Sep/2026:13:51:07 -0700] "GET /wp-image.php HTTP/1.1" 404 16 "https://www.livewant.com/wp-image.php" "Mozilla/5.0 (Linux; Android 7.0;) AppleWebKit/537.36 (HTML, like Gecko) Mobile Safari/537.36 (compatible; PetalBot;+https://webmaster.petalsearch.com/site/petalbot)"
168.119.53.160 - - [25/Sep/2026:13:51:20 -0700] "HEAD / HTTP/1.1" 200 - "https://livewant.com" "Mozilla/5.0+(compatible; UptimeRobot/2.0; http://www.uptimerobot.com/)"
157.90.155.240 - - [25/Sep/2026:13:52:19 -0700] "HEAD / HTTP/1.1" 200 - "https://www.livewant.com" "Mozilla/5.0+(compatible; UptimeRobot/2.0; http://www.uptimerobot.com/)"
114.119.156.134 - - [25/Sep/2026:13:52:30 -0700] "GET /public/properties-grid-fullwidth?view=grid HTTP/1.1" 200 87167 "https://www.livewant.com/properties-grid-fullwidth/?view=grid" "Mozilla/5.0 (Linux; Android 7.0;) AppleWebKit/537.36 (HTML, like Gecko) Mobile Safari/537.36 (compatible; PetalBot;+https://webmaster.petalsearch.com/site/petalbot)"
52.28.162.93 - - [25/Sep/2026:13:53:17 -0700] "HEAD / HTTP/1.1" 200 - "https://www.livewant.com" "Mozilla/5.0+(compatible; UptimeRobot/2.0; http://www.uptimerobot.com/)"
66.249.65.103 - - [25/Sep/2026:13:53:29 -0700] "GET /public/index.php/assets/property/4/3/3.webp HTTP/1.1" 200 1629 "-" "Googlebot-Image/1.0"
144.172.109.189 - - [25/Sep/2026:13:54:04 -0700] "HEAD / HTTP/1.1" 200 - "-" "Mozilla/5.0 (Macintosh; Intel Mac OS X 10_15_7) AppleWebKit/537.36 (KHTML, like Gecko) Chrome/124.0.0.0 Safari/537.36"
114.119.138.210 - - [25/Sep/2026:13:54:15 -0700] "GET /public/index.php/property/26/details/product.php HTTP/1.1" 200 203378 "https://www.livewant.com/public/index.php/property/26/details/cedar-creek-ZWMvf" "Mozilla/5.0 (Linux; Android 7.0;) AppleWebKit/537.36 (HTML, like Gecko) Mobile Safari/537.36 (compatible; PetalBot;+https://webmaster.petalsearch.com/site/petalbot)"
114.119.153.169 - - [25/Sep/2026:13:55:21 -0700] "GET /public/property/25/details/saddleback-ridge-Ds92m HTTP/1.1" 200 199354 "https://www.livewant.com/public/customer/my-orders" "Mozilla/5.0 (Linux; Android 7.0;) AppleWebKit/537.36 (HTML, like Gecko) Mobile Safari/537.36 (compatible; PetalBot;+https://webmaster.petalsearch.com/site/petalbot)"
5.9.120.8 - - [25/Sep/2026:13:55:26 -0700] "GET /robots.txt HTTP/1.1" 404 - "-" "Mozilla/5.0 (compatible; SERankingBacklinksBot/1.0; +https://seranking.com/backlinks-crawler)"
5.9.120.8 - - [25/Sep/2026:13:55:27 -0700] "GET /public HTTP/1.1" 301 276 "-" "Mozilla/5.0 (compatible; SERankingBacklinksBot/1.0; +https://seranking.com/backlinks-crawler)"
5.9.120.8 - - [25/Sep/2026:13:55:28 -0700] "GET /public HTTP/1.1" 301 276 "-" "Mozilla/5.0 (compatible; SERankingBacklinksBot/1.0; +https://seranking.com/backlinks-crawler)"
5.9.120.8 - - [25/Sep/2026:13:55:29 -0700] "GET /public/ HTTP/1.1" 200 161051 "-" "Mozilla/5.0 (compatible; SERankingBacklinksBot/1.0; +https://seranking.com/backlinks-crawler)"
5.9.120.8 - - [25/Sep/2026:13:55:33 -0700] "GET /public/about HTTP/1.1" 200 99545 "-" "Mozilla/5.0 (compatible; SERankingBacklinksBot/1.0; +https://seranking.com/backlinks-crawler)"
5.9.120.8 - - [25/Sep/2026:13:55:37 -0700] "GET /public/blogs HTTP/1.1" 200 99166 "-" "Mozilla/5.0 (compatible; SERankingBacklinksBot/1.0; +https://seranking.com/backlinks-crawler)"
5.9.120.8 - - [25/Sep/2026:13:55:40 -0700] "GET /public/terms HTTP/1.1" 200 89379 "-" "Mozilla/5.0 (compatible; SERankingBacklinksBot/1.0; +https://seranking.com/backlinks-crawler)"
5.9.120.8 - - [25/Sep/2026:13:55:45 -0700] "GET /public/contact HTTP/1.1" 200 93653 "-" "Mozilla/5.0 (compatible; SERankingBacklinksBot/1.0; +https://seranking.com/backlinks-crawler)"
5.9.120.8 - - [25/Sep/2026:13:55:49 -0700] "GET /public/privacy HTTP/1.1" 200 90322 "-" "Mozilla/5.0 (compatible; SERankingBacklinksBot/1.0; +https://seranking.com/backlinks-crawler)"
5.9.120.8 - - [25/Sep/2026:13:55:52 -0700] "GET /public/properties HTTP/1.1" 200 135585 "-" "Mozilla/5.0 (compatible; SERankingBacklinksBot/1.0; +https://seranking.com/backlinks-crawler)"
5.9.120.8 - - [25/Sep/2026:13:55:56 -0700] "GET /public/category/flat HTTP/1.1" 200 135587 "-" "Mozilla/5.0 (compatible; SERankingBacklinksBot/1.0; +https://seranking.com/backlinks-crawler)"
5.9.120.8 - - [25/Sep/2026:13:56:00 -0700] "GET /public/category/land HTTP/1.1" 200 135587 "-" "Mozilla/5.0 (compatible; SERankingBacklinksBot/1.0; +https://seranking.com/backlinks-crawler)"
5.9.120.8 - - [25/Sep/2026:13:56:04 -0700] "GET /public/category/room HTTP/1.1" 200 135587 "-" "Mozilla/5.0 (compatible; SERankingBacklinksBot/1.0; +https://seranking.com/backlinks-crawler)"
5.9.120.8 - - [25/Sep/2026:13:56:08 -0700] "GET /public/order-tracking HTTP/1.1" 200 93250 "-" "Mozilla/5.0 (compatible; SERankingBacklinksBot/1.0; +https://seranking.com/backlinks-crawler)"
5.9.120.8 - - [25/Sep/2026:13:56:12 -0700] "GET /public/category/office HTTP/1.1" 200 135589 "-" "Mozilla/5.0 (compatible; SERankingBacklinksBot/1.0; +https://seranking.com/backlinks-crawler)"
5.9.120.8 - - [25/Sep/2026:13:56:16 -0700] "GET /public/customer/refund HTTP/1.1" 302 354 "-" "Mozilla/5.0 (compatible; SERankingBacklinksBot/1.0; +https://seranking.com/backlinks-crawler)"
5.9.120.8 - - [25/Sep/2026:13:56:17 -0700] "GET /public/customer/refund HTTP/1.1" 302 354 "-" "Mozilla/5.0 (compatible; SERankingBacklinksBot/1.0; +https://seranking.com/backlinks-crawler)"
5.9.120.8 - - [25/Sep/2026:13:56:19 -0700] "GET /public HTTP/1.1" 301 276 "-" "Mozilla/5.0 (compatible; SERankingBacklinksBot/1.0; +https://seranking.com/backlinks-crawler)"
5.9.120.8 - - [25/Sep/2026:13:56:20 -0700] "GET /public/ HTTP/1.1" 200 161067 "-" "Mozilla/5.0 (compatible; SERankingBacklinksBot/1.0; +https://seranking.com/backlinks-crawler)"
5.9.120.8 - - [25/Sep/2026:13:56:24 -0700] "GET /public/customer/payment HTTP/1.1" 302 354 "-" "Mozilla/5.0 (compatible; SERankingBacklinksBot/1.0; +https://seranking.com/backlinks-crawler)"
5.9.120.8 - - [25/Sep/2026:13:56:25 -0700] "GET /public HTTP/1.1" 301 276 "-" "Mozilla/5.0 (compatible; SERankingBacklinksBot/1.0; +https://seranking.com/backlinks-crawler)"
88.99.80.227 - - [25/Sep/2026:13:56:25 -0700] "HEAD / HTTP/1.1" 200 - "https://livewant.com" "Mozilla/5.0+(compatible; UptimeRobot/2.0; http://www.uptimerobot.com/)"
5.9.120.8 - - [25/Sep/2026:13:56:25 -0700] "GET /public/customer/payment HTTP/1.1" 302 354 "-" "Mozilla/5.0 (compatible; SERankingBacklinksBot/1.0; +https://seranking.com/backlinks-crawler)"
5.9.120.8 - - [25/Sep/2026:13:56:27 -0700] "GET /public HTTP/1.1" 301 276 "-" "Mozilla/5.0 (compatible; SERankingBacklinksBot/1.0; +https://seranking.com/backlinks-crawler)"
5.9.120.8 - - [25/Sep/2026:13:56:28 -0700] "GET /robots.txt HTTP/1.1" 404 - "-" "Mozilla/5.0 (compatible; SERankingBacklinksBot/1.0; +https://seranking.com/backlinks-crawler)"
5.9.120.8 - - [25/Sep/2026:13:56:29 -0700] "GET /public/ HTTP/1.1" 200 161095 "-" "Mozilla/5.0 (compatible; SERankingBacklinksBot/1.0; +https://seranking.com/backlinks-crawler)"
5.9.120.8 - - [25/Sep/2026:13:56:33 -0700] "GET /public/customer/profile HTTP/1.1" 302 354 "-" "Mozilla/5.0 (compatible; SERankingBacklinksBot/1.0; +https://seranking.com/backlinks-crawler)"
5.9.120.8 - - [25/Sep/2026:13:56:35 -0700] "GET /public/customer/profile HTTP/1.1" 302 354 "-" "Mozilla/5.0 (compatible; SERankingBacklinksBot/1.0; +https://seranking.com/backlinks-crawler)"
5.9.120.8 - - [25/Sep/2026:13:56:36 -0700] "GET /public HTTP/1.1" 301 276 "-" "Mozilla/5.0 (compatible; SERankingBacklinksBot/1.0; +https://seranking.com/backlinks-crawler)"
5.9.120.8 - - [25/Sep/2026:13:56:37 -0700] "GET /public/ HTTP/1.1" 200 161138 "-" "Mozilla/5.0 (compatible; SERankingBacklinksBot/1.0; +https://seranking.com/backlinks-crawler)"
5.9.120.8 - - [25/Sep/2026:13:56:41 -0700] "GET /public/category/building HTTP/1.1" 200 135591 "-" "Mozilla/5.0 (compatible; SERankingBacklinksBot/1.0; +https://seranking.com/backlinks-crawler)"
114.119.131.97 - - [25/Sep/2026:13:56:44 -0700] "GET /public/assets/property/4/1/4.webp HTTP/1.1" 200 48102 "https://www.livewant.com/public/property/16/details/product.php" "Mozilla/5.0 (Linux; Android 7.0;) AppleWebKit/537.36 (HTML, like Gecko) Mobile Safari/537.36 (compatible; PetalBot;+https://webmaster.petalsearch.com/site/petalbot)"
5.9.120.8 - - [25/Sep/2026:13:56:46 -0700] "GET /public/category/apartment HTTP/1.1" 200 135592 "-" "Mozilla/5.0 (compatible; SERankingBacklinksBot/1.0; +https://seranking.com/backlinks-crawler)"
5.9.120.8 - - [25/Sep/2026:13:56:49 -0700] "GET /public/customer/my-orders HTTP/1.1" 302 354 "-" "Mozilla/5.0 (compatible; SERankingBacklinksBot/1.0; +https://seranking.com/backlinks-crawler)"
5.9.120.8 - - [25/Sep/2026:13:56:50 -0700] "GET /public/customer/my-orders HTTP/1.1" 302 354 "-" "Mozilla/5.0 (compatible; SERankingBacklinksBot/1.0; +https://seranking.com/backlinks-crawler)"
5.9.120.8 - - [25/Sep/2026:13:56:51 -0700] "GET /public HTTP/1.1" 301 276 "-" "Mozilla/5.0 (compatible; SERankingBacklinksBot/1.0; +https://seranking.com/backlinks-crawler)"
5.9.120.8 - - [25/Sep/2026:13:56:52 -0700] "GET /public/ HTTP/1.1" 200 161055 "-" "Mozilla/5.0 (compatible; SERankingBacklinksBot/1.0; +https://seranking.com/backlinks-crawler)"
5.9.120.8 - - [25/Sep/2026:13:56:57 -0700] "GET /public/customer/my-wishlist HTTP/1.1" 302 354 "-" "Mozilla/5.0 (compatible; SERankingBacklinksBot/1.0; +https://seranking.com/backlinks-crawler)"
5.9.120.8 - - [25/Sep/2026:13:56:58 -0700] "GET /public/customer/my-wishlist HTTP/1.1" 302 354 "-" "Mozilla/5.0 (compatible; SERankingBacklinksBot/1.0; +https://seranking.com/backlinks-crawler)"
5.9.120.8 - - [25/Sep/2026:13:56:59 -0700] "GET /public HTTP/1.1" 301 276 "-" "Mozilla/5.0 (compatible; SERankingBacklinksBot/1.0; +https://seranking.com/backlinks-crawler)"
5.9.120.8 - - [25/Sep/2026:13:57:00 -0700] "GET /public/ HTTP/1.1" 200 161082 "-" "Mozilla/5.0 (compatible; SERankingBacklinksBot/1.0; +https://seranking.com/backlinks-crawler)"
5.9.120.8 - - [25/Sep/2026:13:57:04 -0700] "GET /public/index.php/compare.php HTTP/1.1" 200 87985 "-" "Mozilla/5.0 (compatible; SERankingBacklinksBot/1.0; +https://seranking.com/backlinks-crawler)"
5.9.120.8 - - [25/Sep/2026:13:57:07 -0700] "GET /public/customer/refund-details HTTP/1.1" 302 354 "-" "Mozilla/5.0 (compatible; SERankingBacklinksBot/1.0; +https://seranking.com/backlinks-crawler)"
5.9.120.8 - - [25/Sep/2026:13:57:08 -0700] "GET /public/customer/refund-details HTTP/1.1" 302 354 "-" "Mozilla/5.0 (compatible; SERankingBacklinksBot/1.0; +https://seranking.com/backlinks-crawler)"
5.9.120.8 - - [25/Sep/2026:13:57:09 -0700] "GET /public HTTP/1.1" 301 276 "-" "Mozilla/5.0 (compatible; SERankingBacklinksBot/1.0; +https://seranking.com/backlinks-crawler)"
5.9.120.8 - - [25/Sep/2026:13:57:11 -0700] "GET /public/ HTTP/1.1" 200 161006 "-" "Mozilla/5.0 (compatible; SERankingBacklinksBot/1.0; +https://seranking.com/backlinks-crawler)"
5.9.120.8 - - [25/Sep/2026:13:57:15 -0700] "GET /public/index.php/property-details HTTP/1.1" 500 3796 "-" "Mozilla/5.0 (compatible; SERankingBacklinksBot/1.0; +https://seranking.com/backlinks-crawler)"
43.135.144.126 - - [25/Sep/2026:13:57:20 -0700] "GET /resources/views/frontend/order/ HTTP/1.1" 200 905 "-" "Mozilla/5.0 (iPhone; CPU iPhone OS 13_2_3 like Mac OS X) AppleWebKit/605.1.15 (KHTML, like Gecko) Version/13.0.3 Mobile/15E148 Safari/604.1"
128.140.106.114 - - [25/Sep/2026:13:57:24 -0700] "HEAD / HTTP/1.1" 200 - "https://www.livewant.com" "Mozilla/5.0+(compatible; UptimeRobot/2.0; http://www.uptimerobot.com/)"
114.119.138.210 - - [25/Sep/2026:13:58:08 -0700] "GET /index.php/hr/147?set_country=88541 HTTP/1.1" 404 16 "https://www.livewant.com/index.php/hr/147?set_country=88541" "Mozilla/5.0 (Linux; Android 7.0;) AppleWebKit/537.36 (HTML, like Gecko) Mobile Safari/537.36 (compatible; PetalBot;+https://webmaster.petalsearch.com/site/petalbot)"
18.193.252.127 - - [25/Sep/2026:13:58:23 -0700] "HEAD / HTTP/1.1" 200 - "https://www.livewant.com" "Mozilla/5.0+(compatible; UptimeRobot/2.0; http://www.uptimerobot.com/)"
43.166.204.232 - - [25/Sep/2026:13:58:55 -0700] "GET /about HTTP/1.1" 404 - "-" "Mozilla/5.0 (Windows NT 10.0; Win64; x64) AppleWebKit/537.36 (KHTML, like Gecko) Chrome/148.0.0.0 Safari/537.36"
114.119.142.7 - - [25/Sep/2026:13:59:31 -0700] "GET /index.php/hr/4?set_country=88328 HTTP/1.1" 404 16 "https://www.livewant.com/index.php/hr/4?set_country=88328" "Mozilla/5.0 (Linux; Android 7.0;) AppleWebKit/537.36 (HTML, like Gecko) Mobile Safari/537.36 (compatible; PetalBot;+https://webmaster.petalsearch.com/site/petalbot)"
114.119.142.7 - - [25/Sep/2026:14:00:55 -0700] "GET /index.php/hr/174?set_country=88279 HTTP/1.1" 404 16 "https://www.livewant.com/index.php/hr/174?set_country=88279" "Mozilla/5.0 (Linux; Android 7.0;) AppleWebKit/537.36 (HTML, like Gecko) Mobile Safari/537.36 (compatible; PetalBot;+https://webmaster.petalsearch.com/site/petalbot)"
185.191.171.18 - - [25/Sep/2026:14:01:16 -0700] "GET /robots.txt HTTP/1.1" 404 - "-" "Mozilla/5.0 (compatible; SemrushBot/7~bl; +http://www.semrush.com/bot.html)"
85.208.96.193 - - [25/Sep/2026:14:01:17 -0700] "GET /public/index.php/property/19/details/product.php HTTP/1.1" 200 199830 "-" "Mozilla/5.0 (compatible; SemrushBot/7~bl; +http://www.semrush.com/bot.html)"
18.193.252.127 - - [25/Sep/2026:14:01:31 -0700] "HEAD / HTTP/1.1" 200 - "https://livewant.com" "Mozilla/5.0+(compatible; UptimeRobot/2.0; http://www.uptimerobot.com/)"
114.119.153.169 - - [25/Sep/2026:14:02:18 -0700] "GET /index.php/hr/144?set_currency=HRK HTTP/1.1" 404 16 "https://www.livewant.com/index.php/hr/144?set_currency=HRK" "Mozilla/5.0 (Linux; Android 7.0;) AppleWebKit/537.36 (HTML, like Gecko) Mobile Safari/537.36 (compatible; PetalBot;+https://webmaster.petalsearch.com/site/petalbot)"
78.47.173.76 - - [25/Sep/2026:14:02:29 -0700] "HEAD / HTTP/1.1" 200 - "https://www.livewant.com" "Mozilla/5.0+(compatible; UptimeRobot/2.0; http://www.uptimerobot.com/)"
128.140.106.114 - - [25/Sep/2026:14:03:28 -0700] "HEAD / HTTP/1.1" 200 - "https://www.livewant.com" "Mozilla/5.0+(compatible; UptimeRobot/2.0; http://www.uptimerobot.com/)"
114.119.131.97 - - [25/Sep/2026:14:03:42 -0700] "GET /index.php/en/4?set_country=88144 HTTP/1.1" 404 16 "https://www.livewant.com/index.php/en/4?set_country=88144" "Mozilla/5.0 (Linux; Android 7.0;) AppleWebKit/537.36 (HTML, like Gecko) Mobile Safari/537.36 (compatible; PetalBot;+https://webmaster.petalsearch.com/site/petalbot)"
89.146.153.146 - - [25/Sep/2026:14:04:54 -0700] "GET /compare.php HTTP/1.1" 404 16 "https://www.livewant.com" "Mozilla/5.0 (Windows NT 10.0; Win64; x64) AppleWebKit/537.36 (KHTML, like Gecko) Chrome/145.0.0.0 Safari/537.36"
114.119.156.134 - - [25/Sep/2026:14:05:05 -0700] "GET /index.php/en/169 HTTP/1.1" 404 16 "https://www.livewant.com/index.php/en/169" "Mozilla/5.0 (Linux; Android 7.0;) AppleWebKit/537.36 (HTML, like Gecko) Mobile Safari/537.36 (compatible; PetalBot;+https://webmaster.petalsearch.com/site/petalbot)"
114.119.136.138 - - [25/Sep/2026:14:06:29 -0700] "GET /index.php/en/146/google_link?set_country=88279 HTTP/1.1" 404 16 "https://www.livewant.com/index.php/en/146/google_link?set_country=88279" "Mozilla/5.0 (Linux; Android 7.0;) AppleWebKit/537.36 (HTML, like Gecko) Mobile Safari/537.36 (compatible; PetalBot;+https://webmaster.petalsearch.com/site/petalbot)"
157.90.156.63 - - [25/Sep/2026:14:06:37 -0700] "HEAD / HTTP/1.1" 200 - "https://livewant.com" "Mozilla/5.0+(compatible; UptimeRobot/2.0; http://www.uptimerobot.com/)"
3.77.67.4 - - [25/Sep/2026:14:07:34 -0700] "HEAD / HTTP/1.1" 200 - "https://www.livewant.com" "Mozilla/5.0+(compatible; UptimeRobot/2.0; http://www.uptimerobot.com/)"
114.119.131.200 - - [25/Sep/2026:14:07:53 -0700] "GET /index.php/en/174?set_country=88279 HTTP/1.1" 404 16 "https://www.livewant.com/index.php/en/174?set_country=88279" "Mozilla/5.0 (Linux; Android 7.0;) AppleWebKit/537.36 (HTML, like Gecko) Mobile Safari/537.36 (compatible; PetalBot;+https://webmaster.petalsearch.com/site/petalbot)"
185.203.217.33 - - [25/Sep/2026:14:08:31 -0700] "GET /templates/selio/assets/images/resources/cm-img3.webp HTTP/1.1" 404 - "-" "Mozilla/5.0 (Windows NT 10.0; Win64; x64) AppleWebKit/537.36 (KHTML, like Gecko) Chrome/107.0.0.0 Safari/537.36"
49.13.164.148 - - [25/Sep/2026:14:08:34 -0700] "HEAD / HTTP/1.1" 200 - "https://www.livewant.com" "Mozilla/5.0+(compatible; UptimeRobot/2.0; http://www.uptimerobot.com/)"
114.119.153.169 - - [25/Sep/2026:14:09:16 -0700] "GET /gallery-2-columns/ HTTP/1.1" 404 - "https://www.livewant.com/2022/06/16/image-post-format/" "Mozilla/5.0 (Linux; Android 7.0;) AppleWebKit/537.36 (HTML, like Gecko) Mobile Safari/537.36 (compatible; PetalBot;+https://webmaster.petalsearch.com/site/petalbot)"
114.119.142.7 - - [25/Sep/2026:14:10:39 -0700] "GET /index.php/en/161 HTTP/1.1" 404 16 "https://www.livewant.com/index.php/en/161" "Mozilla/5.0 (Linux; Android 7.0;) AppleWebKit/537.36 (HTML, like Gecko) Mobile Safari/537.36 (compatible; PetalBot;+https://webmaster.petalsearch.com/site/petalbot)"
49.13.164.148 - - [25/Sep/2026:14:11:44 -0700] "HEAD / HTTP/1.1" 200 - "https://livewant.com" "Mozilla/5.0+(compatible; UptimeRobot/2.0; http://www.uptimerobot.com/)"
114.119.138.210 - - [25/Sep/2026:14:12:03 -0700] "GET /index.php/en/144/sale_and_rent?set_currency=USD HTTP/1.1" 404 16 "https://www.livewant.com/index.php/en/144/sale_and_rent?set_currency=USD" "Mozilla/5.0 (Linux; Android 7.0;) AppleWebKit/537.36 (HTML, like Gecko) Mobile Safari/537.36 (compatible; PetalBot;+https://webmaster.petalsearch.com/site/petalbot)"
128.140.106.114 - - [25/Sep/2026:14:12:39 -0700] "HEAD / HTTP/1.1" 200 - "https://www.livewant.com" "Mozilla/5.0+(compatible; UptimeRobot/2.0; http://www.uptimerobot.com/)"
114.119.136.138 - - [25/Sep/2026:14:13:27 -0700] "GET /category/room HTTP/1.1" 404 - "https://www.livewant.com/property/30/details/product.php" "Mozilla/5.0 (Linux; Android 7.0;) AppleWebKit/537.36 (HTML, like Gecko) Mobile Safari/537.36 (compatible; PetalBot;+https://webmaster.petalsearch.com/site/petalbot)"
78.47.173.76 - - [25/Sep/2026:14:13:39 -0700] "HEAD / HTTP/1.1" 200 - "https://www.livewant.com" "Mozilla/5.0+(compatible; UptimeRobot/2.0; http://www.uptimerobot.com/)"
114.119.142.7 - - [25/Sep/2026:14:14:50 -0700] "GET /public/property/29/details/creek-side-villas-aXurU HTTP/1.1" 200 200687 "https://livewant.com/public/property/29/details/creek-side-villas-aXurU" "Mozilla/5.0 (Linux; Android 7.0;) AppleWebKit/537.36 (HTML, like Gecko) Mobile Safari/537.36 (compatible; PetalBot;+https://webmaster.petalsearch.com/site/petalbot)"
66.249.73.199 - - [25/Sep/2026:14:15:29 -0700] "GET /property/11/details/compare.php HTTP/1.1" 404 - "-" "Mozilla/5.0 (Linux; Android 6.0.1; Nexus 5X Build/MMB29P) AppleWebKit/537.36 (KHTML, like Gecko) Chrome/153.0.8010.52 Mobile Safari/537.36 (compatible; Googlebot/2.1; +http://www.google.com/bot.html)"
216.73.217.2 - - [25/Sep/2026:14:16:03 -0700] "GET /robots.txt HTTP/1.1" 404 - "-" "Mozilla/5.0 AppleWebKit/537.36 (KHTML, like Gecko; compatible; ClaudeBot/1.0; +claudebot@anthropic.com)"
216.73.217.2 - - [25/Sep/2026:14:16:03 -0700] "GET / HTTP/1.1" 200 5649 "-" "Mozilla/5.0 AppleWebKit/537.36 (KHTML, like Gecko; compatible; ClaudeBot/1.0; +claudebot@anthropic.com)"
114.119.131.97 - - [25/Sep/2026:14:16:13 -0700] "GET /index.php/hr/160?set_country=80375 HTTP/1.1" 404 16 "https://www.livewant.com/index.php/hr/160?set_country=80375" "Mozilla/5.0 (Linux; Android 7.0;) AppleWebKit/537.36 (HTML, like Gecko) Mobile Safari/537.36 (compatible; PetalBot;+https://webmaster.petalsearch.com/site/petalbot)"
52.28.162.93 - - [25/Sep/2026:14:16:49 -0700] "HEAD / HTTP/1.1" 200 - "https://livewant.com" "Mozilla/5.0+(compatible; UptimeRobot/2.0; http://www.uptimerobot.com/)"
41.141.26.75 - - [25/Sep/2026:14:17:18 -0700] "GET / HTTP/1.1" 200 5649 "https://livewant.com:2083/" "Mozilla/5.0 (Windows NT 10.0; Win64; x64) AppleWebKit/537.36 (KHTML, like Gecko) Chrome/153.0.0.0 Safari/537.36"
41.141.26.75 - - [25/Sep/2026:14:17:18 -0700] "GET /favicon.ico HTTP/1.1" 200 15406 "https://livewant.com/" "Mozilla/5.0 (Windows NT 10.0; Win64; x64) AppleWebKit/537.36 (KHTML, like Gecko) Chrome/153.0.0.0 Safari/537.36"
41.141.26.75 - - [25/Sep/2026:14:17:34 -0700] "GET /SupTest.php HTTP/1.1" 200 1223 "-" "Mozilla/5.0 (Windows NT 10.0; Win64; x64) AppleWebKit/537.36 (KHTML, like Gecko) Chrome/153.0.0.0 Safari/537.36"
114.119.136.138 - - [25/Sep/2026:14:17:37 -0700] "GET /public/index.php/register?type=Owner HTTP/1.1" 200 10479 "https://livewant.com/public/index.php/customer/my-wishlist" "Mozilla/5.0 (Linux; Android 7.0;) AppleWebKit/537.36 (HTML, like Gecko) Mobile Safari/537.36 (compatible; PetalBot;+https://webmaster.petalsearch.com/site/petalbot)"
49.13.130.29 - - [25/Sep/2026:14:17:46 -0700] "HEAD / HTTP/1.1" 200 - "https://www.livewant.com" "Mozilla/5.0+(compatible; UptimeRobot/2.0; http://www.uptimerobot.com/)"
41.141.26.75 - - [25/Sep/2026:14:17:54 -0700] "POST /SupTest.php HTTP/1.1" 200 1321 "https://livewant.com/SupTest.php" "Mozilla/5.0 (Windows NT 10.0; Win64; x64) AppleWebKit/537.36 (KHTML, like Gecko) Chrome/153.0.0.0 Safari/537.36"
49.13.134.145 - - [25/Sep/2026:14:18:45 -0700] "HEAD / HTTP/1.1" 200 - "https://www.livewant.com" "Mozilla/5.0+(compatible; UptimeRobot/2.0; http://www.uptimerobot.com/)"
114.119.136.138 - - [25/Sep/2026:14:19:01 -0700] "GET /public/index.php/property/6/details/product.php HTTP/1.1" 200 199811 "https://livewant.com/public/index.php/property/6/details/forest-glen-f7JOu" "Mozilla/5.0 (Linux; Android 7.0;) AppleWebKit/537.36 (HTML, like Gecko) Mobile Safari/537.36 (compatible; PetalBot;+https://webmaster.petalsearch.com/site/petalbot)"
114.119.153.169 - - [25/Sep/2026:14:20:24 -0700] "GET /public/category/office HTTP/1.1" 200 135589 "https://livewant.com/public/property/6/details/product.php" "Mozilla/5.0 (Linux; Android 7.0;) AppleWebKit/537.36 (HTML, like Gecko) Mobile Safari/537.36 (compatible; PetalBot;+https://webmaster.petalsearch.com/site/petalbot)"
89.111.27.219 - - [25/Sep/2026:14:21:08 -0700] "GET /s HTTP/1.1" 301 271 "-" "Mozilla/5.0 (Windows NT 10.0; Win64; x64) AppleWebKit/537.36 (KHTML, like Gecko) Chrome/153.0.0.0 Safari/537.36"
89.111.27.219 - - [25/Sep/2026:14:21:09 -0700] "GET /s/ HTTP/1.1" 302 - "-" "Mozilla/5.0 (Windows NT 10.0; Win64; x64) AppleWebKit/537.36 (KHTML, like Gecko) Chrome/153.0.0.0 Safari/537.36"
89.111.27.219 - - [25/Sep/2026:14:21:09 -0700] "GET /s/c706 HTTP/1.1" 200 9780 "-" "Mozilla/5.0 (Windows NT 10.0; Win64; x64) AppleWebKit/537.36 (KHTML, like Gecko) Chrome/153.0.0.0 Safari/537.36"
89.111.27.219 - - [25/Sep/2026:14:21:10 -0700] "GET /s/aeb5c39/ HTTP/1.1" 200 157 "https://livewant.com/s/c706" "Mozilla/5.0 (Windows NT 10.0; Win64; x64) AppleWebKit/537.36 (KHTML, like Gecko) Chrome/153.0.0.0 Safari/537.36"
89.111.27.219 - - [25/Sep/2026:14:21:10 -0700] "GET /s/aeb5c39/ffd7?843f1842=f568f8fffc187664be24c29959af6842 HTTP/1.1" 200 107803 "https://livewant.com/s/aeb5c39/" "Mozilla/5.0 (Windows NT 10.0; Win64; x64) AppleWebKit/537.36 (KHTML, like Gecko) Chrome/153.0.0.0 Safari/537.36"
89.111.27.219 - - [25/Sep/2026:14:21:10 -0700] "GET /s/aeb5c39/4414359a91e7/styles.a3f3916f17792170.css HTTP/1.1" 200 140778 "https://livewant.com/s/aeb5c39/ffd7?843f1842=f568f8fffc187664be24c29959af6842" "Mozilla/5.0 (Windows NT 10.0; Win64; x64) AppleWebKit/537.36 (KHTML, like Gecko) Chrome/153.0.0.0 Safari/537.36"
89.111.27.219 - - [25/Sep/2026:14:21:11 -0700] "GET /s/aeb5c39/4414359a91e7/kite-icons.svg HTTP/1.1" 200 112798 "https://livewant.com/s/aeb5c39/ffd7?843f1842=f568f8fffc187664be24c29959af6842" "Mozilla/5.0 (Windows NT 10.0; Win64; x64) AppleWebKit/537.36 (KHTML, like Gecko) Chrome/153.0.0.0 Safari/537.36"
89.111.27.219 - - [25/Sep/2026:14:21:11 -0700] "GET /s/aeb5c39/4414359a91e7b/kite-icons.svg HTTP/1.1" 200 112798 "https://livewant.com/s/aeb5c39/ffd7?843f1842=f568f8fffc187664be24c29959af6842" "Mozilla/5.0 (Windows NT 10.0; Win64; x64) AppleWebKit/537.36 (KHTML, like Gecko) Chrome/153.0.0.0 Safari/537.36"
89.111.27.219 - - [25/Sep/2026:14:21:11 -0700] "GET /s/aeb5c39/4414359a91e/kite-icons.svg HTTP/1.1" 200 112798 "https://livewant.com/s/aeb5c39/ffd7?843f1842=f568f8fffc187664be24c29959af6842" "Mozilla/5.0 (Windows NT 10.0; Win64; x64) AppleWebKit/537.36 (KHTML, like Gecko) Chrome/153.0.0.0 Safari/537.36"
89.111.27.219 - - [25/Sep/2026:14:21:11 -0700] "GET /s/aeb5c39/4414359a91e7b/spectrum-logo.svg HTTP/1.1" 200 10256 "https://livewant.com/s/aeb5c39/ffd7?843f1842=f568f8fffc187664be24c29959af6842" "Mozilla/5.0 (Windows NT 10.0; Win64; x64) AppleWebKit/537.36 (KHTML, like Gecko) Chrome/153.0.0.0 Safari/537.36"
89.111.27.219 - - [25/Sep/2026:14:21:11 -0700] "GET /s/aeb5c39/4414359a91/kite-icons.svg HTTP/1.1" 200 112798 "https://livewant.com/s/aeb5c39/ffd7?843f1842=f568f8fffc187664be24c29959af6842" "Mozilla/5.0 (Windows NT 10.0; Win64; x64) AppleWebKit/537.36 (KHTML, like Gecko) Chrome/153.0.0.0 Safari/537.36"
89.111.27.219 - - [25/Sep/2026:14:21:13 -0700] "GET /s/aeb5c39/4414359a91e7/rutledge-medium.woff2 HTTP/1.1" 200 20208 "https://livewant.com/s/aeb5c39/4414359a91e7/styles.a3f3916f17792170.css" "Mozilla/5.0 (Windows NT 10.0; Win64; x64) AppleWebKit/537.36 (KHTML, like Gecko) Chrome/153.0.0.0 Safari/537.36"
89.111.27.219 - - [25/Sep/2026:14:21:13 -0700] "GET /s/aeb5c39/4414359a91e7/rutledge-bold.woff2 HTTP/1.1" 200 19288 "https://livewant.com/s/aeb5c39/4414359a91e7/styles.a3f3916f17792170.css" "Mozilla/5.0 (Windows NT 10.0; Win64; x64) AppleWebKit/537.36 (KHTML, like Gecko) Chrome/153.0.0.0 Safari/537.36"
89.111.27.219 - - [25/Sep/2026:14:21:13 -0700] "GET /s/aeb5c39/4414359a91e7/rutledge-regular.woff2 HTTP/1.1" 200 20668 "https://livewant.com/s/aeb5c39/4414359a91e7/styles.a3f3916f17792170.css" "Mozilla/5.0 (Windows NT 10.0; Win64; x64) AppleWebKit/537.36 (KHTML, like Gecko) Chrome/153.0.0.0 Safari/537.36"
89.111.27.219 - - [25/Sep/2026:14:21:13 -0700] "GET /s/aeb5c39/4414359a91e7b18/kite-icons.svg HTTP/1.1" 200 112798 "https://livewant.com/s/aeb5c39/ffd7?843f1842=f568f8fffc187664be24c29959af6842" "Mozilla/5.0 (Windows NT 10.0; Win64; x64) AppleWebKit/537.36 (KHTML, like Gecko) Chrome/153.0.0.0 Safari/537.36"
89.111.27.219 - - [25/Sep/2026:14:21:27 -0700] "GET /s/aeb5c39/4414359a91e7/favicon.ico HTTP/1.1" 200 3865 "https://livewant.com/s/aeb5c39/ffd7?843f1842=f568f8fffc187664be24c29959af6842" "Mozilla/5.0 (Windows NT 10.0; Win64; x64) AppleWebKit/537.36 (KHTML, like Gecko) Chrome/153.0.0.0 Safari/537.36"
114.119.157.108 - - [25/Sep/2026:14:21:48 -0700] "GET /property/5/details/springfield-gardens-hFCsp HTTP/1.1" 404 - "https://livewant.com/customer/profile" "Mozilla/5.0 (Linux; Android 7.0;) AppleWebKit/537.36 (HTML, like Gecko) Mobile Safari/537.36 (compatible; PetalBot;+https://webmaster.petalsearch.com/site/petalbot)"
49.13.167.123 - - [25/Sep/2026:14:21:57 -0700] "HEAD / HTTP/1.1" 200 - "https://livewant.com" "Mozilla/5.0+(compatible; UptimeRobot/2.0; http://www.uptimerobot.com/)"
62.201.244.234 - - [25/Sep/2026:14:22:42 -0700] "GET /test.php HTTP/1.1" 404 16 "-" "Mozilla/5.0 (X11; Linux x86_64) AppleWebKit/537.36 (KHTML, like Gecko) Chrome/72.0.3626.109 Safari/537.36"
3.77.67.4 - - [25/Sep/2026:14:22:51 -0700] "HEAD / HTTP/1.1" 200 - "https://www.livewant.com" "Mozilla/5.0+(compatible; UptimeRobot/2.0; http://www.uptimerobot.com/)"
114.119.156.134 - - [25/Sep/2026:14:23:11 -0700] "GET /index.php/hr/4?set_country=88279 HTTP/1.1" 404 16 "https://livewant.com/index.php/hr/4?set_country=88279" "Mozilla/5.0 (Linux; Android 7.0;) AppleWebKit/537.36 (HTML, like Gecko) Mobile Safari/537.36 (compatible; PetalBot;+https://webmaster.petalsearch.com/site/petalbot)"
157.90.155.240 - - [25/Sep/2026:14:23:49 -0700] "HEAD / HTTP/1.1" 200 - "https://www.livewant.com" "Mozilla/5.0+(compatible; UptimeRobot/2.0; http://www.uptimerobot.com/)"
114.119.136.138 - - [25/Sep/2026:14:24:35 -0700] "GET /index.php/hr/174/no_map_version?set_country=88144 HTTP/1.1" 404 16 "https://livewant.com/index.php/hr/174/no_map_version?set_country=88144" "Mozilla/5.0 (Linux; Android 7.0;) AppleWebKit/537.36 (HTML, like Gecko) Mobile Safari/537.36 (compatible; PetalBot;+https://webmaster.petalsearch.com/site/petalbot)"
43.166.136.24 - - [25/Sep/2026:14:24:41 -0700] "GET / HTTP/1.1" 200 5998 "http://livewant.com" "Mozilla/5.0 (iPhone; CPU iPhone OS 13_2_3 like Mac OS X) AppleWebKit/605.1.15 (KHTML, like Gecko) Version/13.0.3 Mobile/15E148 Safari/604.1"
