216.73.217.2 - - [25/Sep/2026:18:23:17 -0700] "GET /admin.php?file=%2F%2Fpclzip-69e17cb8bfcb0.gz HTTP/1.1" 200 6747 "-" "Mozilla/5.0 AppleWebKit/537.36 (KHTML, like Gecko; compatible; ClaudeBot/1.0; +claudebot@anthropic.com)"
54.37.86.225 - - [25/Sep/2026:18:23:19 -0700] "GET /app/View/?C=S;O=A HTTP/1.1" 200 1002 "-" "Mozilla/5.0 (compatible; MJ12bot/v1.4.8; http://mj12bot.com/)"
54.37.86.225 - - [25/Sep/2026:18:23:20 -0700] "GET /app/View/Components/ HTTP/1.1" 200 1049 "-" "Mozilla/5.0 (compatible; MJ12bot/v1.4.8; http://mj12bot.com/)"
54.37.86.225 - - [25/Sep/2026:18:23:22 -0700] "GET /app/View/Composers/ HTTP/1.1" 200 858 "-" "Mozilla/5.0 (compatible; MJ12bot/v1.4.8; http://mj12bot.com/)"
216.73.217.2 - - [25/Sep/2026:18:23:22 -0700] "GET /admin.php?file=%2F%2Fpclzip-69e17a37beeb0.gz HTTP/1.1" 200 14908 "-" "Mozilla/5.0 AppleWebKit/537.36 (KHTML, like Gecko; compatible; ClaudeBot/1.0; +claudebot@anthropic.com)"
54.37.86.225 - - [25/Sep/2026:18:23:24 -0700] "GET /config/?C=N;O=A HTTP/1.1" 200 3492 "-" "Mozilla/5.0 (compatible; MJ12bot/v1.4.8; http://mj12bot.com/)"
54.37.86.225 - - [25/Sep/2026:18:23:25 -0700] "GET /database/?C=D;O=D HTTP/1.1" 200 1712 "-" "Mozilla/5.0 (compatible; MJ12bot/v1.4.8; http://mj12bot.com/)"
54.37.86.225 - - [25/Sep/2026:18:23:27 -0700] "GET /database/?C=M;O=D HTTP/1.1" 200 1712 "-" "Mozilla/5.0 (compatible; MJ12bot/v1.4.8; http://mj12bot.com/)"
216.73.217.2 - - [25/Sep/2026:18:23:27 -0700] "GET /vendor/symfony/console/Resources/ HTTP/1.1" 200 1432 "-" "Mozilla/5.0 AppleWebKit/537.36 (KHTML, like Gecko; compatible; ClaudeBot/1.0; +claudebot@anthropic.com)"
49.13.24.81 - - [25/Sep/2026:18:23:28 -0700] "GET / HTTP/1.1" 200 6170 "https://www.livewant.com" "Mozilla/5.0+(compatible; UptimeRobot/2.0; http://www.uptimerobot.com/)"
54.37.86.225 - - [25/Sep/2026:18:23:28 -0700] "GET /database/?C=S;O=D HTTP/1.1" 200 1712 "-" "Mozilla/5.0 (compatible; MJ12bot/v1.4.8; http://mj12bot.com/)"
54.37.86.225 - - [25/Sep/2026:18:23:30 -0700] "GET /database/seeders/PermissionSeeder.php HTTP/1.1" 500 - "-" "Mozilla/5.0 (compatible; MJ12bot/v1.4.8; http://mj12bot.com/)"
54.37.86.225 - - [25/Sep/2026:18:23:31 -0700] "GET /database/seeders/PropertyCategorySeeder.php HTTP/1.1" 500 - "-" "Mozilla/5.0 (compatible; MJ12bot/v1.4.8; http://mj12bot.com/)"
216.73.217.2 - - [25/Sep/2026:18:23:33 -0700] "GET /admin.php?ynzmini=%2Fhome%2Flivewant%2Fpublic_html%2Fvendor%2Fvlucas%2F.. HTTP/1.1" 200 16526 "-" "Mozilla/5.0 AppleWebKit/537.36 (KHTML, like Gecko; compatible; ClaudeBot/1.0; +claudebot@anthropic.com)"
54.37.86.225 - - [25/Sep/2026:18:23:33 -0700] "GET /database/seeders/PropertyLocationSeeder.php HTTP/1.1" 500 - "-" "Mozilla/5.0 (compatible; MJ12bot/v1.4.8; http://mj12bot.com/)"
216.73.217.2 - - [25/Sep/2026:18:23:37 -0700] "GET /admin.php?rmfolder=%2Fhome%2Flivewant%2Fpublic_html%2Fvendor%2Fbrick HTTP/1.1" 200 35523 "-" "Mozilla/5.0 AppleWebKit/537.36 (KHTML, like Gecko; compatible; ClaudeBot/1.0; +claudebot@anthropic.com)"
216.73.217.2 - - [25/Sep/2026:18:23:42 -0700] "GET /admin.php?rmfolder=%2Fhome%2Flivewant%2Fpublic_html%2Fpublic%2Ffrontend HTTP/1.1" 200 35523 "-" "Mozilla/5.0 AppleWebKit/537.36 (KHTML, like Gecko; compatible; ClaudeBot/1.0; +claudebot@anthropic.com)"
216.73.217.2 - - [25/Sep/2026:18:23:47 -0700] "GET /admin.php?ynzmini=%2Fhome%2Flivewant%2Fpublic_html%2Fvendor%2Fphp-flasher HTTP/1.1" 200 7352 "-" "Mozilla/5.0 AppleWebKit/537.36 (KHTML, like Gecko; compatible; ClaudeBot/1.0; +claudebot@anthropic.com)"
216.73.217.2 - - [25/Sep/2026:18:23:52 -0700] "GET /admin.php?file=%2Fhome%2Flivewant%2Fpublic_html%2Fpublic%2Findex.php HTTP/1.1" 200 8189 "-" "Mozilla/5.0 AppleWebKit/537.36 (KHTML, like Gecko; compatible; ClaudeBot/1.0; +claudebot@anthropic.com)"
18.192.166.72 - - [25/Sep/2026:18:23:54 -0700] "HEAD / HTTP/1.1" 200 - "https://www.livewant.com" "Mozilla/5.0+(compatible; UptimeRobot/2.0; http://www.uptimerobot.com/)"
216.73.217.2 - - [25/Sep/2026:18:23:56 -0700] "GET /admin.php?file=%2Fhome%2Flivewant%2Fpublic_html%2F.editorconfig HTTP/1.1" 200 6643 "-" "Mozilla/5.0 AppleWebKit/537.36 (KHTML, like Gecko; compatible; ClaudeBot/1.0; +claudebot@anthropic.com)"
216.73.217.2 - - [25/Sep/2026:18:24:00 -0700] "GET /admin.php?ynzmini=%2Fhome%2Flivewant%2F%2F.config HTTP/1.1" 200 6989 "-" "Mozilla/5.0 AppleWebKit/537.36 (KHTML, like Gecko; compatible; ClaudeBot/1.0; +claudebot@anthropic.com)"
216.73.217.2 - - [25/Sep/2026:18:24:08 -0700] "GET /storage/framework/sessions/Xezeny2sJkeMtkqrj60v5dBsUpJ0Q4ADMcTi9ETh HTTP/1.1" 200 247 "-" "Mozilla/5.0 AppleWebKit/537.36 (KHTML, like Gecko; compatible; ClaudeBot/1.0; +claudebot@anthropic.com)"
216.73.217.2 - - [25/Sep/2026:18:24:13 -0700] "GET /storage/framework/sessions/xWrrC4dV4a4x9X04gKlDeI9PJ7FEnLwJiwx5OVPR HTTP/1.1" 200 240 "-" "Mozilla/5.0 AppleWebKit/537.36 (KHTML, like Gecko; compatible; ClaudeBot/1.0; +claudebot@anthropic.com)"
216.73.217.2 - - [25/Sep/2026:18:24:18 -0700] "GET /vendor/webmozart/?C=N&O=D HTTP/1.1" 200 839 "-" "Mozilla/5.0 AppleWebKit/537.36 (KHTML, like Gecko; compatible; ClaudeBot/1.0; +claudebot@anthropic.com)"
216.73.217.2 - - [25/Sep/2026:18:24:23 -0700] "GET /storage/framework/sessions/h00oFKT7Fw3MiLbN5wHjLm2bUQKEcrjukc13kJS9 HTTP/1.1" 200 263 "-" "Mozilla/5.0 AppleWebKit/537.36 (KHTML, like Gecko; compatible; ClaudeBot/1.0; +claudebot@anthropic.com)"
216.73.217.2 - - [25/Sep/2026:18:24:28 -0700] "GET /vendor/fruitcake/?C=M&O=A HTTP/1.1" 200 841 "-" "Mozilla/5.0 AppleWebKit/537.36 (KHTML, like Gecko; compatible; ClaudeBot/1.0; +claudebot@anthropic.com)"
216.73.217.2 - - [25/Sep/2026:18:24:34 -0700] "GET /vendor/symfony/polyfill-php72/LICENSE HTTP/1.1" 200 1065 "-" "Mozilla/5.0 AppleWebKit/537.36 (KHTML, like Gecko; compatible; ClaudeBot/1.0; +claudebot@anthropic.com)"
216.73.217.2 - - [25/Sep/2026:18:24:37 -0700] "GET /admin.php?file=%2Fhome%2Flivewant%2Fpublic_html%2Fpublic%2Frobots.txt HTTP/1.1" 200 6421 "-" "Mozilla/5.0 AppleWebKit/537.36 (KHTML, like Gecko; compatible; ClaudeBot/1.0; +claudebot@anthropic.com)"
216.73.217.2 - - [25/Sep/2026:18:24:38 -0700] "GET /robots.txt HTTP/1.1" 404 - "-" "Mozilla/5.0 AppleWebKit/537.36 (KHTML, like Gecko; compatible; ClaudeBot/1.0; +claudebot@anthropic.com)"
216.73.217.2 - - [25/Sep/2026:18:24:42 -0700] "GET /admin.php?ynzmini=%2Fhome%2Flivewant%2Fpublic_html%2Fvendor%2Fegulias HTTP/1.1" 200 7137 "-" "Mozilla/5.0 AppleWebKit/537.36 (KHTML, like Gecko; compatible; ClaudeBot/1.0; +claudebot@anthropic.com)"
216.73.217.2 - - [25/Sep/2026:18:24:47 -0700] "GET /admin.php?ynzmini=%2Fhome%2Flivewant%2Fpublic_html%2Fvendor%2Fyoeunes HTTP/1.1" 200 7119 "-" "Mozilla/5.0 AppleWebKit/537.36 (KHTML, like Gecko; compatible; ClaudeBot/1.0; +claudebot@anthropic.com)"
216.73.217.2 - - [25/Sep/2026:18:24:52 -0700] "GET /admin.php?ynzmini=%2Fhome%2Flivewant%2Fpublic_html%2Fvendor%2Fjason-guru HTTP/1.1" 200 7174 "-" "Mozilla/5.0 AppleWebKit/537.36 (KHTML, like Gecko; compatible; ClaudeBot/1.0; +claudebot@anthropic.com)"
216.73.217.2 - - [25/Sep/2026:18:24:58 -0700] "GET /vendor/symfony/polyfill-php80/?C=D&O=D HTTP/1.1" 200 1770 "-" "Mozilla/5.0 AppleWebKit/537.36 (KHTML, like Gecko; compatible; ClaudeBot/1.0; +claudebot@anthropic.com)"
216.73.217.2 - - [25/Sep/2026:18:25:03 -0700] "GET /vendor/symfony/polyfill-php72/?C=S&O=D HTTP/1.1" 200 1412 "-" "Mozilla/5.0 AppleWebKit/537.36 (KHTML, like Gecko; compatible; ClaudeBot/1.0; +claudebot@anthropic.com)"
216.73.217.2 - - [25/Sep/2026:18:25:05 -0700] "GET /robots.txt HTTP/1.1" 404 - "-" "Mozilla/5.0 AppleWebKit/537.36 (KHTML, like Gecko; compatible; ClaudeBot/1.0; +claudebot@anthropic.com)"
216.73.217.2 - - [25/Sep/2026:18:25:08 -0700] "GET /vendor/symfony/console/Question/?C=S&O=A HTTP/1.1" 200 1271 "-" "Mozilla/5.0 AppleWebKit/537.36 (KHTML, like Gecko; compatible; ClaudeBot/1.0; +claudebot@anthropic.com)"
216.73.217.2 - - [25/Sep/2026:18:25:13 -0700] "GET /vendor/symfony/polyfill-mbstring/?C=M&O=D HTTP/1.1" 200 1782 "-" "Mozilla/5.0 AppleWebKit/537.36 (KHTML, like Gecko; compatible; ClaudeBot/1.0; +claudebot@anthropic.com)"
216.73.217.2 - - [25/Sep/2026:18:25:18 -0700] "GET /vendor/guzzlehttp/?C=S&O=A HTTP/1.1" 200 1372 "-" "Mozilla/5.0 AppleWebKit/537.36 (KHTML, like Gecko; compatible; ClaudeBot/1.0; +claudebot@anthropic.com)"
216.73.217.2 - - [25/Sep/2026:18:25:23 -0700] "GET /vendor/symfony/console/Output/?C=D&O=A HTTP/1.1" 200 2576 "-" "Mozilla/5.0 AppleWebKit/537.36 (KHTML, like Gecko; compatible; ClaudeBot/1.0; +claudebot@anthropic.com)"
216.73.217.2 - - [25/Sep/2026:18:25:27 -0700] "GET /vendor/bin/?C=M&O=A HTTP/1.1" 200 2420 "-" "Mozilla/5.0 AppleWebKit/537.36 (KHTML, like Gecko; compatible; ClaudeBot/1.0; +claudebot@anthropic.com)"
216.73.217.2 - - [25/Sep/2026:18:25:32 -0700] "GET /vendor/symfony/polyfill-php80/?C=N&O=A HTTP/1.1" 200 1770 "-" "Mozilla/5.0 AppleWebKit/537.36 (KHTML, like Gecko; compatible; ClaudeBot/1.0; +claudebot@anthropic.com)"
216.73.217.2 - - [25/Sep/2026:18:25:37 -0700] "GET /vendor/nesbot/?C=D&O=A HTTP/1.1" 200 833 "-" "Mozilla/5.0 AppleWebKit/537.36 (KHTML, like Gecko; compatible; ClaudeBot/1.0; +claudebot@anthropic.com)"
216.73.217.2 - - [25/Sep/2026:18:25:42 -0700] "GET /vendor/symfony/console/Output/?C=S&O=A HTTP/1.1" 200 2576 "-" "Mozilla/5.0 AppleWebKit/537.36 (KHTML, like Gecko; compatible; ClaudeBot/1.0; +claudebot@anthropic.com)"
216.73.217.2 - - [25/Sep/2026:18:25:47 -0700] "GET /vendor/symfony/polyfill-php80/?C=S&O=D HTTP/1.1" 200 1770 "-" "Mozilla/5.0 AppleWebKit/537.36 (KHTML, like Gecko; compatible; ClaudeBot/1.0; +claudebot@anthropic.com)"
216.73.217.2 - - [25/Sep/2026:18:25:52 -0700] "GET /vendor/symfony/polyfill-php83/?C=N&O=D HTTP/1.1" 200 1412 "-" "Mozilla/5.0 AppleWebKit/537.36 (KHTML, like Gecko; compatible; ClaudeBot/1.0; +claudebot@anthropic.com)"
216.73.217.2 - - [25/Sep/2026:18:25:57 -0700] "GET /vendor/symfony/polyfill-mbstring/?C=D&O=D HTTP/1.1" 200 1782 "-" "Mozilla/5.0 AppleWebKit/537.36 (KHTML, like Gecko; compatible; ClaudeBot/1.0; +claudebot@anthropic.com)"
216.73.217.2 - - [25/Sep/2026:18:26:02 -0700] "GET /vendor/symfony/css-selector/?C=M&O=D HTTP/1.1" 200 2125 "-" "Mozilla/5.0 AppleWebKit/537.36 (KHTML, like Gecko; compatible; ClaudeBot/1.0; +claudebot@anthropic.com)"
216.73.217.2 - - [25/Sep/2026:18:26:07 -0700] "GET /vendor/symfony/polyfill-php72/?C=N&O=D HTTP/1.1" 200 1412 "-" "Mozilla/5.0 AppleWebKit/537.36 (KHTML, like Gecko; compatible; ClaudeBot/1.0; +claudebot@anthropic.com)"
51.81.169.200 - - [25/Sep/2026:18:26:08 -0700] "GET /public/components/shop-working-day HTTP/1.1" 200 1619 "-" "Mozilla/5.0 (compatible; AhrefsBot/7.0; +http://ahrefs.com/robot/)"
216.73.217.2 - - [25/Sep/2026:18:26:12 -0700] "GET /vendor/symfony/polyfill-php83/?C=M&O=A HTTP/1.1" 200 1412 "-" "Mozilla/5.0 AppleWebKit/537.36 (KHTML, like Gecko; compatible; ClaudeBot/1.0; +claudebot@anthropic.com)"
216.73.217.2 - - [25/Sep/2026:18:26:17 -0700] "GET /vendor/symfony/polyfill-mbstring/?C=S&O=D HTTP/1.1" 200 1782 "-" "Mozilla/5.0 AppleWebKit/537.36 (KHTML, like Gecko; compatible; ClaudeBot/1.0; +claudebot@anthropic.com)"
216.73.217.2 - - [25/Sep/2026:18:26:22 -0700] "GET /vendor/symfony/css-selector/?C=D&O=D HTTP/1.1" 200 2125 "-" "Mozilla/5.0 AppleWebKit/537.36 (KHTML, like Gecko; compatible; ClaudeBot/1.0; +claudebot@anthropic.com)"
216.73.217.2 - - [25/Sep/2026:18:26:27 -0700] "GET /vendor/symfony/polyfill-php80/?C=N&O=D HTTP/1.1" 200 1770 "-" "Mozilla/5.0 AppleWebKit/537.36 (KHTML, like Gecko; compatible; ClaudeBot/1.0; +claudebot@anthropic.com)"
216.73.217.2 - - [25/Sep/2026:18:26:32 -0700] "GET /vendor/symfony/polyfill-php83/?C=D&O=A HTTP/1.1" 200 1412 "-" "Mozilla/5.0 AppleWebKit/537.36 (KHTML, like Gecko; compatible; ClaudeBot/1.0; +claudebot@anthropic.com)"
216.73.217.2 - - [25/Sep/2026:18:26:37 -0700] "GET /vendor/symfony/polyfill-php72/?C=M&O=A HTTP/1.1" 200 1412 "-" "Mozilla/5.0 AppleWebKit/537.36 (KHTML, like Gecko; compatible; ClaudeBot/1.0; +claudebot@anthropic.com)"
216.73.217.2 - - [25/Sep/2026:18:26:42 -0700] "GET /vendor/symfony/console/Output/?C=N&O=D HTTP/1.1" 200 2576 "-" "Mozilla/5.0 AppleWebKit/537.36 (KHTML, like Gecko; compatible; ClaudeBot/1.0; +claudebot@anthropic.com)"
216.73.217.2 - - [25/Sep/2026:18:26:47 -0700] "GET /vendor/nesbot/?C=N&O=D HTTP/1.1" 200 833 "-" "Mozilla/5.0 AppleWebKit/537.36 (KHTML, like Gecko; compatible; ClaudeBot/1.0; +claudebot@anthropic.com)"
216.73.217.2 - - [25/Sep/2026:18:26:52 -0700] "GET /vendor/bin/?C=N&O=D HTTP/1.1" 200 2420 "-" "Mozilla/5.0 AppleWebKit/537.36 (KHTML, like Gecko; compatible; ClaudeBot/1.0; +claudebot@anthropic.com)"
216.73.217.2 - - [25/Sep/2026:18:26:57 -0700] "GET /vendor/symfony/polyfill-php83/?C=N&O=A HTTP/1.1" 200 1412 "-" "Mozilla/5.0 AppleWebKit/537.36 (KHTML, like Gecko; compatible; ClaudeBot/1.0; +claudebot@anthropic.com)"
216.73.217.2 - - [25/Sep/2026:18:27:03 -0700] "GET /public/register?type=Owner HTTP/1.1" 200 10429 "-" "Mozilla/5.0 AppleWebKit/537.36 (KHTML, like Gecko; compatible; ClaudeBot/1.0; +claudebot@anthropic.com)"
216.73.217.2 - - [25/Sep/2026:18:27:07 -0700] "GET /public/property/21/details/product.php HTTP/1.1" 200 198596 "-" "Mozilla/5.0 AppleWebKit/537.36 (KHTML, like Gecko; compatible; ClaudeBot/1.0; +claudebot@anthropic.com)"
216.73.217.2 - - [25/Sep/2026:18:27:12 -0700] "GET /public/category/apartment HTTP/1.1" 200 135592 "-" "Mozilla/5.0 AppleWebKit/537.36 (KHTML, like Gecko; compatible; ClaudeBot/1.0; +claudebot@anthropic.com)"
216.73.217.2 - - [25/Sep/2026:18:27:17 -0700] "GET /public/customer/my-orders HTTP/1.1" 302 354 "-" "Mozilla/5.0 AppleWebKit/537.36 (KHTML, like Gecko; compatible; ClaudeBot/1.0; +claudebot@anthropic.com)"
216.73.217.2 - - [25/Sep/2026:18:27:17 -0700] "GET /public HTTP/1.1" 301 276 "https://livewant.com/public/customer/my-orders" "Mozilla/5.0 AppleWebKit/537.36 (KHTML, like Gecko; compatible; ClaudeBot/1.0; +claudebot@anthropic.com)"
216.73.217.2 - - [25/Sep/2026:18:27:17 -0700] "GET /public/ HTTP/1.1" 200 161034 "https://livewant.com/public" "Mozilla/5.0 AppleWebKit/537.36 (KHTML, like Gecko; compatible; ClaudeBot/1.0; +claudebot@anthropic.com)"
43.134.91.35 - - [25/Sep/2026:18:27:19 -0700] "GET /bootstrap/cache/?C=S;O=D HTTP/1.1" 200 1214 "-" "Mozilla/5.0 (iPhone; CPU iPhone OS 13_2_3 like Mac OS X) AppleWebKit/605.1.15 (KHTML, like Gecko) Version/13.0.3 Mobile/15E148 Safari/604.1"
216.73.217.2 - - [25/Sep/2026:18:27:22 -0700] "GET /public/register?type=Tenant HTTP/1.1" 200 10430 "-" "Mozilla/5.0 AppleWebKit/537.36 (KHTML, like Gecko; compatible; ClaudeBot/1.0; +claudebot@anthropic.com)"
216.73.217.2 - - [25/Sep/2026:18:27:27 -0700] "GET /public/property/13/details/product.php HTTP/1.1" 200 204349 "-" "Mozilla/5.0 AppleWebKit/537.36 (KHTML, like Gecko; compatible; ClaudeBot/1.0; +claudebot@anthropic.com)"
216.73.217.2 - - [25/Sep/2026:18:27:32 -0700] "GET /public/register?type=Builder HTTP/1.1" 200 10431 "-" "Mozilla/5.0 AppleWebKit/537.36 (KHTML, like Gecko; compatible; ClaudeBot/1.0; +claudebot@anthropic.com)"
142.132.180.39 - - [25/Sep/2026:18:27:35 -0700] "HEAD / HTTP/1.1" 200 - "https://livewant.com" "Mozilla/5.0+(compatible; UptimeRobot/2.0; http://www.uptimerobot.com/)"
216.73.217.2 - - [25/Sep/2026:18:27:37 -0700] "GET /public/customer/refund-details HTTP/1.1" 302 354 "-" "Mozilla/5.0 AppleWebKit/537.36 (KHTML, like Gecko; compatible; ClaudeBot/1.0; +claudebot@anthropic.com)"
216.73.217.2 - - [25/Sep/2026:18:27:37 -0700] "GET /public HTTP/1.1" 301 276 "https://livewant.com/public/customer/refund-details" "Mozilla/5.0 AppleWebKit/537.36 (KHTML, like Gecko; compatible; ClaudeBot/1.0; +claudebot@anthropic.com)"
216.73.217.2 - - [25/Sep/2026:18:27:37 -0700] "GET /public/ HTTP/1.1" 200 161074 "https://livewant.com/public" "Mozilla/5.0 AppleWebKit/537.36 (KHTML, like Gecko; compatible; ClaudeBot/1.0; +claudebot@anthropic.com)"
216.73.217.2 - - [25/Sep/2026:18:27:42 -0700] "GET /?C=D&O=D HTTP/1.1" 200 6170 "-" "Mozilla/5.0 AppleWebKit/537.36 (KHTML, like Gecko; compatible; ClaudeBot/1.0; +claudebot@anthropic.com)"
216.73.217.2 - - [25/Sep/2026:18:27:47 -0700] "GET /public/property/4/details/product.php HTTP/1.1" 200 198019 "-" "Mozilla/5.0 AppleWebKit/537.36 (KHTML, like Gecko; compatible; ClaudeBot/1.0; +claudebot@anthropic.com)"
216.73.217.2 - - [25/Sep/2026:18:27:52 -0700] "GET /?C=S&O=D HTTP/1.1" 200 6170 "-" "Mozilla/5.0 AppleWebKit/537.36 (KHTML, like Gecko; compatible; ClaudeBot/1.0; +claudebot@anthropic.com)"
18.193.252.127 - - [25/Sep/2026:18:28:33 -0700] "HEAD / HTTP/1.1" 200 - "https://www.livewant.com" "Mozilla/5.0+(compatible; UptimeRobot/2.0; http://www.uptimerobot.com/)"
157.90.156.63 - - [25/Sep/2026:18:29:00 -0700] "HEAD / HTTP/1.1" 200 - "https://www.livewant.com" "Mozilla/5.0+(compatible; UptimeRobot/2.0; http://www.uptimerobot.com/)"
5.9.120.8 - - [25/Sep/2026:18:31:34 -0700] "GET /robots.txt HTTP/1.1" 404 - "-" "Mozilla/5.0 (compatible; SERankingBacklinksBot/1.0; +https://seranking.com/backlinks-crawler)"
5.9.120.8 - - [25/Sep/2026:18:31:35 -0700] "GET /public/index.php/blogs/details/rent-vs-buy HTTP/1.1" 200 100457 "-" "Mozilla/5.0 (compatible; SERankingBacklinksBot/1.0; +https://seranking.com/backlinks-crawler)"
5.9.120.8 - - [25/Sep/2026:18:31:39 -0700] "GET /public/index.php/blogs/details/aliquam-faucibus HTTP/1.1" 200 100496 "-" "Mozilla/5.0 (compatible; SERankingBacklinksBot/1.0; +https://seranking.com/backlinks-crawler)"
5.9.120.8 - - [25/Sep/2026:18:31:43 -0700] "GET /public/index.php/property/2/details/product.php HTTP/1.1" 200 202028 "-" "Mozilla/5.0 (compatible; SERankingBacklinksBot/1.0; +https://seranking.com/backlinks-crawler)"
75.135.113.20 - - [25/Sep/2026:18:31:47 -0700] "GET /new HTTP/1.1" 301 273 "-" "Mozilla/5.0 (Macintosh; Intel Mac OS X 10_15_7) AppleWebKit/605.1.15 (KHTML, like Gecko) Version/27.0 Safari/605.1.15"
75.135.113.20 - - [25/Sep/2026:18:31:47 -0700] "GET /new/ HTTP/1.1" 200 190 "-" "Mozilla/5.0 (Macintosh; Intel Mac OS X 10_15_7) AppleWebKit/605.1.15 (KHTML, like Gecko) Version/27.0 Safari/605.1.15"
75.135.113.20 - - [25/Sep/2026:18:31:47 -0700] "GET /favicon.ico HTTP/1.1" 200 15406 "https://livewant.com/new/" "Mozilla/5.0 (Macintosh; Intel Mac OS X 10_15_7) AppleWebKit/605.1.15 (KHTML, like Gecko) Version/27.0 Safari/605.1.15"
5.9.120.8 - - [25/Sep/2026:18:31:47 -0700] "GET /public/index.php/property/3/details/product.php HTTP/1.1" 200 199894 "-" "Mozilla/5.0 (compatible; SERankingBacklinksBot/1.0; +https://seranking.com/backlinks-crawler)"
5.9.120.8 - - [25/Sep/2026:18:31:52 -0700] "GET /public/index.php/property/7/details/product.php HTTP/1.1" 200 204159 "-" "Mozilla/5.0 (compatible; SERankingBacklinksBot/1.0; +https://seranking.com/backlinks-crawler)"
5.9.120.8 - - [25/Sep/2026:18:31:56 -0700] "GET /public/index.php/blogs/details/add-value-to-home HTTP/1.1" 200 100442 "-" "Mozilla/5.0 (compatible; SERankingBacklinksBot/1.0; +https://seranking.com/backlinks-crawler)"
5.9.120.8 - - [25/Sep/2026:18:32:00 -0700] "GET /public/index.php/property/10/details/product.php HTTP/1.1" 200 199871 "-" "Mozilla/5.0 (compatible; SERankingBacklinksBot/1.0; +https://seranking.com/backlinks-crawler)"
5.9.120.8 - - [25/Sep/2026:18:32:04 -0700] "GET /public/index.php/property/11/details/product.php HTTP/1.1" 200 199911 "-" "Mozilla/5.0 (compatible; SERankingBacklinksBot/1.0; +https://seranking.com/backlinks-crawler)"
5.9.120.8 - - [25/Sep/2026:18:32:09 -0700] "GET /public/index.php/property/14/details/product.php HTTP/1.1" 200 202070 "-" "Mozilla/5.0 (compatible; SERankingBacklinksBot/1.0; +https://seranking.com/backlinks-crawler)"
5.9.120.8 - - [25/Sep/2026:18:32:13 -0700] "GET /public/index.php/property/30/details/product.php HTTP/1.1" 200 202668 "-" "Mozilla/5.0 (compatible; SERankingBacklinksBot/1.0; +https://seranking.com/backlinks-crawler)"
5.9.120.8 - - [25/Sep/2026:18:32:17 -0700] "GET /public/index.php/property/6/details/forest-glen-f7JOu HTTP/1.1" 200 199811 "-" "Mozilla/5.0 (compatible; SERankingBacklinksBot/1.0; +https://seranking.com/backlinks-crawler)"
5.9.120.8 - - [25/Sep/2026:18:32:22 -0700] "GET /public/index.php/property/26/details/cedar-creek-ZWMvf HTTP/1.1" 200 202606 "-" "Mozilla/5.0 (compatible; SERankingBacklinksBot/1.0; +https://seranking.com/backlinks-crawler)"
5.9.120.8 - - [25/Sep/2026:18:32:27 -0700] "GET /public/index.php/property/9/details/autumn-ridge-dafm5 HTTP/1.1" 200 202024 "-" "Mozilla/5.0 (compatible; SERankingBacklinksBot/1.0; +https://seranking.com/backlinks-crawler)"
5.9.120.8 - - [25/Sep/2026:18:32:30 -0700] "GET /public/index.php/property/24/details/willow-grove-bYmxS HTTP/1.1" 200 200450 "-" "Mozilla/5.0 (compatible; SERankingBacklinksBot/1.0; +https://seranking.com/backlinks-crawler)"
5.9.120.8 - - [25/Sep/2026:18:32:34 -0700] "GET /public/index.php/blogs/details/first-time-homebuyers-tips HTTP/1.1" 200 100486 "-" "Mozilla/5.0 (compatible; SERankingBacklinksBot/1.0; +https://seranking.com/backlinks-crawler)"
5.9.120.8 - - [25/Sep/2026:18:32:38 -0700] "GET /public/index.php/blogs/details/rental-property-investment HTTP/1.1" 200 100481 "-" "Mozilla/5.0 (compatible; SERankingBacklinksBot/1.0; +https://seranking.com/backlinks-crawler)"
88.99.80.227 - - [25/Sep/2026:18:32:40 -0700] "HEAD / HTTP/1.1" 200 - "https://livewant.com" "Mozilla/5.0+(compatible; UptimeRobot/2.0; http://www.uptimerobot.com/)"
5.9.120.8 - - [25/Sep/2026:18:32:42 -0700] "GET /public/index.php/property/1/details/maple-wood-ridge-rVY48 HTTP/1.1" 200 200071 "-" "Mozilla/5.0 (compatible; SERankingBacklinksBot/1.0; +https://seranking.com/backlinks-crawler)"
5.9.120.8 - - [25/Sep/2026:18:32:47 -0700] "GET /public/index.php/property/12/details/windsor-gardens-aeH8l HTTP/1.1" 200 199919 "-" "Mozilla/5.0 (compatible; SERankingBacklinksBot/1.0; +https://seranking.com/backlinks-crawler)"
5.9.120.8 - - [25/Sep/2026:18:32:51 -0700] "GET /public/index.php/property/18/details/windsor-gardens-8gtCv HTTP/1.1" 200 201988 "-" "Mozilla/5.0 (compatible; SERankingBacklinksBot/1.0; +https://seranking.com/backlinks-crawler)"
5.9.120.8 - - [25/Sep/2026:18:32:55 -0700] "GET /public/index.php/property/22/details/pleasant-valley-sGT7r HTTP/1.1" 200 200443 "-" "Mozilla/5.0 (compatible; SERankingBacklinksBot/1.0; +https://seranking.com/backlinks-crawler)"
216.73.217.2 - - [25/Sep/2026:18:32:55 -0700] "GET /public/property/26/details/product.php HTTP/1.1" 200 201488 "-" "Mozilla/5.0 AppleWebKit/537.36 (KHTML, like Gecko; compatible; ClaudeBot/1.0; +claudebot@anthropic.com)"
5.9.120.8 - - [25/Sep/2026:18:32:59 -0700] "GET /public/index.php/property/17/details/oak-wood-terrace-8pL6r HTTP/1.1" 200 202086 "-" "Mozilla/5.0 (compatible; SERankingBacklinksBot/1.0; +https://seranking.com/backlinks-crawler)"
5.9.120.8 - - [25/Sep/2026:18:33:03 -0700] "GET /public/index.php/property/25/details/saddleback-ridge-Ds92m HTTP/1.1" 200 200472 "-" "Mozilla/5.0 (compatible; SERankingBacklinksBot/1.0; +https://seranking.com/backlinks-crawler)"
5.9.120.8 - - [25/Sep/2026:18:33:08 -0700] "GET /public/index.php/property/15/details/lake-view-heights-9xBkb HTTP/1.1" 200 202011 "-" "Mozilla/5.0 (compatible; SERankingBacklinksBot/1.0; +https://seranking.com/backlinks-crawler)"
5.9.120.8 - - [25/Sep/2026:18:33:12 -0700] "GET /public/index.php/property/20/details/riverside-meadows-SFh9b HTTP/1.1" 200 199869 "-" "Mozilla/5.0 (compatible; SERankingBacklinksBot/1.0; +https://seranking.com/backlinks-crawler)"
5.9.120.8 - - [25/Sep/2026:18:33:15 -0700] "GET /public/index.php/property/21/details/riverside-meadows-KofHd HTTP/1.1" 200 200486 "-" "Mozilla/5.0 (compatible; SERankingBacklinksBot/1.0; +https://seranking.com/backlinks-crawler)"
5.9.120.8 - - [25/Sep/2026:18:33:19 -0700] "GET /public/index.php/property/23/details/creek-side-villas-4510t HTTP/1.1" 200 200433 "-" "Mozilla/5.0 (compatible; SERankingBacklinksBot/1.0; +https://seranking.com/backlinks-crawler)"
5.9.120.8 - - [25/Sep/2026:18:33:23 -0700] "GET /public/index.php/property/29/details/creek-side-villas-aXurU HTTP/1.1" 200 202577 "-" "Mozilla/5.0 (compatible; SERankingBacklinksBot/1.0; +https://seranking.com/backlinks-crawler)"
5.9.120.8 - - [25/Sep/2026:18:33:27 -0700] "GET /public/index.php/property/4/details/pine-crest-heights-vD7RG HTTP/1.1" 200 199909 "-" "Mozilla/5.0 (compatible; SERankingBacklinksBot/1.0; +https://seranking.com/backlinks-crawler)"
5.9.120.8 - - [25/Sep/2026:18:33:31 -0700] "GET /public/index.php/property/8/details/pine-crest-heights-VTb4S HTTP/1.1" 200 204233 "-" "Mozilla/5.0 (compatible; SERankingBacklinksBot/1.0; +https://seranking.com/backlinks-crawler)"
5.9.120.8 - - [25/Sep/2026:18:33:35 -0700] "GET /public/index.php/property/5/details/springfield-gardens-hFCsp HTTP/1.1" 200 199889 "-" "Mozilla/5.0 (compatible; SERankingBacklinksBot/1.0; +https://seranking.com/backlinks-crawler)"
168.119.96.239 - - [25/Sep/2026:18:33:38 -0700] "HEAD / HTTP/1.1" 200 - "https://www.livewant.com" "Mozilla/5.0+(compatible; UptimeRobot/2.0; http://www.uptimerobot.com/)"
5.9.120.8 - - [25/Sep/2026:18:33:39 -0700] "GET /robots.txt HTTP/1.1" 404 - "-" "Mozilla/5.0 (compatible; SERankingBacklinksBot/1.0; +https://seranking.com/backlinks-crawler)"
5.9.120.8 - - [25/Sep/2026:18:33:41 -0700] "GET /public HTTP/1.1" 301 280 "-" "Mozilla/5.0 (compatible; SERankingBacklinksBot/1.0; +https://seranking.com/backlinks-crawler)"
5.9.120.8 - - [25/Sep/2026:18:33:42 -0700] "GET /public HTTP/1.1" 301 280 "-" "Mozilla/5.0 (compatible; SERankingBacklinksBot/1.0; +https://seranking.com/backlinks-crawler)"
5.9.120.8 - - [25/Sep/2026:18:33:43 -0700] "GET /public/ HTTP/1.1" 200 161876 "-" "Mozilla/5.0 (compatible; SERankingBacklinksBot/1.0; +https://seranking.com/backlinks-crawler)"
5.9.120.8 - - [25/Sep/2026:18:33:47 -0700] "GET /public/about HTTP/1.1" 200 100149 "-" "Mozilla/5.0 (compatible; SERankingBacklinksBot/1.0; +https://seranking.com/backlinks-crawler)"
5.9.120.8 - - [25/Sep/2026:18:33:51 -0700] "GET /public/blogs HTTP/1.1" 200 99830 "-" "Mozilla/5.0 (compatible; SERankingBacklinksBot/1.0; +https://seranking.com/backlinks-crawler)"
5.9.120.8 - - [25/Sep/2026:18:33:55 -0700] "GET /public/terms HTTP/1.1" 200 89951 "-" "Mozilla/5.0 (compatible; SERankingBacklinksBot/1.0; +https://seranking.com/backlinks-crawler)"
5.9.120.8 - - [25/Sep/2026:18:33:58 -0700] "GET /public/contact HTTP/1.1" 200 94229 "-" "Mozilla/5.0 (compatible; SERankingBacklinksBot/1.0; +https://seranking.com/backlinks-crawler)"
5.9.120.8 - - [25/Sep/2026:18:34:03 -0700] "GET /public/privacy HTTP/1.1" 200 90894 "-" "Mozilla/5.0 (compatible; SERankingBacklinksBot/1.0; +https://seranking.com/backlinks-crawler)"
78.47.173.76 - - [25/Sep/2026:18:34:06 -0700] "HEAD / HTTP/1.1" 200 - "https://www.livewant.com" "Mozilla/5.0+(compatible; UptimeRobot/2.0; http://www.uptimerobot.com/)"
5.9.120.8 - - [25/Sep/2026:18:34:07 -0700] "GET /public/properties HTTP/1.1" 200 136213 "-" "Mozilla/5.0 (compatible; SERankingBacklinksBot/1.0; +https://seranking.com/backlinks-crawler)"
5.9.120.8 - - [25/Sep/2026:18:34:11 -0700] "GET /public/category/flat HTTP/1.1" 200 136215 "-" "Mozilla/5.0 (compatible; SERankingBacklinksBot/1.0; +https://seranking.com/backlinks-crawler)"
5.9.120.8 - - [25/Sep/2026:18:34:15 -0700] "GET /public/category/land HTTP/1.1" 200 136215 "-" "Mozilla/5.0 (compatible; SERankingBacklinksBot/1.0; +https://seranking.com/backlinks-crawler)"
5.9.120.8 - - [25/Sep/2026:18:34:19 -0700] "GET /public/category/room HTTP/1.1" 200 136215 "-" "Mozilla/5.0 (compatible; SERankingBacklinksBot/1.0; +https://seranking.com/backlinks-crawler)"
172.221.200.75 - - [25/Sep/2026:18:34:23 -0700] "GET /new HTTP/1.1" 301 273 "-" "Mozilla/5.0 (Windows NT 10.0; Win64; x64) AppleWebKit/537.36 (KHTML, like Gecko) Chrome/153.0.0.0 Safari/537.36 Edg/153.0.0.0"
172.221.200.75 - - [25/Sep/2026:18:34:23 -0700] "GET /new/ HTTP/1.1" 200 190 "-" "Mozilla/5.0 (Windows NT 10.0; Win64; x64) AppleWebKit/537.36 (KHTML, like Gecko) Chrome/153.0.0.0 Safari/537.36 Edg/153.0.0.0"
172.221.200.75 - - [25/Sep/2026:18:34:23 -0700] "GET /favicon.ico HTTP/1.1" 200 15406 "https://livewant.com/new/" "Mozilla/5.0 (Windows NT 10.0; Win64; x64) AppleWebKit/537.36 (KHTML, like Gecko) Chrome/153.0.0.0 Safari/537.36 Edg/153.0.0.0"
5.9.120.8 - - [25/Sep/2026:18:34:24 -0700] "GET /robots.txt HTTP/1.1" 404 - "-" "Mozilla/5.0 (compatible; SERankingBacklinksBot/1.0; +https://seranking.com/backlinks-crawler)"
5.9.120.8 - - [25/Sep/2026:18:34:26 -0700] "GET /index.php/profile/461 HTTP/1.1" 404 16 "-" "Mozilla/5.0 (compatible; SERankingBacklinksBot/1.0; +https://seranking.com/backlinks-crawler)"
216.73.217.2 - - [25/Sep/2026:18:34:52 -0700] "GET /public/property/21/details/product.php HTTP/1.1" 200 199368 "-" "Mozilla/5.0 AppleWebKit/537.36 (KHTML, like Gecko; compatible; ClaudeBot/1.0; +claudebot@anthropic.com)"
216.73.217.2 - - [25/Sep/2026:18:34:54 -0700] "GET /public/property/4/details/product.php HTTP/1.1" 200 198791 "-" "Mozilla/5.0 AppleWebKit/537.36 (KHTML, like Gecko; compatible; ClaudeBot/1.0; +claudebot@anthropic.com)"
216.73.217.2 - - [25/Sep/2026:18:34:54 -0700] "GET /public/property/11/details/product.php HTTP/1.1" 200 198793 "-" "Mozilla/5.0 AppleWebKit/537.36 (KHTML, like Gecko; compatible; ClaudeBot/1.0; +claudebot@anthropic.com)"
43.134.15.174 - - [25/Sep/2026:18:37:28 -0700] "GET /Modules/?C=M;O=A HTTP/1.1" 200 818 "-" "Mozilla/5.0 (iPhone; CPU iPhone OS 13_2_3 like Mac OS X) AppleWebKit/605.1.15 (KHTML, like Gecko) Version/13.0.3 Mobile/15E148 Safari/604.1"
168.119.96.239 - - [25/Sep/2026:18:37:46 -0700] "HEAD / HTTP/1.1" 200 - "https://livewant.com" "Mozilla/5.0+(compatible; UptimeRobot/2.0; http://www.uptimerobot.com/)"
18.193.252.127 - - [25/Sep/2026:18:38:44 -0700] "HEAD / HTTP/1.1" 200 - "https://www.livewant.com" "Mozilla/5.0+(compatible; UptimeRobot/2.0; http://www.uptimerobot.com/)"
157.90.156.63 - - [25/Sep/2026:18:39:11 -0700] "HEAD / HTTP/1.1" 200 - "https://www.livewant.com" "Mozilla/5.0+(compatible; UptimeRobot/2.0; http://www.uptimerobot.com/)"
51.81.165.86 - - [25/Sep/2026:18:41:17 -0700] "GET /blogs HTTP/1.1" 301 279 "-" "Mozilla/5.0 (compatible; AhrefsBot/7.0; +http://ahrefs.com/robot/)"
216.73.217.2 - - [25/Sep/2026:18:41:50 -0700] "GET /app/Http/Controllers/Backend/SettingController.php HTTP/1.1" 500 - "-" "Mozilla/5.0 AppleWebKit/537.36 (KHTML, like Gecko; compatible; ClaudeBot/1.0; +claudebot@anthropic.com)"
216.73.217.2 - - [25/Sep/2026:18:41:50 -0700] "GET /app/Http/Controllers/Installer/UpdateController.php HTTP/1.1" 200 - "-" "Mozilla/5.0 AppleWebKit/537.36 (KHTML, like Gecko; compatible; ClaudeBot/1.0; +claudebot@anthropic.com)"
216.73.217.2 - - [25/Sep/2026:18:41:50 -0700] "GET /app/Http/Controllers/Backend/LanguageController.php HTTP/1.1" 500 - "-" "Mozilla/5.0 AppleWebKit/537.36 (KHTML, like Gecko; compatible; ClaudeBot/1.0; +claudebot@anthropic.com)"
216.73.217.2 - - [25/Sep/2026:18:41:51 -0700] "GET /app/Http/Controllers/Installer/InstallController.php HTTP/1.1" 500 - "-" "Mozilla/5.0 AppleWebKit/537.36 (KHTML, like Gecko; compatible; ClaudeBot/1.0; +claudebot@anthropic.com)"
216.73.217.2 - - [25/Sep/2026:18:41:51 -0700] "GET /app/Http/Controllers/TransactionController.php HTTP/1.1" 500 - "-" "Mozilla/5.0 AppleWebKit/537.36 (KHTML, like Gecko; compatible; ClaudeBot/1.0; +claudebot@anthropic.com)"
216.73.217.2 - - [25/Sep/2026:18:41:52 -0700] "GET /app/Http/Controllers/OrderController.php HTTP/1.1" 500 - "-" "Mozilla/5.0 AppleWebKit/537.36 (KHTML, like Gecko; compatible; ClaudeBot/1.0; +claudebot@anthropic.com)"
216.73.217.2 - - [25/Sep/2026:18:41:52 -0700] "GET /app/Http/Controllers/CountryController.php HTTP/1.1" 500 - "-" "Mozilla/5.0 AppleWebKit/537.36 (KHTML, like Gecko; compatible; ClaudeBot/1.0; +claudebot@anthropic.com)"
216.73.217.2 - - [25/Sep/2026:18:41:53 -0700] "GET /app/Repositories/PropertyRepository.php HTTP/1.1" 500 - "-" "Mozilla/5.0 AppleWebKit/537.36 (KHTML, like Gecko; compatible; ClaudeBot/1.0; +claudebot@anthropic.com)"
216.73.217.2 - - [25/Sep/2026:18:41:53 -0700] "GET /app/Interfaces/PropertyInterface.php HTTP/1.1" 200 - "-" "Mozilla/5.0 AppleWebKit/537.36 (KHTML, like Gecko; compatible; ClaudeBot/1.0; +claudebot@anthropic.com)"
216.73.217.2 - - [25/Sep/2026:18:41:54 -0700] "GET /app/Http/Controllers/Backend/UserController.php HTTP/1.1" 500 - "-" "Mozilla/5.0 AppleWebKit/537.36 (KHTML, like Gecko; compatible; ClaudeBot/1.0; +claudebot@anthropic.com)"
216.73.217.2 - - [25/Sep/2026:18:41:54 -0700] "GET /app/Http/Controllers/Backend/FeatureController.php HTTP/1.1" 500 - "-" "Mozilla/5.0 AppleWebKit/537.36 (KHTML, like Gecko; compatible; ClaudeBot/1.0; +claudebot@anthropic.com)"
216.73.217.2 - - [25/Sep/2026:18:41:55 -0700] "GET /app/Models/Blog.php HTTP/1.1" 500 - "-" "Mozilla/5.0 AppleWebKit/537.36 (KHTML, like Gecko; compatible; ClaudeBot/1.0; +claudebot@anthropic.com)"
216.73.217.2 - - [25/Sep/2026:18:41:55 -0700] "GET /app/Http/Controllers/Backend/AuthenticationController.php HTTP/1.1" 500 - "-" "Mozilla/5.0 AppleWebKit/537.36 (KHTML, like Gecko; compatible; ClaudeBot/1.0; +claudebot@anthropic.com)"
216.73.217.2 - - [25/Sep/2026:18:41:56 -0700] "GET /app/Http/Controllers/Controller.php HTTP/1.1" 500 - "-" "Mozilla/5.0 AppleWebKit/537.36 (KHTML, like Gecko; compatible; ClaudeBot/1.0; +claudebot@anthropic.com)"
216.73.217.2 - - [25/Sep/2026:18:42:01 -0700] "GET /app/Http/Controllers/TransactionController.php HTTP/1.1" 500 - "-" "Mozilla/5.0 AppleWebKit/537.36 (KHTML, like Gecko; compatible; ClaudeBot/1.0; +claudebot@anthropic.com)"
178.151.245.162 - - [25/Sep/2026:18:42:02 -0700] "GET /robots.txt HTTP/1.1" 404 - "-" "Mozilla/5.0 (compatible; MJ12bot/v1.4.8; http://mj12bot.com/)"
178.151.245.162 - - [25/Sep/2026:18:42:04 -0700] "GET /app/Repositories/RentalRepository.php HTTP/1.1" 500 - "-" "Mozilla/5.0 (compatible; MJ12bot/v1.4.8; http://mj12bot.com/)"
178.151.245.162 - - [25/Sep/2026:18:42:05 -0700] "GET /app/Repositories/WishlistRepository.php HTTP/1.1" 500 - "-" "Mozilla/5.0 (compatible; MJ12bot/v1.4.8; http://mj12bot.com/)"
216.73.217.2 - - [25/Sep/2026:18:42:06 -0700] "GET /app/Http/Controllers/OrderController.php HTTP/1.1" 500 - "-" "Mozilla/5.0 AppleWebKit/537.36 (KHTML, like Gecko; compatible; ClaudeBot/1.0; +claudebot@anthropic.com)"
178.151.245.162 - - [25/Sep/2026:18:42:07 -0700] "GET /app/Traits/?C=D;O=A HTTP/1.1" 200 1418 "-" "Mozilla/5.0 (compatible; MJ12bot/v1.4.8; http://mj12bot.com/)"
178.151.245.162 - - [25/Sep/2026:18:42:09 -0700] "GET /app/Traits/?C=M;O=A HTTP/1.1" 200 1418 "-" "Mozilla/5.0 (compatible; MJ12bot/v1.4.8; http://mj12bot.com/)"
178.151.245.162 - - [25/Sep/2026:18:42:10 -0700] "GET /app/Traits/?C=N;O=D HTTP/1.1" 200 1418 "-" "Mozilla/5.0 (compatible; MJ12bot/v1.4.8; http://mj12bot.com/)"
216.73.217.2 - - [25/Sep/2026:18:42:11 -0700] "GET /app/Http/Controllers/ManagerController.php HTTP/1.1" 500 - "-" "Mozilla/5.0 AppleWebKit/537.36 (KHTML, like Gecko; compatible; ClaudeBot/1.0; +claudebot@anthropic.com)"
178.151.245.162 - - [25/Sep/2026:18:42:12 -0700] "GET /app/Traits/?C=S;O=A HTTP/1.1" 200 1418 "-" "Mozilla/5.0 (compatible; MJ12bot/v1.4.8; http://mj12bot.com/)"
178.151.245.162 - - [25/Sep/2026:18:42:14 -0700] "GET /app/Traits/AjaxReturnFormatTrait.php HTTP/1.1" 200 - "-" "Mozilla/5.0 (compatible; MJ12bot/v1.4.8; http://mj12bot.com/)"
178.151.245.162 - - [25/Sep/2026:18:42:16 -0700] "GET /config/?C=S;O=D HTTP/1.1" 200 3492 "-" "Mozilla/5.0 (compatible; MJ12bot/v1.4.8; http://mj12bot.com/)"
216.73.217.2 - - [25/Sep/2026:18:42:16 -0700] "GET /app/Http/Controllers/MasterOrderController.php HTTP/1.1" 500 - "-" "Mozilla/5.0 AppleWebKit/537.36 (KHTML, like Gecko; compatible; ClaudeBot/1.0; +claudebot@anthropic.com)"
178.151.245.162 - - [25/Sep/2026:18:42:17 -0700] "GET /database/migrations/2021_03_01_073313_create_districts_table.php HTTP/1.1" 500 - "-" "Mozilla/5.0 (compatible; MJ12bot/v1.4.8; http://mj12bot.com/)"
178.151.245.162 - - [25/Sep/2026:18:42:19 -0700] "GET /database/migrations/2021_03_01_073657_create_upazilas_table.php HTTP/1.1" 500 - "-" "Mozilla/5.0 (compatible; MJ12bot/v1.4.8; http://mj12bot.com/)"
178.151.245.162 - - [25/Sep/2026:18:42:21 -0700] "GET /database/migrations/2021_03_01_074032_create_unions_table.php HTTP/1.1" 500 - "-" "Mozilla/5.0 (compatible; MJ12bot/v1.4.8; http://mj12bot.com/)"
216.73.217.2 - - [25/Sep/2026:18:42:22 -0700] "GET /app/Http/Controllers/Backend/MyProfileController.php HTTP/1.1" 500 - "-" "Mozilla/5.0 AppleWebKit/537.36 (KHTML, like Gecko; compatible; ClaudeBot/1.0; +claudebot@anthropic.com)"
178.151.245.162 - - [25/Sep/2026:18:42:22 -0700] "GET /database/migrations/2022_07_19_045514_create_flag_icons_table.php HTTP/1.1" 500 - "-" "Mozilla/5.0 (compatible; MJ12bot/v1.4.8; http://mj12bot.com/)"
178.151.245.162 - - [25/Sep/2026:18:42:24 -0700] "GET /database/migrations/2022_08_08_043550_create_permissions_table.php HTTP/1.1" 500 - "-" "Mozilla/5.0 (compatible; MJ12bot/v1.4.8; http://mj12bot.com/)"
178.151.245.162 - - [25/Sep/2026:18:42:26 -0700] "GET /database/migrations/2022_08_16_103633_create_settings_table.php HTTP/1.1" 500 - "-" "Mozilla/5.0 (compatible; MJ12bot/v1.4.8; http://mj12bot.com/)"
216.73.217.2 - - [25/Sep/2026:18:42:26 -0700] "GET /app/Http/Requests/Feature/FeatureStoreRequest.php HTTP/1.1" 500 - "-" "Mozilla/5.0 AppleWebKit/537.36 (KHTML, like Gecko; compatible; ClaudeBot/1.0; +claudebot@anthropic.com)"
178.151.245.162 - - [25/Sep/2026:18:42:27 -0700] "GET /database/migrations/2022_10_04_044255_create_searches_table.php HTTP/1.1" 500 - "-" "Mozilla/5.0 (compatible; MJ12bot/v1.4.8; http://mj12bot.com/)"
178.151.245.162 - - [25/Sep/2026:18:42:29 -0700] "GET /database/migrations/2022_10_13_064230_create_designations_table.php HTTP/1.1" 500 - "-" "Mozilla/5.0 (compatible; MJ12bot/v1.4.8; http://mj12bot.com/)"
178.151.245.162 - - [25/Sep/2026:18:42:30 -0700] "GET /database/migrations/2022_10_15_069999_create_users_table.php HTTP/1.1" 500 - "-" "Mozilla/5.0 (compatible; MJ12bot/v1.4.8; http://mj12bot.com/)"
216.73.217.2 - - [25/Sep/2026:18:42:31 -0700] "GET /vendor/phpunit/php-code-coverage/src/ HTTP/1.1" 200 2719 "-" "Mozilla/5.0 AppleWebKit/537.36 (KHTML, like Gecko; compatible; ClaudeBot/1.0; +claudebot@anthropic.com)"
178.151.245.162 - - [25/Sep/2026:18:42:32 -0700] "GET /database/migrations/2023_01_29_104254_create_testimonials_table.php HTTP/1.1" 500 - "-" "Mozilla/5.0 (compatible; MJ12bot/v1.4.8; http://mj12bot.com/)"
178.151.245.162 - - [25/Sep/2026:18:42:34 -0700] "GET /database/migrations/2023_01_30_050018_create_blog_categories_table.php HTTP/1.1" 500 - "-" "Mozilla/5.0 (compatible; MJ12bot/v1.4.8; http://mj12bot.com/)"
178.151.245.162 - - [25/Sep/2026:18:42:36 -0700] "GET /database/migrations/2023_01_30_065754_create_blogs_table.php HTTP/1.1" 500 - "-" "Mozilla/5.0 (compatible; MJ12bot/v1.4.8; http://mj12bot.com/)"
216.73.217.2 - - [25/Sep/2026:18:42:36 -0700] "GET /app/Models/HeroSection.php HTTP/1.1" 500 - "-" "Mozilla/5.0 AppleWebKit/537.36 (KHTML, like Gecko; compatible; ClaudeBot/1.0; +claudebot@anthropic.com)"
114.119.136.138 - - [25/Sep/2026:18:42:36 -0700] "GET /index.php/hr/2?set_country=88279 HTTP/1.1" 404 16 "https://www.livewant.com/index.php/hr/2?set_country=88279" "Mozilla/5.0 (Linux; Android 7.0;) AppleWebKit/537.36 (HTML, like Gecko) Mobile Safari/537.36 (compatible; PetalBot;+https://webmaster.petalsearch.com/site/petalbot)"
178.151.245.162 - - [25/Sep/2026:18:42:37 -0700] "GET /database/migrations/2023_01_30_103647_create_how_it_works_table.php HTTP/1.1" 500 - "-" "Mozilla/5.0 (compatible; MJ12bot/v1.4.8; http://mj12bot.com/)"
178.151.245.162 - - [25/Sep/2026:18:42:39 -0700] "GET /database/migrations/2023_01_31_052840_create_categories_table.php HTTP/1.1" 500 - "-" "Mozilla/5.0 (compatible; MJ12bot/v1.4.8; http://mj12bot.com/)"
178.151.245.162 - - [25/Sep/2026:18:42:41 -0700] "GET /database/migrations/2023_02_02_061120_create_home_pages_table.php HTTP/1.1" 500 - "-" "Mozilla/5.0 (compatible; MJ12bot/v1.4.8; http://mj12bot.com/)"
216.73.217.2 - - [25/Sep/2026:18:42:41 -0700] "GET /app/Http/Requests/GeneralSetting/ HTTP/1.1" 200 1305 "-" "Mozilla/5.0 AppleWebKit/537.36 (KHTML, like Gecko; compatible; ClaudeBot/1.0; +claudebot@anthropic.com)"
178.151.245.162 - - [25/Sep/2026:18:42:42 -0700] "GET /database/migrations/2023_02_02_071214_create_business_models_table.php HTTP/1.1" 500 - "-" "Mozilla/5.0 (compatible; MJ12bot/v1.4.8; http://mj12bot.com/)"
178.151.245.162 - - [25/Sep/2026:18:42:44 -0700] "GET /database/migrations/2023_02_03_052857_create_features_table.php HTTP/1.1" 500 - "-" "Mozilla/5.0 (compatible; MJ12bot/v1.4.8; http://mj12bot.com/)"
178.151.245.162 - - [25/Sep/2026:18:42:46 -0700] "GET /database/migrations/2023_02_03_091103_create_hero_sections_table.php HTTP/1.1" 500 - "-" "Mozilla/5.0 (compatible; MJ12bot/v1.4.8; http://mj12bot.com/)"
216.73.217.2 - - [25/Sep/2026:18:42:46 -0700] "GET /app/Http/Requests/Language/ HTTP/1.1" 200 1086 "-" "Mozilla/5.0 AppleWebKit/537.36 (KHTML, like Gecko; compatible; ClaudeBot/1.0; +claudebot@anthropic.com)"
178.151.245.162 - - [25/Sep/2026:18:42:47 -0700] "GET /database/migrations/2023_02_03_093357_create_partners_table.php HTTP/1.1" 500 - "-" "Mozilla/5.0 (compatible; MJ12bot/v1.4.8; http://mj12bot.com/)"
178.151.245.162 - - [25/Sep/2026:18:42:49 -0700] "GET /database/migrations/2023_02_08_092227_create_property_categories_table.php HTTP/1.1" 500 - "-" "Mozilla/5.0 (compatible; MJ12bot/v1.4.8; http://mj12bot.com/)"
178.151.245.162 - - [25/Sep/2026:18:42:50 -0700] "GET /database/migrations/2023_02_08_093055_create_documents_table.php HTTP/1.1" 500 - "-" "Mozilla/5.0 (compatible; MJ12bot/v1.4.8; http://mj12bot.com/)"
159.69.158.189 - - [25/Sep/2026:18:42:51 -0700] "HEAD / HTTP/1.1" 200 - "https://livewant.com" "Mozilla/5.0+(compatible; UptimeRobot/2.0; http://www.uptimerobot.com/)"
216.73.217.2 - - [25/Sep/2026:18:42:51 -0700] "GET /app/Http/Controllers/Backend/TenantController.php HTTP/1.1" 500 - "-" "Mozilla/5.0 AppleWebKit/537.36 (KHTML, like Gecko; compatible; ClaudeBot/1.0; +claudebot@anthropic.com)"
178.151.245.162 - - [25/Sep/2026:18:42:52 -0700] "GET /database/migrations/2023_02_08_093056_create_properties_table.php HTTP/1.1" 500 - "-" "Mozilla/5.0 (compatible; MJ12bot/v1.4.8; http://mj12bot.com/)"
178.151.245.162 - - [25/Sep/2026:18:42:54 -0700] "GET /database/migrations/2023_02_16_083307_create_property_galleries_table.php HTTP/1.1" 500 - "-" "Mozilla/5.0 (compatible; MJ12bot/v1.4.8; http://mj12bot.com/)"
178.151.245.162 - - [25/Sep/2026:18:42:55 -0700] "GET /database/migrations/2023_02_16_084341_create_property_facility_types_table.php HTTP/1.1" 500 - "-" "Mozilla/5.0 (compatible; MJ12bot/v1.4.8; http://mj12bot.com/)"
216.73.217.2 - - [25/Sep/2026:18:42:56 -0700] "GET /app/Http/Controllers/Backend/DashboardController.php HTTP/1.1" 500 - "-" "Mozilla/5.0 AppleWebKit/537.36 (KHTML, like Gecko; compatible; ClaudeBot/1.0; +claudebot@anthropic.com)"
178.151.245.162 - - [25/Sep/2026:18:42:57 -0700] "GET /database/migrations/2023_02_16_084832_create_property_facilities_table.php HTTP/1.1" 500 - "-" "Mozilla/5.0 (compatible; MJ12bot/v1.4.8; http://mj12bot.com/)"
178.151.245.162 - - [25/Sep/2026:18:42:59 -0700] "GET /database/migrations/2023_02_16_085740_create_property_tenants_table.php HTTP/1.1" 500 - "-" "Mozilla/5.0 (compatible; MJ12bot/v1.4.8; http://mj12bot.com/)"
178.151.245.162 - - [25/Sep/2026:18:43:00 -0700] "GET /database/migrations/2023_02_16_085742_create_emergency_contacts_table.php HTTP/1.1" 500 - "-" "Mozilla/5.0 (compatible; MJ12bot/v1.4.8; http://mj12bot.com/)"
216.73.217.2 - - [25/Sep/2026:18:43:01 -0700] "GET /app/Http/Requests/LoginRequest.php HTTP/1.1" 500 - "-" "Mozilla/5.0 AppleWebKit/537.36 (KHTML, like Gecko; compatible; ClaudeBot/1.0; +claudebot@anthropic.com)"
178.151.245.162 - - [25/Sep/2026:18:43:02 -0700] "GET /database/seeders/WishlistSeeder.php HTTP/1.1" 500 - "-" "Mozilla/5.0 (compatible; MJ12bot/v1.4.8; http://mj12bot.com/)"
178.151.245.162 - - [25/Sep/2026:18:43:04 -0700] "GET /lang/ja/users_roles.json HTTP/1.1" 200 687 "-" "Mozilla/5.0 (compatible; MJ12bot/v1.4.8; http://mj12bot.com/)"
178.151.245.162 - - [25/Sep/2026:18:43:06 -0700] "GET /lang/ja/validation.php HTTP/1.1" 200 - "-" "Mozilla/5.0 (compatible; MJ12bot/v1.4.8; http://mj12bot.com/)"
216.73.217.2 - - [25/Sep/2026:18:43:06 -0700] "GET /app/Mail/SendEmail.php HTTP/1.1" 500 - "-" "Mozilla/5.0 AppleWebKit/537.36 (KHTML, like Gecko; compatible; ClaudeBot/1.0; +claudebot@anthropic.com)"
178.151.245.162 - - [25/Sep/2026:18:43:08 -0700] "GET /lang/vi/?C=D;O=A HTTP/1.1" 200 2448 "-" "Mozilla/5.0 (compatible; MJ12bot/v1.4.8; http://mj12bot.com/)"
178.151.245.162 - - [25/Sep/2026:18:43:09 -0700] "GET /lang/vi/?C=M;O=A HTTP/1.1" 200 2448 "-" "Mozilla/5.0 (compatible; MJ12bot/v1.4.8; http://mj12bot.com/)"
178.151.245.162 - - [25/Sep/2026:18:43:11 -0700] "GET /lang/vi/?C=N;O=D HTTP/1.1" 200 2448 "-" "Mozilla/5.0 (compatible; MJ12bot/v1.4.8; http://mj12bot.com/)"
216.73.217.2 - - [25/Sep/2026:18:43:11 -0700] "GET /app/Models/BillingAddress.php HTTP/1.1" 500 - "-" "Mozilla/5.0 AppleWebKit/537.36 (KHTML, like Gecko; compatible; ClaudeBot/1.0; +claudebot@anthropic.com)"
178.151.245.162 - - [25/Sep/2026:18:43:13 -0700] "GET /lang/vi/?C=S;O=A HTTP/1.1" 200 2448 "-" "Mozilla/5.0 (compatible; MJ12bot/v1.4.8; http://mj12bot.com/)"
178.151.245.162 - - [25/Sep/2026:18:43:14 -0700] "GET /lang/vi/alert.json HTTP/1.1" 200 3486 "-" "Mozilla/5.0 (compatible; MJ12bot/v1.4.8; http://mj12bot.com/)"
216.73.217.2 - - [25/Sep/2026:18:43:16 -0700] "GET /app/Repositories/TenantRepository.php HTTP/1.1" 500 - "-" "Mozilla/5.0 AppleWebKit/537.36 (KHTML, like Gecko; compatible; ClaudeBot/1.0; +claudebot@anthropic.com)"
178.151.245.162 - - [25/Sep/2026:18:43:17 -0700] "GET /lang/vi/auth.php HTTP/1.1" 200 - "-" "Mozilla/5.0 (compatible; MJ12bot/v1.4.8; http://mj12bot.com/)"
178.151.245.162 - - [25/Sep/2026:18:43:18 -0700] "GET /lang/vi/common.json HTTP/1.1" 200 10784 "-" "Mozilla/5.0 (compatible; MJ12bot/v1.4.8; http://mj12bot.com/)"
35.199.124.21 - - [25/Sep/2026:18:43:19 -0700] "GET / HTTP/1.1" 200 6170 "-" "Mozilla/5.0 (Windows NT 10.0; Win64; x64) AppleWebKit/537.36 (KHTML, like Gecko) Chrome/152.0.0.0 Safari/537.36"
35.199.124.21 - - [25/Sep/2026:18:43:20 -0700] "POST / HTTP/1.1" 404 - "-" "Mozilla/5.0 (compatible; Hunyuan/1.0; +https://hunyuan.tencent.com/)"
35.199.124.21 - - [25/Sep/2026:18:43:20 -0700] "GET /xa0c4tluz1urizdlr6ev HTTP/1.1" 404 - "-" "Mozilla/5.0 (compatible; MistralAI-User/1.0; +https://mistral.ai/)"
35.199.124.21 - - [25/Sep/2026:18:43:20 -0700] "GET /44cxtsot1470alr8d3kd HTTP/1.1" 404 - "-" "Mozilla/5.0 (compatible; Meta-ExternalAgent/1.0; +https://developers.facebook.com/docs/sharing/webmasters/crawler)"
35.199.124.21 - - [25/Sep/2026:18:43:20 -0700] "GET /z9x8c7v6b5-debug-trigger-livewant.com HTTP/1.1" 404 - "-" "Mozilla/5.0 (compatible; MistralAI-User/1.0; +https://mistral.ai/)"
35.199.124.21 - - [25/Sep/2026:18:43:20 -0700] "GET /?C=N;O=D HTTP/1.1" 200 6170 "-" "Mozilla/5.0 (Windows NT 10.0; Win64; x64) AppleWebKit/537.36 (KHTML, like Gecko) Chrome/152.0.0.0 Safari/537.36"
35.199.124.21 - - [25/Sep/2026:18:43:20 -0700] "POST /login HTTP/1.1" 404 - "-" "Mozilla/5.0 (compatible; MoonshotBot/1.0; +https://kimi.ai/)"
35.199.124.21 - - [25/Sep/2026:18:43:20 -0700] "POST /graphql HTTP/1.1" 404 - "https://livewant.com" "Mozilla/5.0 (Windows NT 10.0; Win64; x64) AppleWebKit/537.36 (KHTML, like Gecko) Chrome/152.0.0.0 Safari/537.36"
35.199.124.21 - - [25/Sep/2026:18:43:20 -0700] "GET /_astro/pages/index.astro.mjs.map HTTP/1.1" 404 - "-" "Mozilla/5.0 (compatible; Baiduspider/2.0; +http://www.baidu.com/search/spider.html)"
35.199.124.21 - - [25/Sep/2026:18:43:20 -0700] "GET /pages/api/index.astro.mjs.map HTTP/1.1" 404 - "-" "Mozilla/5.0 (compatible; Hunyuan/1.0; +https://hunyuan.tencent.com/)"
35.199.124.21 - - [25/Sep/2026:18:43:20 -0700] "GET /config/env/aws_credentials.env HTTP/1.1" 404 - "-" "Mozilla/5.0 (compatible; Qwenbot/1.0; +https://qwen.alibaba.com/)"
35.199.124.21 - - [25/Sep/2026:18:43:20 -0700] "GET /?C=M;O=A HTTP/1.1" 200 6170 "-" "Mozilla/5.0 (Windows NT 10.0; Win64; x64) AppleWebKit/537.36 (KHTML, like Gecko) Chrome/152.0.0.0 Safari/537.36"
178.151.245.162 - - [25/Sep/2026:18:43:21 -0700] "GET /lang/vi/language.json HTTP/1.1" 200 432 "-" "Mozilla/5.0 (compatible; MJ12bot/v1.4.8; http://mj12bot.com/)"
35.199.124.21 - - [25/Sep/2026:18:43:21 -0700] "GET /?C=S;O=A HTTP/1.1" 200 6170 "-" "Mozilla/5.0 (Windows NT 10.0; Win64; x64) AppleWebKit/537.36 (KHTML, like Gecko) Chrome/152.0.0.0 Safari/537.36"
35.199.124.21 - - [25/Sep/2026:18:43:21 -0700] "GET /keys/service-account.json HTTP/1.1" 404 - "-" "Mozilla/5.0 (compatible; DeepSeekBot/1.0; +https://www.deepseek.com/)"
35.199.124.21 - - [25/Sep/2026:18:43:21 -0700] "POST /api/graphql HTTP/1.1" 404 - "https://livewant.com" "Mozilla/5.0 (Windows NT 10.0; Win64; x64) AppleWebKit/537.36 (KHTML, like Gecko) Chrome/152.0.0.0 Safari/537.36"
35.199.124.21 - - [25/Sep/2026:18:43:21 -0700] "GET /google-credentials.json HTTP/1.1" 404 - "-" "Mozilla/5.0 (compatible; Qwenbot/1.0; +https://qwen.alibaba.com/)"
35.199.124.21 - - [25/Sep/2026:18:43:21 -0700] "GET /firebase-credentials.json HTTP/1.1" 404 - "-" "Mozilla/5.0 AppleWebKit/537.36 (KHTML, like Gecko; compatible; Claude-User/1.0; +claudebot@anthropic.com)"
35.199.124.21 - - [25/Sep/2026:18:43:21 -0700] "GET /sa.json HTTP/1.1" 404 - "-" "DuckAssistBot/1.1 (https://duckduckgo.com/duckassistbot)"
35.199.124.21 - - [25/Sep/2026:18:43:21 -0700] "GET /gcp-credentials.json HTTP/1.1" 404 - "-" "Mozilla/5.0 (compatible; xAI-Grok/1.0; +https://x.ai/)"
35.199.124.21 - - [25/Sep/2026:18:43:21 -0700] "GET /vite.config.js HTTP/1.1" 200 312 "-" "Mozilla/5.0 (Windows NT 10.0; Win64; x64) AppleWebKit/537.36 (KHTML, like Gecko) Chrome/152.0.0.0 Safari/537.36"
35.199.124.21 - - [25/Sep/2026:18:43:21 -0700] "GET /Main_File/ HTTP/1.1" 200 643 "-" "Mozilla/5.0 (Windows NT 10.0; Win64; x64) AppleWebKit/537.36 (KHTML, like Gecko) Chrome/152.0.0.0 Safari/537.36"
35.199.124.21 - - [25/Sep/2026:18:43:21 -0700] "GET /config/ HTTP/1.1" 200 3492 "-" "Mozilla/5.0 (Windows NT 10.0; Win64; x64) AppleWebKit/537.36 (KHTML, like Gecko) Chrome/152.0.0.0 Safari/537.36"
