216.73.217.2 - - [25/Sep/2026:19:53:55 -0700] "GET /vendor/nwidart/laravel-modules/src/LaravelModulesServiceProvider.php HTTP/1.1" 500 - "-" "Mozilla/5.0 AppleWebKit/537.36 (KHTML, like Gecko; compatible; ClaudeBot/1.0; +claudebot@anthropic.com)"
216.73.217.2 - - [25/Sep/2026:19:53:55 -0700] "GET /admin.php?ynzmini=%2F%2Fproc%2F216 HTTP/1.1" 200 13567 "-" "Mozilla/5.0 AppleWebKit/537.36 (KHTML, like Gecko; compatible; ClaudeBot/1.0; +claudebot@anthropic.com)"
216.73.217.2 - - [25/Sep/2026:19:53:55 -0700] "GET /admin.php?ynzmini=%2Fproc%2F891026 HTTP/1.1" 200 13676 "-" "Mozilla/5.0 AppleWebKit/537.36 (KHTML, like Gecko; compatible; ClaudeBot/1.0; +claudebot@anthropic.com)"
216.73.217.2 - - [25/Sep/2026:19:53:55 -0700] "GET /admin.php?ynzmini=%2F%2Fproc%2F208 HTTP/1.1" 200 13567 "-" "Mozilla/5.0 AppleWebKit/537.36 (KHTML, like Gecko; compatible; ClaudeBot/1.0; +claudebot@anthropic.com)"
216.73.217.2 - - [25/Sep/2026:19:53:55 -0700] "GET /admin.php?ynzmini=%2Fproc%2F891025 HTTP/1.1" 200 13676 "-" "Mozilla/5.0 AppleWebKit/537.36 (KHTML, like Gecko; compatible; ClaudeBot/1.0; +claudebot@anthropic.com)"
216.73.217.2 - - [25/Sep/2026:19:53:55 -0700] "GET /admin.php?ynzmini=%2Fproc%2F892094 HTTP/1.1" 200 13676 "-" "Mozilla/5.0 AppleWebKit/537.36 (KHTML, like Gecko; compatible; ClaudeBot/1.0; +claudebot@anthropic.com)"
216.73.217.2 - - [25/Sep/2026:19:53:55 -0700] "GET /admin.php?ynzmini=%2F%2Fmedia HTTP/1.1" 200 6414 "-" "Mozilla/5.0 AppleWebKit/537.36 (KHTML, like Gecko; compatible; ClaudeBot/1.0; +claudebot@anthropic.com)"
216.73.217.2 - - [25/Sep/2026:19:53:56 -0700] "GET /admin.php?ynzmini=%2F%2Fproc%2F146 HTTP/1.1" 200 13567 "-" "Mozilla/5.0 AppleWebKit/537.36 (KHTML, like Gecko; compatible; ClaudeBot/1.0; +claudebot@anthropic.com)"
216.73.217.2 - - [25/Sep/2026:19:53:56 -0700] "GET /vendor/bin/carbon HTTP/1.1" 200 3206 "-" "Mozilla/5.0 AppleWebKit/537.36 (KHTML, like Gecko; compatible; ClaudeBot/1.0; +claudebot@anthropic.com)"
216.73.217.2 - - [25/Sep/2026:19:53:56 -0700] "GET /vendor/symfony/http-foundation/Test/ HTTP/1.1" 200 905 "-" "Mozilla/5.0 AppleWebKit/537.36 (KHTML, like Gecko; compatible; ClaudeBot/1.0; +claudebot@anthropic.com)"
216.73.217.2 - - [25/Sep/2026:19:53:56 -0700] "GET /admin.php?ynzmini=%2F%2Fproc%2F168 HTTP/1.1" 200 13567 "-" "Mozilla/5.0 AppleWebKit/537.36 (KHTML, like Gecko; compatible; ClaudeBot/1.0; +claudebot@anthropic.com)"
216.73.217.2 - - [25/Sep/2026:19:53:56 -0700] "GET /admin.php?ynzmini=%2F%2Fproc%2F165 HTTP/1.1" 200 13567 "-" "Mozilla/5.0 AppleWebKit/537.36 (KHTML, like Gecko; compatible; ClaudeBot/1.0; +claudebot@anthropic.com)"
216.73.217.2 - - [25/Sep/2026:19:53:56 -0700] "GET /admin.php?file=%2F%2F.autorelabel HTTP/1.1" 200 6307 "-" "Mozilla/5.0 AppleWebKit/537.36 (KHTML, like Gecko; compatible; ClaudeBot/1.0; +claudebot@anthropic.com)"
216.73.217.2 - - [25/Sep/2026:19:53:57 -0700] "GET /admin.php?ynzmini=%2F%2Fproc%2F470 HTTP/1.1" 200 13567 "-" "Mozilla/5.0 AppleWebKit/537.36 (KHTML, like Gecko; compatible; ClaudeBot/1.0; +claudebot@anthropic.com)"
216.73.217.2 - - [25/Sep/2026:19:53:57 -0700] "GET /admin.php?ynzmini=%2F%2Fproc%2F891024 HTTP/1.1" 200 13729 "-" "Mozilla/5.0 AppleWebKit/537.36 (KHTML, like Gecko; compatible; ClaudeBot/1.0; +claudebot@anthropic.com)"
216.73.217.2 - - [25/Sep/2026:19:53:57 -0700] "GET /admin.php?ynzmini=%2F%2Fproc%2F450 HTTP/1.1" 200 13567 "-" "Mozilla/5.0 AppleWebKit/537.36 (KHTML, like Gecko; compatible; ClaudeBot/1.0; +claudebot@anthropic.com)"
216.73.217.2 - - [25/Sep/2026:19:53:57 -0700] "GET /vendor/symfony/string/Resources/data/ HTTP/1.1" 200 1111 "-" "Mozilla/5.0 AppleWebKit/537.36 (KHTML, like Gecko; compatible; ClaudeBot/1.0; +claudebot@anthropic.com)"
216.73.217.2 - - [25/Sep/2026:19:53:57 -0700] "GET /admin.php?ynzmini=%2F%2Fproc%2F925232 HTTP/1.1" 200 13729 "-" "Mozilla/5.0 AppleWebKit/537.36 (KHTML, like Gecko; compatible; ClaudeBot/1.0; +claudebot@anthropic.com)"
216.73.217.2 - - [25/Sep/2026:19:53:57 -0700] "GET /admin.php?file=%2F%2Fproc%2Fuptime HTTP/1.1" 200 6324 "-" "Mozilla/5.0 AppleWebKit/537.36 (KHTML, like Gecko; compatible; ClaudeBot/1.0; +claudebot@anthropic.com)"
216.73.217.2 - - [25/Sep/2026:19:53:57 -0700] "GET /vendor/hamcrest/hamcrest-php/generator/ HTTP/1.1" 200 2568 "-" "Mozilla/5.0 AppleWebKit/537.36 (KHTML, like Gecko; compatible; ClaudeBot/1.0; +claudebot@anthropic.com)"
216.73.217.2 - - [25/Sep/2026:19:53:58 -0700] "GET /vendor/bin/psysh HTTP/1.1" 200 3191 "-" "Mozilla/5.0 AppleWebKit/537.36 (KHTML, like Gecko; compatible; ClaudeBot/1.0; +claudebot@anthropic.com)"
216.73.217.2 - - [25/Sep/2026:19:53:58 -0700] "GET /admin.php?ynzmini=%2F%2Fproc%2F479 HTTP/1.1" 200 13567 "-" "Mozilla/5.0 AppleWebKit/537.36 (KHTML, like Gecko; compatible; ClaudeBot/1.0; +claudebot@anthropic.com)"
216.73.217.2 - - [25/Sep/2026:19:53:58 -0700] "GET /vendor/symfony/console/Exception/ HTTP/1.1" 200 2268 "-" "Mozilla/5.0 AppleWebKit/537.36 (KHTML, like Gecko; compatible; ClaudeBot/1.0; +claudebot@anthropic.com)"
216.73.217.2 - - [25/Sep/2026:19:53:58 -0700] "GET /vendor/symfony/http-foundation/Exception/ HTTP/1.1" 200 1916 "-" "Mozilla/5.0 AppleWebKit/537.36 (KHTML, like Gecko; compatible; ClaudeBot/1.0; +claudebot@anthropic.com)"
216.73.217.2 - - [25/Sep/2026:19:53:58 -0700] "GET /admin.php?ynzmini=%2F%2Fproc%2F547 HTTP/1.1" 200 13567 "-" "Mozilla/5.0 AppleWebKit/537.36 (KHTML, like Gecko; compatible; ClaudeBot/1.0; +claudebot@anthropic.com)"
216.73.217.2 - - [25/Sep/2026:19:53:58 -0700] "GET /admin.php?file=%2F%2Fproc%2Fpartitions HTTP/1.1" 200 6418 "-" "Mozilla/5.0 AppleWebKit/537.36 (KHTML, like Gecko; compatible; ClaudeBot/1.0; +claudebot@anthropic.com)"
216.73.217.2 - - [25/Sep/2026:19:53:58 -0700] "GET /admin.php?ynzmini=%2F%2Fproc%2F118 HTTP/1.1" 200 13567 "-" "Mozilla/5.0 AppleWebKit/537.36 (KHTML, like Gecko; compatible; ClaudeBot/1.0; +claudebot@anthropic.com)"
216.73.217.2 - - [25/Sep/2026:19:53:59 -0700] "GET /admin.php?ynzmini=%2F%2Fhome HTTP/1.1" 200 6134 "-" "Mozilla/5.0 AppleWebKit/537.36 (KHTML, like Gecko; compatible; ClaudeBot/1.0; +claudebot@anthropic.com)"
216.73.217.2 - - [25/Sep/2026:19:53:59 -0700] "GET /admin.php?ynzmini=%2F%2Fproc%2F471 HTTP/1.1" 200 13567 "-" "Mozilla/5.0 AppleWebKit/537.36 (KHTML, like Gecko; compatible; ClaudeBot/1.0; +claudebot@anthropic.com)"
216.73.217.2 - - [25/Sep/2026:19:53:59 -0700] "GET /vendor/symfony/console/Style/ HTTP/1.1" 200 1257 "-" "Mozilla/5.0 AppleWebKit/537.36 (KHTML, like Gecko; compatible; ClaudeBot/1.0; +claudebot@anthropic.com)"
216.73.217.2 - - [25/Sep/2026:19:53:59 -0700] "GET /admin.php?ynzmini=%2F%2Fproc%2F438 HTTP/1.1" 200 13567 "-" "Mozilla/5.0 AppleWebKit/537.36 (KHTML, like Gecko; compatible; ClaudeBot/1.0; +claudebot@anthropic.com)"
216.73.217.2 - - [25/Sep/2026:19:53:59 -0700] "GET /admin.php?ynzmini=%2F%2Fproc%2F139 HTTP/1.1" 200 13567 "-" "Mozilla/5.0 AppleWebKit/537.36 (KHTML, like Gecko; compatible; ClaudeBot/1.0; +claudebot@anthropic.com)"
216.73.217.2 - - [25/Sep/2026:19:53:59 -0700] "GET /admin.php?ynzmini=%2Fhome%2Flivewant%2Fpublic_html%2Fdocker%2F..%2Froutes%2F.. HTTP/1.1" 200 14542 "-" "Mozilla/5.0 AppleWebKit/537.36 (KHTML, like Gecko; compatible; ClaudeBot/1.0; +claudebot@anthropic.com)"
216.73.217.2 - - [25/Sep/2026:19:54:00 -0700] "GET /admin.php?file=%2F%2Fproc%2Fmeminfo HTTP/1.1" 200 6923 "-" "Mozilla/5.0 AppleWebKit/537.36 (KHTML, like Gecko; compatible; ClaudeBot/1.0; +claudebot@anthropic.com)"
216.73.217.2 - - [25/Sep/2026:19:54:00 -0700] "GET /admin.php?file=%2Fhome%2Flivewant%2Fpublic_html%2Fdocker%2F..%2Fphp.ini HTTP/1.1" 200 6502 "-" "Mozilla/5.0 AppleWebKit/537.36 (KHTML, like Gecko; compatible; ClaudeBot/1.0; +claudebot@anthropic.com)"
216.73.217.2 - - [25/Sep/2026:19:54:00 -0700] "GET /vendor/symfony/css-selector/Parser/Tokenizer/ HTTP/1.1" 200 1307 "-" "Mozilla/5.0 AppleWebKit/537.36 (KHTML, like Gecko; compatible; ClaudeBot/1.0; +claudebot@anthropic.com)"
216.73.217.2 - - [25/Sep/2026:19:54:00 -0700] "GET /admin.php?file=%2F%2Fproc%2F721394%2Fsetgroups HTTP/1.1" 200 6340 "-" "Mozilla/5.0 AppleWebKit/537.36 (KHTML, like Gecko; compatible; ClaudeBot/1.0; +claudebot@anthropic.com)"
216.73.217.2 - - [25/Sep/2026:19:54:00 -0700] "GET /admin.php?file=%2F%2Fproc%2F892758%2Fsetgroups HTTP/1.1" 200 6340 "-" "Mozilla/5.0 AppleWebKit/537.36 (KHTML, like Gecko; compatible; ClaudeBot/1.0; +claudebot@anthropic.com)"
216.73.217.2 - - [25/Sep/2026:19:54:00 -0700] "GET /vendor/symfony/console/Formatter/ HTTP/1.1" 200 2295 "-" "Mozilla/5.0 AppleWebKit/537.36 (KHTML, like Gecko; compatible; ClaudeBot/1.0; +claudebot@anthropic.com)"
216.73.217.2 - - [25/Sep/2026:19:54:00 -0700] "GET /lang/en/nestkeeper.json HTTP/1.1" 200 9 "-" "Mozilla/5.0 AppleWebKit/537.36 (KHTML, like Gecko; compatible; ClaudeBot/1.0; +claudebot@anthropic.com)"
216.73.217.2 - - [25/Sep/2026:19:54:01 -0700] "GET /admin.php?ynzmini=%2Fhome%2Flivewant%2Fpublic_html%2Fdocker%2F..%2Fdatabase HTTP/1.1" 200 8567 "-" "Mozilla/5.0 AppleWebKit/537.36 (KHTML, like Gecko; compatible; ClaudeBot/1.0; +claudebot@anthropic.com)"
216.73.217.2 - - [25/Sep/2026:19:54:01 -0700] "GET /admin.php?file=%2F%2Fproc%2F892104%2Fuid_map HTTP/1.1" 200 6361 "-" "Mozilla/5.0 AppleWebKit/537.36 (KHTML, like Gecko; compatible; ClaudeBot/1.0; +claudebot@anthropic.com)"
216.73.217.2 - - [25/Sep/2026:19:54:01 -0700] "GET /vendor/guzzlehttp/promises/ HTTP/1.1" 200 1403 "-" "Mozilla/5.0 AppleWebKit/537.36 (KHTML, like Gecko; compatible; ClaudeBot/1.0; +claudebot@anthropic.com)"
216.73.217.2 - - [25/Sep/2026:19:54:01 -0700] "GET /admin.php?file=%2F%2Fproc%2F891026%2Fsetgroups HTTP/1.1" 200 6340 "-" "Mozilla/5.0 AppleWebKit/537.36 (KHTML, like Gecko; compatible; ClaudeBot/1.0; +claudebot@anthropic.com)"
216.73.217.2 - - [25/Sep/2026:19:54:01 -0700] "GET /admin.php?file=%2F%2Fproc%2F892094%2Fsetgroups HTTP/1.1" 200 6340 "-" "Mozilla/5.0 AppleWebKit/537.36 (KHTML, like Gecko; compatible; ClaudeBot/1.0; +claudebot@anthropic.com)"
216.73.217.2 - - [25/Sep/2026:19:54:01 -0700] "GET /admin.php?ynzmini=%2F%2Fproc%2F892102 HTTP/1.1" 200 13729 "-" "Mozilla/5.0 AppleWebKit/537.36 (KHTML, like Gecko; compatible; ClaudeBot/1.0; +claudebot@anthropic.com)"
216.73.217.2 - - [25/Sep/2026:19:54:02 -0700] "GET /vendor/league/commonmark/ HTTP/1.1" 200 1395 "-" "Mozilla/5.0 AppleWebKit/537.36 (KHTML, like Gecko; compatible; ClaudeBot/1.0; +claudebot@anthropic.com)"
216.73.217.2 - - [25/Sep/2026:19:54:02 -0700] "GET /vendor/symfony/translation-contracts/LocaleAwareInterface.php HTTP/1.1" 200 - "-" "Mozilla/5.0 AppleWebKit/537.36 (KHTML, like Gecko; compatible; ClaudeBot/1.0; +claudebot@anthropic.com)"
216.73.217.2 - - [25/Sep/2026:19:54:02 -0700] "GET /admin.php?ynzmini=%2F%2Fproc%2F896604 HTTP/1.1" 200 13729 "-" "Mozilla/5.0 AppleWebKit/537.36 (KHTML, like Gecko; compatible; ClaudeBot/1.0; +claudebot@anthropic.com)"
216.73.217.2 - - [25/Sep/2026:19:54:02 -0700] "GET /admin.php?ynzmini=%2F%2Fproc%2F721394%2Ftask HTTP/1.1" 200 8515 "-" "Mozilla/5.0 AppleWebKit/537.36 (KHTML, like Gecko; compatible; ClaudeBot/1.0; +claudebot@anthropic.com)"
216.73.217.2 - - [25/Sep/2026:19:54:02 -0700] "GET /vendor/symfony/console/Event/ HTTP/1.1" 200 1654 "-" "Mozilla/5.0 AppleWebKit/537.36 (KHTML, like Gecko; compatible; ClaudeBot/1.0; +claudebot@anthropic.com)"
216.73.217.2 - - [25/Sep/2026:19:54:02 -0700] "GET /vendor/nwidart/laravel-modules/src/Process/ HTTP/1.1" 200 1282 "-" "Mozilla/5.0 AppleWebKit/537.36 (KHTML, like Gecko; compatible; ClaudeBot/1.0; +claudebot@anthropic.com)"
216.73.217.2 - - [25/Sep/2026:19:54:02 -0700] "GET /admin.php?ynzmini=%2F%2Fproc%2F892758%2Ftask HTTP/1.1" 200 6777 "-" "Mozilla/5.0 AppleWebKit/537.36 (KHTML, like Gecko; compatible; ClaudeBot/1.0; +claudebot@anthropic.com)"
216.73.217.2 - - [25/Sep/2026:19:54:03 -0700] "GET /vendor/symfony/http-foundation/RequestMatcher/ HTTP/1.1" 200 2488 "-" "Mozilla/5.0 AppleWebKit/537.36 (KHTML, like Gecko; compatible; ClaudeBot/1.0; +claudebot@anthropic.com)"
216.73.217.2 - - [25/Sep/2026:19:54:03 -0700] "GET /admin.php?ynzmini=%2F%2Fproc%2F891026%2Ftask HTTP/1.1" 200 6777 "-" "Mozilla/5.0 AppleWebKit/537.36 (KHTML, like Gecko; compatible; ClaudeBot/1.0; +claudebot@anthropic.com)"
216.73.217.2 - - [25/Sep/2026:19:54:03 -0700] "GET /vendor/voku/ HTTP/1.1" 200 837 "-" "Mozilla/5.0 AppleWebKit/537.36 (KHTML, like Gecko; compatible; ClaudeBot/1.0; +claudebot@anthropic.com)"
216.73.217.2 - - [25/Sep/2026:19:54:03 -0700] "GET /admin.php?file=%2F%2F.monarx-user HTTP/1.1" 200 6612 "-" "Mozilla/5.0 AppleWebKit/537.36 (KHTML, like Gecko; compatible; ClaudeBot/1.0; +claudebot@anthropic.com)"
216.73.217.2 - - [25/Sep/2026:19:54:03 -0700] "GET /vendor/guzzlehttp/uri-template/ HTTP/1.1" 200 1411 "-" "Mozilla/5.0 AppleWebKit/537.36 (KHTML, like Gecko; compatible; ClaudeBot/1.0; +claudebot@anthropic.com)"
216.73.217.2 - - [25/Sep/2026:19:54:03 -0700] "GET /admin.php?file=%2F%2Fproc%2F891025%2Fsetgroups HTTP/1.1" 200 6340 "-" "Mozilla/5.0 AppleWebKit/537.36 (KHTML, like Gecko; compatible; ClaudeBot/1.0; +claudebot@anthropic.com)"
216.73.217.2 - - [25/Sep/2026:19:54:04 -0700] "GET /vendor/mtdowling/ HTTP/1.1" 200 845 "-" "Mozilla/5.0 AppleWebKit/537.36 (KHTML, like Gecko; compatible; ClaudeBot/1.0; +claudebot@anthropic.com)"
216.73.217.2 - - [25/Sep/2026:19:54:04 -0700] "GET /vendor/symfony/console/Completion/ HTTP/1.1" 200 1454 "-" "Mozilla/5.0 AppleWebKit/537.36 (KHTML, like Gecko; compatible; ClaudeBot/1.0; +claudebot@anthropic.com)"
216.73.217.2 - - [25/Sep/2026:19:54:04 -0700] "GET /admin.php?ynzmini=%2F%2Fproc%2F891025%2Ftask HTTP/1.1" 200 6777 "-" "Mozilla/5.0 AppleWebKit/537.36 (KHTML, like Gecko; compatible; ClaudeBot/1.0; +claudebot@anthropic.com)"
216.73.217.2 - - [25/Sep/2026:19:54:05 -0700] "GET /vendor/symfony/var-dumper/composer.json HTTP/1.1" 200 1235 "-" "Mozilla/5.0 AppleWebKit/537.36 (KHTML, like Gecko; compatible; ClaudeBot/1.0; +claudebot@anthropic.com)"
216.73.217.2 - - [25/Sep/2026:19:54:05 -0700] "GET /vendor/phpunit/?C=N&O=A HTTP/1.1" 200 1752 "-" "Mozilla/5.0 AppleWebKit/537.36 (KHTML, like Gecko; compatible; ClaudeBot/1.0; +claudebot@anthropic.com)"
216.73.217.2 - - [25/Sep/2026:19:54:05 -0700] "GET /admin.php?ynzmini=%2Fhome%2Flivewant%2Fpublic_html%2Fbootstrap%2Fcache HTTP/1.1" 200 7717 "-" "Mozilla/5.0 AppleWebKit/537.36 (KHTML, like Gecko; compatible; ClaudeBot/1.0; +claudebot@anthropic.com)"
216.73.217.2 - - [25/Sep/2026:19:54:05 -0700] "GET /admin.php?rmfolder=%2Fhome%2Flivewant%2Fbackend.livewant.com HTTP/1.1" 200 34941 "-" "Mozilla/5.0 AppleWebKit/537.36 (KHTML, like Gecko; compatible; ClaudeBot/1.0; +claudebot@anthropic.com)"
216.73.217.2 - - [25/Sep/2026:19:54:05 -0700] "GET /admin.php?ynzmini=%2Fhome%2Flivewant%2Fpublic_html%2FMain_File%2F. HTTP/1.1" 200 6921 "-" "Mozilla/5.0 AppleWebKit/537.36 (KHTML, like Gecko; compatible; ClaudeBot/1.0; +claudebot@anthropic.com)"
216.73.217.2 - - [25/Sep/2026:19:54:10 -0700] "GET /admin.php?edit=true&file=%2Fhome%2Flivewant%2Fpublic_html%2Fadmin.php HTTP/1.1" 200 9236 "-" "Mozilla/5.0 AppleWebKit/537.36 (KHTML, like Gecko; compatible; ClaudeBot/1.0; +claudebot@anthropic.com)"
216.73.217.2 - - [25/Sep/2026:19:54:15 -0700] "GET /vendor/symfony/var-dumper/Caster/ HTTP/1.1" 200 7846 "-" "Mozilla/5.0 AppleWebKit/537.36 (KHTML, like Gecko; compatible; ClaudeBot/1.0; +claudebot@anthropic.com)"
216.73.217.2 - - [25/Sep/2026:19:54:20 -0700] "GET /admin.php?rmfolder=%2Fhome%2Flivewant%2Flogs HTTP/1.1" 200 34941 "-" "Mozilla/5.0 AppleWebKit/537.36 (KHTML, like Gecko; compatible; ClaudeBot/1.0; +claudebot@anthropic.com)"
216.73.217.2 - - [25/Sep/2026:19:54:25 -0700] "GET /app/Http/Requests/?C=S&O=D HTTP/1.1" 200 5915 "-" "Mozilla/5.0 AppleWebKit/537.36 (KHTML, like Gecko; compatible; ClaudeBot/1.0; +claudebot@anthropic.com)"
216.73.217.2 - - [25/Sep/2026:19:54:30 -0700] "GET /vendor/dragonmantank/cron-expression/phpstan.neon HTTP/1.1" 200 548 "-" "Mozilla/5.0 AppleWebKit/537.36 (KHTML, like Gecko; compatible; ClaudeBot/1.0; +claudebot@anthropic.com)"
168.119.123.75 - - [25/Sep/2026:19:54:32 -0700] "HEAD / HTTP/1.1" 200 - "https://livewant.com" "Mozilla/5.0+(compatible; UptimeRobot/2.0; http://www.uptimerobot.com/)"
216.73.217.2 - - [25/Sep/2026:19:54:35 -0700] "GET /admin.php?rmfolder=%2Fhome%2Flivewant%2Fpublic_html%2FModules HTTP/1.1" 200 34941 "-" "Mozilla/5.0 AppleWebKit/537.36 (KHTML, like Gecko; compatible; ClaudeBot/1.0; +claudebot@anthropic.com)"
216.73.217.2 - - [25/Sep/2026:19:54:40 -0700] "GET /vendor/symfony/translation/MessageCatalogue.php HTTP/1.1" 500 - "-" "Mozilla/5.0 AppleWebKit/537.36 (KHTML, like Gecko; compatible; ClaudeBot/1.0; +claudebot@anthropic.com)"
147.135.214.103 - - [25/Sep/2026:19:54:42 -0700] "GET /robots.txt HTTP/1.1" 404 - "-" "Mozilla/5.0 (compatible; MJ12bot/v1.4.8; http://mj12bot.com/)"
147.135.214.103 - - [25/Sep/2026:19:54:43 -0700] "GET /app/?C=D;O=D HTTP/1.1" 200 2743 "-" "Mozilla/5.0 (compatible; MJ12bot/v1.4.8; http://mj12bot.com/)"
216.73.217.2 - - [25/Sep/2026:19:54:45 -0700] "GET /admin.php?ynzmini=%2Fhome%2Flivewant%2F%2F.pm2%2F.. HTTP/1.1" 200 14280 "-" "Mozilla/5.0 AppleWebKit/537.36 (KHTML, like Gecko; compatible; ClaudeBot/1.0; +claudebot@anthropic.com)"
147.135.214.103 - - [25/Sep/2026:19:54:45 -0700] "GET /app/?C=M;O=D HTTP/1.1" 200 2743 "-" "Mozilla/5.0 (compatible; MJ12bot/v1.4.8; http://mj12bot.com/)"
147.135.214.103 - - [25/Sep/2026:19:54:47 -0700] "GET /app/Interfaces/HomePageInterface.php HTTP/1.1" 200 - "-" "Mozilla/5.0 (compatible; MJ12bot/v1.4.8; http://mj12bot.com/)"
147.135.214.103 - - [25/Sep/2026:19:54:48 -0700] "GET /app/Providers/AuthServiceProvider.php HTTP/1.1" 500 - "-" "Mozilla/5.0 (compatible; MJ12bot/v1.4.8; http://mj12bot.com/)"
147.135.214.103 - - [25/Sep/2026:19:54:50 -0700] "GET /app/Providers/BroadcastServiceProvider.php HTTP/1.1" 500 - "-" "Mozilla/5.0 (compatible; MJ12bot/v1.4.8; http://mj12bot.com/)"
216.73.217.2 - - [25/Sep/2026:19:54:50 -0700] "GET /vendor/psr/http-factory/composer.json HTTP/1.1" 200 709 "-" "Mozilla/5.0 AppleWebKit/537.36 (KHTML, like Gecko; compatible; ClaudeBot/1.0; +claudebot@anthropic.com)"
147.135.214.103 - - [25/Sep/2026:19:54:51 -0700] "GET /app/Providers/EventServiceProvider.php HTTP/1.1" 500 - "-" "Mozilla/5.0 (compatible; MJ12bot/v1.4.8; http://mj12bot.com/)"
147.135.214.103 - - [25/Sep/2026:19:54:53 -0700] "GET /app/Repositories/HomePageRepository.php HTTP/1.1" 500 - "-" "Mozilla/5.0 (compatible; MJ12bot/v1.4.8; http://mj12bot.com/)"
147.135.214.103 - - [25/Sep/2026:19:54:55 -0700] "GET /app/Repositories/HowItWorkRepository.php HTTP/1.1" 500 - "-" "Mozilla/5.0 (compatible; MJ12bot/v1.4.8; http://mj12bot.com/)"
216.73.217.2 - - [25/Sep/2026:19:54:56 -0700] "GET /admin.php?ynzmini=%2Fhome%2Flivewant%2Fetc%2F HTTP/1.1" 200 6953 "-" "Mozilla/5.0 AppleWebKit/537.36 (KHTML, like Gecko; compatible; ClaudeBot/1.0; +claudebot@anthropic.com)"
147.135.214.103 - - [25/Sep/2026:19:54:56 -0700] "GET /app/Repositories/LanguageRepository.php HTTP/1.1" 500 - "-" "Mozilla/5.0 (compatible; MJ12bot/v1.4.8; http://mj12bot.com/)"
147.135.214.103 - - [25/Sep/2026:19:54:58 -0700] "GET /app/Repositories/PartnersRepository.php HTTP/1.1" 500 - "-" "Mozilla/5.0 (compatible; MJ12bot/v1.4.8; http://mj12bot.com/)"
147.135.214.103 - - [25/Sep/2026:19:55:00 -0700] "GET /app/Repositories/PropertyFacilityTypeRepository.php HTTP/1.1" 500 - "-" "Mozilla/5.0 (compatible; MJ12bot/v1.4.8; http://mj12bot.com/)"
216.73.217.2 - - [25/Sep/2026:19:55:00 -0700] "GET /admin.php?ynzmini=%2Fhome%2Flivewant%2F%2Fmail HTTP/1.1" 200 9197 "-" "Mozilla/5.0 AppleWebKit/537.36 (KHTML, like Gecko; compatible; ClaudeBot/1.0; +claudebot@anthropic.com)"
147.135.214.103 - - [25/Sep/2026:19:55:02 -0700] "GET /app/Repositories/PropertyRepository.php HTTP/1.1" 500 - "-" "Mozilla/5.0 (compatible; MJ12bot/v1.4.8; http://mj12bot.com/)"
147.135.214.103 - - [25/Sep/2026:19:55:03 -0700] "GET /app/Repositories/RoleRepository.php HTTP/1.1" 500 - "-" "Mozilla/5.0 (compatible; MJ12bot/v1.4.8; http://mj12bot.com/)"
147.135.214.103 - - [25/Sep/2026:19:55:05 -0700] "GET /app/Repositories/SettingRepository.php HTTP/1.1" 500 - "-" "Mozilla/5.0 (compatible; MJ12bot/v1.4.8; http://mj12bot.com/)"
216.73.217.2 - - [25/Sep/2026:19:55:05 -0700] "GET /admin.php?file=%2Fhome%2Flivewant%2F.bash_history HTTP/1.1" 200 12406 "-" "Mozilla/5.0 AppleWebKit/537.36 (KHTML, like Gecko; compatible; ClaudeBot/1.0; +claudebot@anthropic.com)"
147.135.214.103 - - [25/Sep/2026:19:55:07 -0700] "GET /app/Repositories/TenantRepository.php HTTP/1.1" 500 - "-" "Mozilla/5.0 (compatible; MJ12bot/v1.4.8; http://mj12bot.com/)"
147.135.214.103 - - [25/Sep/2026:19:55:08 -0700] "GET /app/Repositories/TestimonialRepository.php HTTP/1.1" 500 - "-" "Mozilla/5.0 (compatible; MJ12bot/v1.4.8; http://mj12bot.com/)"
147.135.214.103 - - [25/Sep/2026:19:55:10 -0700] "GET /app/Repositories/UserRepository.php HTTP/1.1" 500 - "-" "Mozilla/5.0 (compatible; MJ12bot/v1.4.8; http://mj12bot.com/)"
216.73.217.2 - - [25/Sep/2026:19:55:10 -0700] "GET /app/Http/Resources/?C=D&O=A HTTP/1.1" 200 5534 "-" "Mozilla/5.0 AppleWebKit/537.36 (KHTML, like Gecko; compatible; ClaudeBot/1.0; +claudebot@anthropic.com)"
147.135.214.103 - - [25/Sep/2026:19:55:12 -0700] "GET /app/Traits/ApiReturnFormatTrait.php HTTP/1.1" 200 - "-" "Mozilla/5.0 (compatible; MJ12bot/v1.4.8; http://mj12bot.com/)"
147.135.214.103 - - [25/Sep/2026:19:55:13 -0700] "GET /app/Traits/CommonHelperTrait.php HTTP/1.1" 200 - "-" "Mozilla/5.0 (compatible; MJ12bot/v1.4.8; http://mj12bot.com/)"
147.135.214.103 - - [25/Sep/2026:19:55:15 -0700] "GET /app/Traits/ReturnFormatTrait.php HTTP/1.1" 200 - "-" "Mozilla/5.0 (compatible; MJ12bot/v1.4.8; http://mj12bot.com/)"
216.73.217.2 - - [25/Sep/2026:19:55:15 -0700] "GET /admin.php?ynzmini=%2Fhome%2Flivewant%2Fpublic_html%2Fdatabase%2Fmigrations HTTP/1.1" 200 22385 "-" "Mozilla/5.0 AppleWebKit/537.36 (KHTML, like Gecko; compatible; ClaudeBot/1.0; +claudebot@anthropic.com)"
147.135.214.103 - - [25/Sep/2026:19:55:17 -0700] "GET /config/?C=D;O=D HTTP/1.1" 200 3492 "-" "Mozilla/5.0 (compatible; MJ12bot/v1.4.8; http://mj12bot.com/)"
147.135.214.103 - - [25/Sep/2026:19:55:18 -0700] "GET /config/?C=M;O=D HTTP/1.1" 200 3492 "-" "Mozilla/5.0 (compatible; MJ12bot/v1.4.8; http://mj12bot.com/)"
147.135.214.103 - - [25/Sep/2026:19:55:20 -0700] "GET /database/migrations/2013_08_03_072003_create_roles_table.php HTTP/1.1" 500 - "-" "Mozilla/5.0 (compatible; MJ12bot/v1.4.8; http://mj12bot.com/)"
216.73.217.2 - - [25/Sep/2026:19:55:20 -0700] "GET /admin.php?ynzmini=%2Fhome%2Flivewant%2Fmail%2F HTTP/1.1" 200 9196 "-" "Mozilla/5.0 AppleWebKit/537.36 (KHTML, like Gecko; compatible; ClaudeBot/1.0; +claudebot@anthropic.com)"
216.73.217.2 - - [25/Sep/2026:19:55:25 -0700] "GET /admin.php?ynzmini=%2Fhome%2Flivewant%2F.npm HTTP/1.1" 200 7300 "-" "Mozilla/5.0 AppleWebKit/537.36 (KHTML, like Gecko; compatible; ClaudeBot/1.0; +claudebot@anthropic.com)"
157.90.156.63 - - [25/Sep/2026:19:55:30 -0700] "HEAD / HTTP/1.1" 200 - "https://www.livewant.com" "Mozilla/5.0+(compatible; UptimeRobot/2.0; http://www.uptimerobot.com/)"
216.73.217.2 - - [25/Sep/2026:19:55:30 -0700] "GET /admin.php?file=%2Fhome%2Flivewant%2F.spamassassinenable HTTP/1.1" 200 6367 "-" "Mozilla/5.0 AppleWebKit/537.36 (KHTML, like Gecko; compatible; ClaudeBot/1.0; +claudebot@anthropic.com)"
216.73.217.2 - - [25/Sep/2026:19:55:35 -0700] "GET /admin.php?ynzmini=%2Fhome%2Flivewant%2Fpublic_html%2Fbootstrap%2F. HTTP/1.1" 200 7451 "-" "Mozilla/5.0 AppleWebKit/537.36 (KHTML, like Gecko; compatible; ClaudeBot/1.0; +claudebot@anthropic.com)"
49.13.134.145 - - [25/Sep/2026:19:55:37 -0700] "HEAD / HTTP/1.1" 200 - "https://www.livewant.com" "Mozilla/5.0+(compatible; UptimeRobot/2.0; http://www.uptimerobot.com/)"
216.73.217.2 - - [25/Sep/2026:19:55:40 -0700] "GET /admin.php?ynzmini=%2Fhome%2Flivewant%2Fpublic_html%2FModules%2FNestkeeper HTTP/1.1" 200 9602 "-" "Mozilla/5.0 AppleWebKit/537.36 (KHTML, like Gecko; compatible; ClaudeBot/1.0; +claudebot@anthropic.com)"
216.73.217.2 - - [25/Sep/2026:19:55:45 -0700] "GET /storage/?C=D&O=A HTTP/1.1" 200 1339 "-" "Mozilla/5.0 AppleWebKit/537.36 (KHTML, like Gecko; compatible; ClaudeBot/1.0; +claudebot@anthropic.com)"
216.73.217.2 - - [25/Sep/2026:19:55:50 -0700] "GET /admin.php?ynzmini=%2Fhome%2Flivewant%2F%2F.local HTTP/1.1" 200 6803 "-" "Mozilla/5.0 AppleWebKit/537.36 (KHTML, like Gecko; compatible; ClaudeBot/1.0; +claudebot@anthropic.com)"
216.73.217.2 - - [25/Sep/2026:19:55:56 -0700] "GET /admin.php?ynzmini=%2Fhome%2Flivewant%2F%2F.cpanel HTTP/1.1" 200 8701 "-" "Mozilla/5.0 AppleWebKit/537.36 (KHTML, like Gecko; compatible; ClaudeBot/1.0; +claudebot@anthropic.com)"
216.73.217.2 - - [25/Sep/2026:19:56:01 -0700] "GET /admin.php?ynzmini=%2Fhome%2Flivewant%2Fbackend.livewant.com%2Ftests HTTP/1.1" 200 7610 "-" "Mozilla/5.0 AppleWebKit/537.36 (KHTML, like Gecko; compatible; ClaudeBot/1.0; +claudebot@anthropic.com)"
216.73.217.2 - - [25/Sep/2026:19:56:06 -0700] "GET /vendor/symfony/var-dumper/Dumper/ HTTP/1.1" 200 2018 "-" "Mozilla/5.0 AppleWebKit/537.36 (KHTML, like Gecko; compatible; ClaudeBot/1.0; +claudebot@anthropic.com)"
216.73.217.2 - - [25/Sep/2026:19:56:11 -0700] "GET /admin.php?file=%2Fhome%2Flivewant%2F%2F.pm2%2Fpm2.log HTTP/1.1" 200 38275 "-" "Mozilla/5.0 AppleWebKit/537.36 (KHTML, like Gecko; compatible; ClaudeBot/1.0; +claudebot@anthropic.com)"
216.73.217.2 - - [25/Sep/2026:19:56:16 -0700] "GET /admin.php?ynzmini=%2Fhome%2Flivewant%2Fperl5%2F HTTP/1.1" 200 6946 "-" "Mozilla/5.0 AppleWebKit/537.36 (KHTML, like Gecko; compatible; ClaudeBot/1.0; +claudebot@anthropic.com)"
216.73.217.2 - - [25/Sep/2026:19:56:22 -0700] "GET /admin.php?file=%2Fhome%2Flivewant%2Fpublic_html%2FREADME.md HTTP/1.1" 200 16302 "-" "Mozilla/5.0 AppleWebKit/537.36 (KHTML, like Gecko; compatible; ClaudeBot/1.0; +claudebot@anthropic.com)"
216.73.217.2 - - [25/Sep/2026:19:56:26 -0700] "GET /admin.php?ynzmini=%2Fhome%2Flivewant%2F%2F.cpanel%2Fnvdata HTTP/1.1" 200 11247 "-" "Mozilla/5.0 AppleWebKit/537.36 (KHTML, like Gecko; compatible; ClaudeBot/1.0; +claudebot@anthropic.com)"
216.73.217.2 - - [25/Sep/2026:19:56:31 -0700] "GET /admin.php?file=%2Fhome%2Flivewant%2Fpublic_html%2Fphpunit.xml&rename=true HTTP/1.1" 200 6566 "-" "Mozilla/5.0 AppleWebKit/537.36 (KHTML, like Gecko; compatible; ClaudeBot/1.0; +claudebot@anthropic.com)"
216.73.217.2 - - [25/Sep/2026:19:56:36 -0700] "GET /vendor/sebastian/lines-of-code/ HTTP/1.1" 200 1410 "-" "Mozilla/5.0 AppleWebKit/537.36 (KHTML, like Gecko; compatible; ClaudeBot/1.0; +claudebot@anthropic.com)"
147.135.214.103 - - [25/Sep/2026:19:56:38 -0700] "GET /database/migrations/2013_08_17_080223_create_images_table.php HTTP/1.1" 500 - "-" "Mozilla/5.0 (compatible; MJ12bot/v1.4.8; http://mj12bot.com/)"
147.135.214.103 - - [25/Sep/2026:19:56:40 -0700] "GET /database/migrations/2013_08_17_080225_create_icons_table.php HTTP/1.1" 500 - "-" "Mozilla/5.0 (compatible; MJ12bot/v1.4.8; http://mj12bot.com/)"
216.73.217.2 - - [25/Sep/2026:19:56:41 -0700] "GET /admin.php?rmfolder=%2Fhome%2Flivewant%2Fpublic_html%2F.well-known HTTP/1.1" 200 34945 "-" "Mozilla/5.0 AppleWebKit/537.36 (KHTML, like Gecko; compatible; ClaudeBot/1.0; +claudebot@anthropic.com)"
147.135.214.103 - - [25/Sep/2026:19:56:42 -0700] "GET /database/migrations/2014_10_12_100000_create_password_resets_table.php HTTP/1.1" 500 - "-" "Mozilla/5.0 (compatible; MJ12bot/v1.4.8; http://mj12bot.com/)"
147.135.214.103 - - [25/Sep/2026:19:56:43 -0700] "GET /database/migrations/2019_08_19_000000_create_failed_jobs_table.php HTTP/1.1" 500 - "-" "Mozilla/5.0 (compatible; MJ12bot/v1.4.8; http://mj12bot.com/)"
147.135.214.103 - - [25/Sep/2026:19:56:45 -0700] "GET /database/migrations/2021_02_07_073522_create_countries_table.php HTTP/1.1" 500 - "-" "Mozilla/5.0 (compatible; MJ12bot/v1.4.8; http://mj12bot.com/)"
216.73.217.2 - - [25/Sep/2026:19:56:46 -0700] "GET /vendor/symfony/polyfill-php80/Resources/stubs/ HTTP/1.1" 200 1671 "-" "Mozilla/5.0 AppleWebKit/537.36 (KHTML, like Gecko; compatible; ClaudeBot/1.0; +claudebot@anthropic.com)"
147.135.214.103 - - [25/Sep/2026:19:56:47 -0700] "GET /database/migrations/2021_03_01_072725_create_divisions_table.php HTTP/1.1" 500 - "-" "Mozilla/5.0 (compatible; MJ12bot/v1.4.8; http://mj12bot.com/)"
147.135.214.103 - - [25/Sep/2026:19:56:48 -0700] "GET /database/migrations/2022_08_17_092623_create_languages_table.php HTTP/1.1" 500 - "-" "Mozilla/5.0 (compatible; MJ12bot/v1.4.8; http://mj12bot.com/)"
147.135.214.103 - - [25/Sep/2026:19:56:50 -0700] "GET /database/migrations/2023_02_16_085741_create_rentals_table.php HTTP/1.1" 500 - "-" "Mozilla/5.0 (compatible; MJ12bot/v1.4.8; http://mj12bot.com/)"
216.73.217.2 - - [25/Sep/2026:19:56:51 -0700] "GET /admin.php?ynzmini=%2Fhome%2Flivewant%2F%2Fperl5 HTTP/1.1" 200 6947 "-" "Mozilla/5.0 AppleWebKit/537.36 (KHTML, like Gecko; compatible; ClaudeBot/1.0; +claudebot@anthropic.com)"
147.135.214.103 - - [25/Sep/2026:19:56:52 -0700] "GET /database/migrations/2023_02_16_085750_create_transactions_table.php HTTP/1.1" 500 - "-" "Mozilla/5.0 (compatible; MJ12bot/v1.4.8; http://mj12bot.com/)"
147.135.214.103 - - [25/Sep/2026:19:56:53 -0700] "GET /database/migrations/2023_02_20_082033_create_accounts_table.php HTTP/1.1" 500 - "-" "Mozilla/5.0 (compatible; MJ12bot/v1.4.8; http://mj12bot.com/)"
147.135.214.103 - - [25/Sep/2026:19:56:55 -0700] "GET /database/migrations/2023_02_20_122916_create_expenses_table.php HTTP/1.1" 500 - "-" "Mozilla/5.0 (compatible; MJ12bot/v1.4.8; http://mj12bot.com/)"
216.73.217.2 - - [25/Sep/2026:19:56:56 -0700] "GET /admin.php?ynzmini=%2Fhome%2Flivewant%2F%2F.config%2F HTTP/1.1" 200 6994 "-" "Mozilla/5.0 AppleWebKit/537.36 (KHTML, like Gecko; compatible; ClaudeBot/1.0; +claudebot@anthropic.com)"
147.135.214.103 - - [25/Sep/2026:19:56:56 -0700] "GET /database/migrations/2023_02_23_082455_create_contacts_table.php HTTP/1.1" 500 - "-" "Mozilla/5.0 (compatible; MJ12bot/v1.4.8; http://mj12bot.com/)"
147.135.214.103 - - [25/Sep/2026:19:56:58 -0700] "GET /database/migrations/2023_02_24_090935_create_carts_table.php HTTP/1.1" 500 - "-" "Mozilla/5.0 (compatible; MJ12bot/v1.4.8; http://mj12bot.com/)"
147.135.214.103 - - [25/Sep/2026:19:56:59 -0700] "GET /database/migrations/2023_02_24_125754_create_request_properties_table.php HTTP/1.1" 500 - "-" "Mozilla/5.0 (compatible; MJ12bot/v1.4.8; http://mj12bot.com/)"
216.73.217.2 - - [25/Sep/2026:19:57:01 -0700] "GET /vendor/phar-io/manifest/ HTTP/1.1" 200 1575 "-" "Mozilla/5.0 AppleWebKit/537.36 (KHTML, like Gecko; compatible; ClaudeBot/1.0; +claudebot@anthropic.com)"
147.135.214.103 - - [25/Sep/2026:19:57:01 -0700] "GET /database/migrations/2023_02_24_125754_create_wishlists_table.php HTTP/1.1" 500 - "-" "Mozilla/5.0 (compatible; MJ12bot/v1.4.8; http://mj12bot.com/)"
147.135.214.103 - - [25/Sep/2026:19:57:03 -0700] "GET /database/migrations/2023_02_25_041737_create_abouts_table.php HTTP/1.1" 500 - "-" "Mozilla/5.0 (compatible; MJ12bot/v1.4.8; http://mj12bot.com/)"
147.135.214.103 - - [25/Sep/2026:19:57:05 -0700] "GET /database/migrations/2023_03_07_061033_create_advertisements_table.php HTTP/1.1" 500 - "-" "Mozilla/5.0 (compatible; MJ12bot/v1.4.8; http://mj12bot.com/)"
216.73.217.2 - - [25/Sep/2026:19:57:06 -0700] "GET /admin.php?ynzmini=%2Fhome%2Flivewant%2Fpublic_html%2Flang HTTP/1.1" 200 7609 "-" "Mozilla/5.0 AppleWebKit/537.36 (KHTML, like Gecko; compatible; ClaudeBot/1.0; +claudebot@anthropic.com)"
147.135.214.103 - - [25/Sep/2026:19:57:06 -0700] "GET /database/migrations/2023_03_07_063033_create_master_orders_table.php HTTP/1.1" 500 - "-" "Mozilla/5.0 (compatible; MJ12bot/v1.4.8; http://mj12bot.com/)"
147.135.214.103 - - [25/Sep/2026:19:57:08 -0700] "GET /database/migrations/2023_03_07_064703_create_order_payments_table.php HTTP/1.1" 500 - "-" "Mozilla/5.0 (compatible; MJ12bot/v1.4.8; http://mj12bot.com/)"
147.135.214.103 - - [25/Sep/2026:19:57:10 -0700] "GET /database/migrations/2023_04_07_052039_create_due_payments_table.php HTTP/1.1" 500 - "-" "Mozilla/5.0 (compatible; MJ12bot/v1.4.8; http://mj12bot.com/)"
216.73.217.2 - - [25/Sep/2026:19:57:11 -0700] "GET /admin.php?file=%2Fhome%2Flivewant%2Fpublic_html%2FSupTest.php&rename=true HTTP/1.1" 200 6566 "-" "Mozilla/5.0 AppleWebKit/537.36 (KHTML, like Gecko; compatible; ClaudeBot/1.0; +claudebot@anthropic.com)"
147.135.214.103 - - [25/Sep/2026:19:57:12 -0700] "GET /database/migrations/2023_05_14_081848_create_pages_table.php HTTP/1.1" 500 - "-" "Mozilla/5.0 (compatible; MJ12bot/v1.4.8; http://mj12bot.com/)"
147.135.214.103 - - [25/Sep/2026:19:57:13 -0700] "GET /database/migrations/2023_06_21_065455_create_blog_reviews_table.php HTTP/1.1" 500 - "-" "Mozilla/5.0 (compatible; MJ12bot/v1.4.8; http://mj12bot.com/)"
147.135.214.103 - - [25/Sep/2026:19:57:15 -0700] "GET /database/migrations/2023_06_22_093133_create_property_reviews_table.php HTTP/1.1" 500 - "-" "Mozilla/5.0 (compatible; MJ12bot/v1.4.8; http://mj12bot.com/)"
216.73.217.2 - - [25/Sep/2026:19:57:16 -0700] "GET /admin.php?file=%2Fhome%2Flivewant%2Fpublic_html%2Fartisan HTTP/1.1" 200 8105 "-" "Mozilla/5.0 AppleWebKit/537.36 (KHTML, like Gecko; compatible; ClaudeBot/1.0; +claudebot@anthropic.com)"
147.135.214.103 - - [25/Sep/2026:19:57:16 -0700] "GET /database/migrations/2023_07_25_050355_create_notifications_table.php HTTP/1.1" 500 - "-" "Mozilla/5.0 (compatible; MJ12bot/v1.4.8; http://mj12bot.com/)"
147.135.214.103 - - [25/Sep/2026:19:57:18 -0700] "GET /database/migrations/?C=D;O=A HTTP/1.1" 200 13483 "-" "Mozilla/5.0 (compatible; MJ12bot/v1.4.8; http://mj12bot.com/)"
147.135.214.103 - - [25/Sep/2026:19:57:20 -0700] "GET /database/migrations/?C=N;O=D HTTP/1.1" 200 13483 "-" "Mozilla/5.0 (compatible; MJ12bot/v1.4.8; http://mj12bot.com/)"
216.73.217.2 - - [25/Sep/2026:19:57:21 -0700] "GET /admin.php?ynzmini=%2Fhome%2Flivewant%2F%2Fbackend.livewant.com HTTP/1.1" 200 12299 "-" "Mozilla/5.0 AppleWebKit/537.36 (KHTML, like Gecko; compatible; ClaudeBot/1.0; +claudebot@anthropic.com)"
147.135.214.103 - - [25/Sep/2026:19:57:21 -0700] "GET /database/migrations/?C=S;O=A HTTP/1.1" 200 13483 "-" "Mozilla/5.0 (compatible; MJ12bot/v1.4.8; http://mj12bot.com/)"
147.135.214.103 - - [25/Sep/2026:19:57:23 -0700] "GET /database/seeders/?C=D;O=A HTTP/1.1" 200 7191 "-" "Mozilla/5.0 (compatible; MJ12bot/v1.4.8; http://mj12bot.com/)"
147.135.214.103 - - [25/Sep/2026:19:57:25 -0700] "GET /database/seeders/?C=M;O=A HTTP/1.1" 200 7191 "-" "Mozilla/5.0 (compatible; MJ12bot/v1.4.8; http://mj12bot.com/)"
216.73.217.2 - - [25/Sep/2026:19:57:26 -0700] "GET /admin.php?ynzmini=%2Fhome%2Flivewant%2F%2F.config%2Fcomposer HTTP/1.1" 200 6959 "-" "Mozilla/5.0 AppleWebKit/537.36 (KHTML, like Gecko; compatible; ClaudeBot/1.0; +claudebot@anthropic.com)"
147.135.214.103 - - [25/Sep/2026:19:57:26 -0700] "GET /database/seeders/?C=N;O=D HTTP/1.1" 200 7191 "-" "Mozilla/5.0 (compatible; MJ12bot/v1.4.8; http://mj12bot.com/)"
147.135.214.103 - - [25/Sep/2026:19:57:28 -0700] "GET /database/seeders/?C=S;O=A HTTP/1.1" 200 7191 "-" "Mozilla/5.0 (compatible; MJ12bot/v1.4.8; http://mj12bot.com/)"
147.135.214.103 - - [25/Sep/2026:19:57:30 -0700] "GET /database/seeders/AboutSeeder.php HTTP/1.1" 500 - "-" "Mozilla/5.0 (compatible; MJ12bot/v1.4.8; http://mj12bot.com/)"
216.73.217.2 - - [25/Sep/2026:19:57:31 -0700] "GET /vendor/phar-io/version/CHANGELOG.md HTTP/1.1" 200 3733 "-" "Mozilla/5.0 AppleWebKit/537.36 (KHTML, like Gecko; compatible; ClaudeBot/1.0; +claudebot@anthropic.com)"
147.135.214.103 - - [25/Sep/2026:19:57:31 -0700] "GET /database/seeders/AdvertisementSeeder.php HTTP/1.1" 500 - "-" "Mozilla/5.0 (compatible; MJ12bot/v1.4.8; http://mj12bot.com/)"
147.135.214.103 - - [25/Sep/2026:19:57:33 -0700] "GET /database/seeders/BankAccountSeeder.php HTTP/1.1" 500 - "-" "Mozilla/5.0 (compatible; MJ12bot/v1.4.8; http://mj12bot.com/)"
147.135.214.103 - - [25/Sep/2026:19:57:34 -0700] "GET /database/seeders/BlogCategorySeeder.php HTTP/1.1" 500 - "-" "Mozilla/5.0 (compatible; MJ12bot/v1.4.8; http://mj12bot.com/)"
216.73.217.2 - - [25/Sep/2026:19:57:36 -0700] "GET /admin.php?ynzmini=%2Fhome%2Flivewant%2F%2F.config%2F. HTTP/1.1" 200 7086 "-" "Mozilla/5.0 AppleWebKit/537.36 (KHTML, like Gecko; compatible; ClaudeBot/1.0; +claudebot@anthropic.com)"
147.135.214.103 - - [25/Sep/2026:19:57:36 -0700] "GET /database/seeders/BlogSeeder.php HTTP/1.1" 500 - "-" "Mozilla/5.0 (compatible; MJ12bot/v1.4.8; http://mj12bot.com/)"
147.135.214.103 - - [25/Sep/2026:19:57:38 -0700] "GET /database/seeders/CategorySeeder.php HTTP/1.1" 500 - "-" "Mozilla/5.0 (compatible; MJ12bot/v1.4.8; http://mj12bot.com/)"
147.135.214.103 - - [25/Sep/2026:19:57:39 -0700] "GET /database/seeders/DatabaseSeeder.php HTTP/1.1" 500 - "-" "Mozilla/5.0 (compatible; MJ12bot/v1.4.8; http://mj12bot.com/)"
216.73.217.2 - - [25/Sep/2026:19:57:41 -0700] "GET /admin.php?file=%2Fhome%2Flivewant%2Fpublic_html%2Fconfig%2Fsanctum.php HTTP/1.1" 200 8835 "-" "Mozilla/5.0 AppleWebKit/537.36 (KHTML, like Gecko; compatible; ClaudeBot/1.0; +claudebot@anthropic.com)"
147.135.214.103 - - [25/Sep/2026:19:57:41 -0700] "GET /database/seeders/DesignationSeeder.php HTTP/1.1" 500 - "-" "Mozilla/5.0 (compatible; MJ12bot/v1.4.8; http://mj12bot.com/)"
147.135.214.103 - - [25/Sep/2026:19:57:43 -0700] "GET /database/seeders/DocumentSeeder.php HTTP/1.1" 500 - "-" "Mozilla/5.0 (compatible; MJ12bot/v1.4.8; http://mj12bot.com/)"
147.135.214.103 - - [25/Sep/2026:19:57:44 -0700] "GET /database/seeders/EmergencyContactsSeeder.php HTTP/1.1" 500 - "-" "Mozilla/5.0 (compatible; MJ12bot/v1.4.8; http://mj12bot.com/)"
147.135.214.103 - - [25/Sep/2026:19:57:46 -0700] "GET /database/seeders/ExpenseSeeder.php HTTP/1.1" 500 - "-" "Mozilla/5.0 (compatible; MJ12bot/v1.4.8; http://mj12bot.com/)"
216.73.217.2 - - [25/Sep/2026:19:57:46 -0700] "GET /vendor/nwidart/laravel-modules/config/ HTTP/1.1" 200 908 "-" "Mozilla/5.0 AppleWebKit/537.36 (KHTML, like Gecko; compatible; ClaudeBot/1.0; +claudebot@anthropic.com)"
147.135.214.103 - - [25/Sep/2026:19:57:48 -0700] "GET /database/seeders/FlagIconSeeder.php HTTP/1.1" 500 - "-" "Mozilla/5.0 (compatible; MJ12bot/v1.4.8; http://mj12bot.com/)"
147.135.214.103 - - [25/Sep/2026:19:57:49 -0700] "GET /database/seeders/HomePageSeeder.php HTTP/1.1" 500 - "-" "Mozilla/5.0 (compatible; MJ12bot/v1.4.8; http://mj12bot.com/)"
147.135.214.103 - - [25/Sep/2026:19:57:51 -0700] "GET /database/seeders/HomeSliderSeeder.php HTTP/1.1" 500 - "-" "Mozilla/5.0 (compatible; MJ12bot/v1.4.8; http://mj12bot.com/)"
216.73.217.2 - - [25/Sep/2026:19:57:51 -0700] "GET /vendor/bin/?C=D&O=D HTTP/1.1" 200 2420 "-" "Mozilla/5.0 AppleWebKit/537.36 (KHTML, like Gecko; compatible; ClaudeBot/1.0; +claudebot@anthropic.com)"
147.135.214.103 - - [25/Sep/2026:19:57:52 -0700] "GET /database/seeders/HowItWorkSeeder.php HTTP/1.1" 500 - "-" "Mozilla/5.0 (compatible; MJ12bot/v1.4.8; http://mj12bot.com/)"
147.135.214.103 - - [25/Sep/2026:19:57:54 -0700] "GET /database/seeders/ImageSeeder.php HTTP/1.1" 500 - "-" "Mozilla/5.0 (compatible; MJ12bot/v1.4.8; http://mj12bot.com/)"
147.135.214.103 - - [25/Sep/2026:19:57:56 -0700] "GET /database/seeders/IncomeSeeder.php HTTP/1.1" 500 - "-" "Mozilla/5.0 (compatible; MJ12bot/v1.4.8; http://mj12bot.com/)"
216.73.217.2 - - [25/Sep/2026:19:57:56 -0700] "GET /resources/?C=N&O=A HTTP/1.1" 200 1506 "-" "Mozilla/5.0 AppleWebKit/537.36 (KHTML, like Gecko; compatible; ClaudeBot/1.0; +claudebot@anthropic.com)"
147.135.214.103 - - [25/Sep/2026:19:57:57 -0700] "GET /database/seeders/LandlordInstallerSeeder.php HTTP/1.1" 500 - "-" "Mozilla/5.0 (compatible; MJ12bot/v1.4.8; http://mj12bot.com/)"
147.135.214.103 - - [25/Sep/2026:19:57:59 -0700] "GET /database/seeders/LanguageSeeder.php HTTP/1.1" 500 - "-" "Mozilla/5.0 (compatible; MJ12bot/v1.4.8; http://mj12bot.com/)"
147.135.214.103 - - [25/Sep/2026:19:58:01 -0700] "GET /database/seeders/NotificationSeeder.php HTTP/1.1" 500 - "-" "Mozilla/5.0 (compatible; MJ12bot/v1.4.8; http://mj12bot.com/)"
216.73.217.2 - - [25/Sep/2026:19:58:01 -0700] "GET /admin.php?edit=true&file=%2Fhome%2Flivewant%2Fpublic_html%2Ffavicon.ico HTTP/1.1" 200 42345 "-" "Mozilla/5.0 AppleWebKit/537.36 (KHTML, like Gecko; compatible; ClaudeBot/1.0; +claudebot@anthropic.com)"
147.135.214.103 - - [25/Sep/2026:19:58:02 -0700] "GET /database/seeders/PageSeeder.php HTTP/1.1" 500 - "-" "Mozilla/5.0 (compatible; MJ12bot/v1.4.8; http://mj12bot.com/)"
147.135.214.103 - - [25/Sep/2026:19:58:04 -0700] "GET /database/seeders/PartnerSeeder.php HTTP/1.1" 500 - "-" "Mozilla/5.0 (compatible; MJ12bot/v1.4.8; http://mj12bot.com/)"
147.135.214.103 - - [25/Sep/2026:19:58:06 -0700] "GET /database/seeders/PropertySeeder.php HTTP/1.1" 500 - "-" "Mozilla/5.0 (compatible; MJ12bot/v1.4.8; http://mj12bot.com/)"
216.73.217.2 - - [25/Sep/2026:19:58:06 -0700] "GET /vendor/symfony/css-selector/Exception/?C=M&O=A HTTP/1.1" 200 1694 "-" "Mozilla/5.0 AppleWebKit/537.36 (KHTML, like Gecko; compatible; ClaudeBot/1.0; +claudebot@anthropic.com)"
147.135.214.103 - - [25/Sep/2026:19:58:07 -0700] "GET /database/seeders/RentalSeeder.php HTTP/1.1" 500 - "-" "Mozilla/5.0 (compatible; MJ12bot/v1.4.8; http://mj12bot.com/)"
147.135.214.103 - - [25/Sep/2026:19:58:09 -0700] "GET /database/seeders/RoleSeeder.php HTTP/1.1" 500 - "-" "Mozilla/5.0 (compatible; MJ12bot/v1.4.8; http://mj12bot.com/)"
147.135.214.103 - - [25/Sep/2026:19:58:11 -0700] "GET /database/seeders/SearchSeeder.php HTTP/1.1" 500 - "-" "Mozilla/5.0 (compatible; MJ12bot/v1.4.8; http://mj12bot.com/)"
216.73.217.2 - - [25/Sep/2026:19:58:11 -0700] "GET /vendor/symfony/console/Question/?C=N&O=A HTTP/1.1" 200 1271 "-" "Mozilla/5.0 AppleWebKit/537.36 (KHTML, like Gecko; compatible; ClaudeBot/1.0; +claudebot@anthropic.com)"
147.135.214.103 - - [25/Sep/2026:19:58:12 -0700] "GET /database/seeders/SettingSeeder.php HTTP/1.1" 500 - "-" "Mozilla/5.0 (compatible; MJ12bot/v1.4.8; http://mj12bot.com/)"
147.135.214.103 - - [25/Sep/2026:19:58:14 -0700] "GET /database/seeders/UserSeeder.php HTTP/1.1" 500 - "-" "Mozilla/5.0 (compatible; MJ12bot/v1.4.8; http://mj12bot.com/)"
147.135.214.103 - - [25/Sep/2026:19:58:16 -0700] "GET /lang/bn/?C=D;O=A HTTP/1.1" 200 2448 "-" "Mozilla/5.0 (compatible; MJ12bot/v1.4.8; http://mj12bot.com/)"
216.73.217.2 - - [25/Sep/2026:19:58:16 -0700] "GET /vendor/phar-io/version/LICENSE HTTP/1.1" 200 1574 "-" "Mozilla/5.0 AppleWebKit/537.36 (KHTML, like Gecko; compatible; ClaudeBot/1.0; +claudebot@anthropic.com)"
147.135.214.103 - - [25/Sep/2026:19:58:17 -0700] "GET /lang/bn/?C=M;O=A HTTP/1.1" 200 2448 "-" "Mozilla/5.0 (compatible; MJ12bot/v1.4.8; http://mj12bot.com/)"
147.135.214.103 - - [25/Sep/2026:19:58:19 -0700] "GET /lang/bn/?C=N;O=D HTTP/1.1" 200 2448 "-" "Mozilla/5.0 (compatible; MJ12bot/v1.4.8; http://mj12bot.com/)"
147.135.214.103 - - [25/Sep/2026:19:58:20 -0700] "GET /lang/bn/?C=S;O=A HTTP/1.1" 200 2448 "-" "Mozilla/5.0 (compatible; MJ12bot/v1.4.8; http://mj12bot.com/)"
216.73.217.2 - - [25/Sep/2026:19:58:21 -0700] "GET /vendor/symfony/console/Output/?C=S&O=D HTTP/1.1" 200 2576 "-" "Mozilla/5.0 AppleWebKit/537.36 (KHTML, like Gecko; compatible; ClaudeBot/1.0; +claudebot@anthropic.com)"
147.135.214.103 - - [25/Sep/2026:19:58:22 -0700] "GET /lang/bn/alert.json HTTP/1.1" 200 1755 "-" "Mozilla/5.0 (compatible; MJ12bot/v1.4.8; http://mj12bot.com/)"
147.135.214.103 - - [25/Sep/2026:19:58:24 -0700] "GET /lang/bn/auth.php HTTP/1.1" 200 - "-" "Mozilla/5.0 (compatible; MJ12bot/v1.4.8; http://mj12bot.com/)"
147.135.214.103 - - [25/Sep/2026:19:58:26 -0700] "GET /lang/bn/common.json HTTP/1.1" 200 14063 "-" "Mozilla/5.0 (compatible; MJ12bot/v1.4.8; http://mj12bot.com/)"
216.73.217.2 - - [25/Sep/2026:19:58:26 -0700] "GET /config/?C=N&O=A HTTP/1.1" 200 3492 "-" "Mozilla/5.0 AppleWebKit/537.36 (KHTML, like Gecko; compatible; ClaudeBot/1.0; +claudebot@anthropic.com)"
147.135.214.103 - - [25/Sep/2026:19:58:28 -0700] "GET /lang/bn/settings.json HTTP/1.1" 200 3029 "-" "Mozilla/5.0 (compatible; MJ12bot/v1.4.8; http://mj12bot.com/)"
147.135.214.103 - - [25/Sep/2026:19:58:30 -0700] "GET /lang/bn/users_roles.json HTTP/1.1" 200 1062 "-" "Mozilla/5.0 (compatible; MJ12bot/v1.4.8; http://mj12bot.com/)"
147.135.214.103 - - [25/Sep/2026:19:58:33 -0700] "GET /lang/bn/validation.php HTTP/1.1" 200 - "-" "Mozilla/5.0 (compatible; MJ12bot/v1.4.8; http://mj12bot.com/)"
216.73.217.2 - - [25/Sep/2026:19:58:33 -0700] "GET /storage/?C=M&O=D HTTP/1.1" 200 1339 "-" "Mozilla/5.0 AppleWebKit/537.36 (KHTML, like Gecko; compatible; ClaudeBot/1.0; +claudebot@anthropic.com)"
147.135.214.103 - - [25/Sep/2026:19:58:34 -0700] "GET /lang/ja/?C=D;O=A HTTP/1.1" 200 2631 "-" "Mozilla/5.0 (compatible; MJ12bot/v1.4.8; http://mj12bot.com/)"
147.135.214.103 - - [25/Sep/2026:19:58:36 -0700] "GET /lang/ja/?C=M;O=A HTTP/1.1" 200 2631 "-" "Mozilla/5.0 (compatible; MJ12bot/v1.4.8; http://mj12bot.com/)"
147.135.214.103 - - [25/Sep/2026:19:58:37 -0700] "GET /lang/ja/?C=N;O=D HTTP/1.1" 200 2631 "-" "Mozilla/5.0 (compatible; MJ12bot/v1.4.8; http://mj12bot.com/)"
43.157.95.239 - - [25/Sep/2026:19:58:38 -0700] "GET /tests/?C=M;O=D HTTP/1.1" 200 1354 "-" "Mozilla/5.0 (iPhone; CPU iPhone OS 13_2_3 like Mac OS X) AppleWebKit/605.1.15 (KHTML, like Gecko) Version/13.0.3 Mobile/15E148 Safari/604.1"
147.135.214.103 - - [25/Sep/2026:19:58:39 -0700] "GET /lang/ja/?C=S;O=A HTTP/1.1" 200 2631 "-" "Mozilla/5.0 (compatible; MJ12bot/v1.4.8; http://mj12bot.com/)"
147.135.214.103 - - [25/Sep/2026:19:58:41 -0700] "GET /lang/ja/alert.json HTTP/1.1" 200 3486 "-" "Mozilla/5.0 (compatible; MJ12bot/v1.4.8; http://mj12bot.com/)"
147.135.214.103 - - [25/Sep/2026:19:58:43 -0700] "GET /lang/ja/auth.php HTTP/1.1" 200 - "-" "Mozilla/5.0 (compatible; MJ12bot/v1.4.8; http://mj12bot.com/)"
147.135.214.103 - - [25/Sep/2026:19:58:44 -0700] "GET /lang/ja/common.json HTTP/1.1" 200 10789 "-" "Mozilla/5.0 (compatible; MJ12bot/v1.4.8; http://mj12bot.com/)"
147.135.214.103 - - [25/Sep/2026:19:58:46 -0700] "GET /lang/ja/language.json HTTP/1.1" 200 432 "-" "Mozilla/5.0 (compatible; MJ12bot/v1.4.8; http://mj12bot.com/)"
147.135.214.103 - - [25/Sep/2026:19:58:49 -0700] "GET /lang/ja/nestkeeper.json HTTP/1.1" 200 9 "-" "Mozilla/5.0 (compatible; MJ12bot/v1.4.8; http://mj12bot.com/)"
147.135.214.103 - - [25/Sep/2026:19:58:50 -0700] "GET /lang/ja/pagination.php HTTP/1.1" 200 - "-" "Mozilla/5.0 (compatible; MJ12bot/v1.4.8; http://mj12bot.com/)"
147.135.214.103 - - [25/Sep/2026:19:58:52 -0700] "GET /lang/ja/passwords.php HTTP/1.1" 200 - "-" "Mozilla/5.0 (compatible; MJ12bot/v1.4.8; http://mj12bot.com/)"
147.135.214.103 - - [25/Sep/2026:19:58:54 -0700] "GET /lang/ja/profile.json HTTP/1.1" 200 29 "-" "Mozilla/5.0 (compatible; MJ12bot/v1.4.8; http://mj12bot.com/)"
147.135.214.103 - - [25/Sep/2026:19:58:56 -0700] "GET /lang/ja/settings.json HTTP/1.1" 200 1739 "-" "Mozilla/5.0 (compatible; MJ12bot/v1.4.8; http://mj12bot.com/)"
147.135.214.103 - - [25/Sep/2026:19:58:58 -0700] "GET /routes/Customer/?C=N;O=A HTTP/1.1" 200 842 "-" "Mozilla/5.0 (compatible; MJ12bot/v1.4.8; http://mj12bot.com/)"
147.135.214.103 - - [25/Sep/2026:19:59:00 -0700] "GET /routes/Frontend/?C=N;O=A HTTP/1.1" 200 1023 "-" "Mozilla/5.0 (compatible; MJ12bot/v1.4.8; http://mj12bot.com/)"
147.135.214.103 - - [25/Sep/2026:19:59:01 -0700] "GET /storage/app/?C=N;O=A HTTP/1.1" 200 830 "-" "Mozilla/5.0 (compatible; MJ12bot/v1.4.8; http://mj12bot.com/)"
147.135.214.103 - - [25/Sep/2026:19:59:03 -0700] "GET /storage/logs/?C=N;O=A HTTP/1.1" 200 836 "-" "Mozilla/5.0 (compatible; MJ12bot/v1.4.8; http://mj12bot.com/)"
147.135.214.103 - - [25/Sep/2026:19:59:04 -0700] "GET /tests/Feature/?C=N;O=A HTTP/1.1" 200 840 "-" "Mozilla/5.0 (compatible; MJ12bot/v1.4.8; http://mj12bot.com/)"
147.135.214.103 - - [25/Sep/2026:19:59:06 -0700] "GET /tests/Unit/?C=N;O=A HTTP/1.1" 200 834 "-" "Mozilla/5.0 (compatible; MJ12bot/v1.4.8; http://mj12bot.com/)"
147.135.214.103 - - [25/Sep/2026:19:59:08 -0700] "GET /vendor/nette/?C=N;O=D HTTP/1.1" 200 1005 "-" "Mozilla/5.0 (compatible; MJ12bot/v1.4.8; http://mj12bot.com/)"
147.135.214.103 - - [25/Sep/2026:19:59:09 -0700] "GET /vendor/nette/?C=S;O=A HTTP/1.1" 200 1005 "-" "Mozilla/5.0 (compatible; MJ12bot/v1.4.8; http://mj12bot.com/)"
147.135.214.103 - - [25/Sep/2026:19:59:11 -0700] "GET /vendor/nikic/?C=D;O=A HTTP/1.1" 200 835 "-" "Mozilla/5.0 (compatible; MJ12bot/v1.4.8; http://mj12bot.com/)"
147.135.214.103 - - [25/Sep/2026:19:59:12 -0700] "GET /vendor/nikic/?C=M;O=A HTTP/1.1" 200 835 "-" "Mozilla/5.0 (compatible; MJ12bot/v1.4.8; http://mj12bot.com/)"
147.135.214.103 - - [25/Sep/2026:19:59:14 -0700] "GET /vendor/nikic/?C=N;O=D HTTP/1.1" 200 835 "-" "Mozilla/5.0 (compatible; MJ12bot/v1.4.8; http://mj12bot.com/)"
147.135.214.103 - - [25/Sep/2026:19:59:16 -0700] "GET /vendor/nikic/?C=S;O=A HTTP/1.1" 200 835 "-" "Mozilla/5.0 (compatible; MJ12bot/v1.4.8; http://mj12bot.com/)"
147.135.214.103 - - [25/Sep/2026:19:59:17 -0700] "GET /vendor/nunomaduro/?C=D;O=A HTTP/1.1" 200 1021 "-" "Mozilla/5.0 (compatible; MJ12bot/v1.4.8; http://mj12bot.com/)"
147.135.214.103 - - [25/Sep/2026:19:59:19 -0700] "GET /vendor/nunomaduro/?C=M;O=A HTTP/1.1" 200 1021 "-" "Mozilla/5.0 (compatible; MJ12bot/v1.4.8; http://mj12bot.com/)"
147.135.214.103 - - [25/Sep/2026:19:59:20 -0700] "GET /vendor/nunomaduro/?C=N;O=D HTTP/1.1" 200 1021 "-" "Mozilla/5.0 (compatible; MJ12bot/v1.4.8; http://mj12bot.com/)"
147.135.214.103 - - [25/Sep/2026:19:59:22 -0700] "GET /vendor/nunomaduro/?C=S;O=A HTTP/1.1" 200 1021 "-" "Mozilla/5.0 (compatible; MJ12bot/v1.4.8; http://mj12bot.com/)"
147.135.214.103 - - [25/Sep/2026:19:59:23 -0700] "GET /vendor/nwidart/?C=D;O=A HTTP/1.1" 200 844 "-" "Mozilla/5.0 (compatible; MJ12bot/v1.4.8; http://mj12bot.com/)"
147.135.214.103 - - [25/Sep/2026:19:59:25 -0700] "GET /vendor/nwidart/?C=M;O=A HTTP/1.1" 200 844 "-" "Mozilla/5.0 (compatible; MJ12bot/v1.4.8; http://mj12bot.com/)"
147.135.214.103 - - [25/Sep/2026:19:59:27 -0700] "GET /vendor/nwidart/?C=N;O=D HTTP/1.1" 200 844 "-" "Mozilla/5.0 (compatible; MJ12bot/v1.4.8; http://mj12bot.com/)"
147.135.214.103 - - [25/Sep/2026:19:59:28 -0700] "GET /vendor/nwidart/?C=S;O=A HTTP/1.1" 200 844 "-" "Mozilla/5.0 (compatible; MJ12bot/v1.4.8; http://mj12bot.com/)"
