216.73.217.2 - - [25/Sep/2026:20:24:14 -0700] "GET /vendor/symfony/css-selector/?C=N&O=D HTTP/1.1" 200 2125 "-" "Mozilla/5.0 AppleWebKit/537.36 (KHTML, like Gecko; compatible; ClaudeBot/1.0; +claudebot@anthropic.com)"
216.73.217.2 - - [25/Sep/2026:20:24:14 -0700] "GET /vendor/nesbot/?C=N&O=A HTTP/1.1" 200 833 "-" "Mozilla/5.0 AppleWebKit/537.36 (KHTML, like Gecko; compatible; ClaudeBot/1.0; +claudebot@anthropic.com)"
216.73.217.2 - - [25/Sep/2026:20:24:14 -0700] "GET /vendor/symfony/css-selector/?C=M&O=A HTTP/1.1" 200 2125 "-" "Mozilla/5.0 AppleWebKit/537.36 (KHTML, like Gecko; compatible; ClaudeBot/1.0; +claudebot@anthropic.com)"
216.73.217.2 - - [25/Sep/2026:20:24:14 -0700] "GET /vendor/symfony/css-selector/?C=D&O=A HTTP/1.1" 200 2125 "-" "Mozilla/5.0 AppleWebKit/537.36 (KHTML, like Gecko; compatible; ClaudeBot/1.0; +claudebot@anthropic.com)"
216.73.217.2 - - [25/Sep/2026:20:24:15 -0700] "GET /vendor/symfony/css-selector/?C=S&O=A HTTP/1.1" 200 2125 "-" "Mozilla/5.0 AppleWebKit/537.36 (KHTML, like Gecko; compatible; ClaudeBot/1.0; +claudebot@anthropic.com)"
216.73.217.2 - - [25/Sep/2026:20:24:15 -0700] "GET /vendor/symfony/console/?C=N&O=D HTTP/1.1" 200 5873 "-" "Mozilla/5.0 AppleWebKit/537.36 (KHTML, like Gecko; compatible; ClaudeBot/1.0; +claudebot@anthropic.com)"
51.75.116.202 - - [25/Sep/2026:20:24:15 -0700] "GET /app/Interfaces/FeatureInterface.php HTTP/1.1" 200 - "-" "Mozilla/5.0 (compatible; MJ12bot/v1.4.8; http://mj12bot.com/)"
216.73.217.2 - - [25/Sep/2026:20:24:15 -0700] "GET /vendor/symfony/console/?C=M&O=A HTTP/1.1" 200 5873 "-" "Mozilla/5.0 AppleWebKit/537.36 (KHTML, like Gecko; compatible; ClaudeBot/1.0; +claudebot@anthropic.com)"
216.73.217.2 - - [25/Sep/2026:20:24:15 -0700] "GET /vendor/symfony/console/?C=D&O=A HTTP/1.1" 200 5873 "-" "Mozilla/5.0 AppleWebKit/537.36 (KHTML, like Gecko; compatible; ClaudeBot/1.0; +claudebot@anthropic.com)"
51.75.116.202 - - [25/Sep/2026:20:24:17 -0700] "GET /app/Interfaces/FlagIconInterface.php HTTP/1.1" 200 - "-" "Mozilla/5.0 (compatible; MJ12bot/v1.4.8; http://mj12bot.com/)"
216.73.217.2 - - [25/Sep/2026:20:24:17 -0700] "GET /storage/framework/sessions/?C=D&O=A HTTP/1.1" 200 17364 "-" "Mozilla/5.0 AppleWebKit/537.36 (KHTML, like Gecko; compatible; ClaudeBot/1.0; +claudebot@anthropic.com)"
216.73.217.2 - - [25/Sep/2026:20:24:17 -0700] "GET /storage/framework/sessions/7B1Mdfa0ymDFpWNfdqoPJc2IAxa4YiCJC2GRX9Cw HTTP/1.1" 200 229 "-" "Mozilla/5.0 AppleWebKit/537.36 (KHTML, like Gecko; compatible; ClaudeBot/1.0; +claudebot@anthropic.com)"
216.73.217.2 - - [25/Sep/2026:20:24:17 -0700] "GET /storage/framework/sessions/cguusw4mE03H61lsgJB2c3ioKcjKBa5sh529Jsuc HTTP/1.1" 200 221 "-" "Mozilla/5.0 AppleWebKit/537.36 (KHTML, like Gecko; compatible; ClaudeBot/1.0; +claudebot@anthropic.com)"
216.73.217.2 - - [25/Sep/2026:20:24:17 -0700] "GET /storage/framework/sessions/?C=S&O=A HTTP/1.1" 200 17364 "-" "Mozilla/5.0 AppleWebKit/537.36 (KHTML, like Gecko; compatible; ClaudeBot/1.0; +claudebot@anthropic.com)"
51.75.116.202 - - [25/Sep/2026:20:24:19 -0700] "GET /app/Interfaces/HeroSectionInterface.php HTTP/1.1" 200 - "-" "Mozilla/5.0 (compatible; MJ12bot/v1.4.8; http://mj12bot.com/)"
51.75.116.202 - - [25/Sep/2026:20:24:21 -0700] "GET /app/Interfaces/HowItWorkInterface.php HTTP/1.1" 200 - "-" "Mozilla/5.0 (compatible; MJ12bot/v1.4.8; http://mj12bot.com/)"
216.73.217.2 - - [25/Sep/2026:20:24:23 -0700] "GET /docker/8.1/?C=N&O=D HTTP/1.1" 200 1197 "-" "Mozilla/5.0 AppleWebKit/537.36 (KHTML, like Gecko; compatible; ClaudeBot/1.0; +claudebot@anthropic.com)"
216.73.217.2 - - [25/Sep/2026:20:24:23 -0700] "GET /app/Models/Locations/?C=D&O=A HTTP/1.1" 200 1747 "-" "Mozilla/5.0 AppleWebKit/537.36 (KHTML, like Gecko; compatible; ClaudeBot/1.0; +claudebot@anthropic.com)"
51.75.116.202 - - [25/Sep/2026:20:24:23 -0700] "GET /app/Interfaces/LanguageInterface.php HTTP/1.1" 200 - "-" "Mozilla/5.0 (compatible; MJ12bot/v1.4.8; http://mj12bot.com/)"
216.73.217.2 - - [25/Sep/2026:20:24:23 -0700] "GET /docker/8.1/?C=M&O=A HTTP/1.1" 200 1197 "-" "Mozilla/5.0 AppleWebKit/537.36 (KHTML, like Gecko; compatible; ClaudeBot/1.0; +claudebot@anthropic.com)"
51.75.116.202 - - [25/Sep/2026:20:24:25 -0700] "GET /app/Interfaces/PartnersInterface.php HTTP/1.1" 200 - "-" "Mozilla/5.0 (compatible; MJ12bot/v1.4.8; http://mj12bot.com/)"
51.75.116.202 - - [25/Sep/2026:20:24:28 -0700] "GET /app/Interfaces/PermissionInterface.php HTTP/1.1" 200 - "-" "Mozilla/5.0 (compatible; MJ12bot/v1.4.8; http://mj12bot.com/)"
216.73.217.2 - - [25/Sep/2026:20:24:28 -0700] "GET /app/Models/Locations/?C=S&O=A HTTP/1.1" 200 1747 "-" "Mozilla/5.0 AppleWebKit/537.36 (KHTML, like Gecko; compatible; ClaudeBot/1.0; +claudebot@anthropic.com)"
216.73.217.2 - - [25/Sep/2026:20:24:33 -0700] "GET /docker/8.1/?C=D&O=A HTTP/1.1" 200 1197 "-" "Mozilla/5.0 AppleWebKit/537.36 (KHTML, like Gecko; compatible; ClaudeBot/1.0; +claudebot@anthropic.com)"
51.75.116.202 - - [25/Sep/2026:20:24:37 -0700] "GET /app/Interfaces/PropertyCategoryInterface.php HTTP/1.1" 200 - "-" "Mozilla/5.0 (compatible; MJ12bot/v1.4.8; http://mj12bot.com/)"
216.73.217.2 - - [25/Sep/2026:20:24:38 -0700] "GET /storage/framework/sessions/?C=N&O=D HTTP/1.1" 200 17364 "-" "Mozilla/5.0 AppleWebKit/537.36 (KHTML, like Gecko; compatible; ClaudeBot/1.0; +claudebot@anthropic.com)"
51.75.116.202 - - [25/Sep/2026:20:24:40 -0700] "GET /app/Interfaces/PropertyFacilityTypeInterface.php HTTP/1.1" 200 - "-" "Mozilla/5.0 (compatible; MJ12bot/v1.4.8; http://mj12bot.com/)"
51.75.116.202 - - [25/Sep/2026:20:24:42 -0700] "GET /app/Interfaces/PropertyInterface.php HTTP/1.1" 200 - "-" "Mozilla/5.0 (compatible; MJ12bot/v1.4.8; http://mj12bot.com/)"
216.73.217.2 - - [25/Sep/2026:20:24:43 -0700] "GET /docker/8.1/?C=S&O=A HTTP/1.1" 200 1197 "-" "Mozilla/5.0 AppleWebKit/537.36 (KHTML, like Gecko; compatible; ClaudeBot/1.0; +claudebot@anthropic.com)"
51.75.116.202 - - [25/Sep/2026:20:24:45 -0700] "GET /app/Interfaces/TenantInterface.php HTTP/1.1" 200 - "-" "Mozilla/5.0 (compatible; MJ12bot/v1.4.8; http://mj12bot.com/)"
51.75.116.202 - - [25/Sep/2026:20:24:47 -0700] "GET /app/Interfaces/TestimonialInterface.php HTTP/1.1" 200 - "-" "Mozilla/5.0 (compatible; MJ12bot/v1.4.8; http://mj12bot.com/)"
216.73.217.2 - - [25/Sep/2026:20:24:48 -0700] "GET /storage/framework/sessions/?C=M&O=A HTTP/1.1" 200 17364 "-" "Mozilla/5.0 AppleWebKit/537.36 (KHTML, like Gecko; compatible; ClaudeBot/1.0; +claudebot@anthropic.com)"
51.75.116.202 - - [25/Sep/2026:20:24:50 -0700] "GET /app/Interfaces/UserInterface.php HTTP/1.1" 200 - "-" "Mozilla/5.0 (compatible; MJ12bot/v1.4.8; http://mj12bot.com/)"
51.75.116.202 - - [25/Sep/2026:20:24:52 -0700] "GET /app/Interfaces/WishlistInterface.php HTTP/1.1" 200 - "-" "Mozilla/5.0 (compatible; MJ12bot/v1.4.8; http://mj12bot.com/)"
216.73.217.2 - - [25/Sep/2026:20:24:53 -0700] "GET /app/Http/Requests/HowItWork/?C=S&O=A HTTP/1.1" 200 1090 "-" "Mozilla/5.0 AppleWebKit/537.36 (KHTML, like Gecko; compatible; ClaudeBot/1.0; +claudebot@anthropic.com)"
216.73.217.2 - - [25/Sep/2026:20:24:53 -0700] "GET /vendor/sebastian/environment/ HTTP/1.1" 200 1406 "-" "Mozilla/5.0 AppleWebKit/537.36 (KHTML, like Gecko; compatible; ClaudeBot/1.0; +claudebot@anthropic.com)"
216.73.217.2 - - [25/Sep/2026:20:24:53 -0700] "GET /vendor/symfony/console/Resources/ HTTP/1.1" 200 1432 "-" "Mozilla/5.0 AppleWebKit/537.36 (KHTML, like Gecko; compatible; ClaudeBot/1.0; +claudebot@anthropic.com)"
51.75.116.202 - - [25/Sep/2026:20:24:55 -0700] "GET /app/Mail/?C=D;O=A HTTP/1.1" 200 1379 "-" "Mozilla/5.0 (compatible; MJ12bot/v1.4.8; http://mj12bot.com/)"
51.75.116.202 - - [25/Sep/2026:20:24:58 -0700] "GET /app/Mail/?C=M;O=A HTTP/1.1" 200 1379 "-" "Mozilla/5.0 (compatible; MJ12bot/v1.4.8; http://mj12bot.com/)"
216.73.217.2 - - [25/Sep/2026:20:24:59 -0700] "GET /storage/framework/sessions/EcHqvo02RGCtdOlkGo9l9egGTzwNF2oKnudUPH9Y HTTP/1.1" 404 - "-" "Mozilla/5.0 AppleWebKit/537.36 (KHTML, like Gecko; compatible; ClaudeBot/1.0; +claudebot@anthropic.com)"
216.73.217.2 - - [25/Sep/2026:20:24:59 -0700] "GET /storage/framework/sessions/4VHiZdi22pHz1uRVAiREWiSpePDpWrVAtygfbvTd HTTP/1.1" 200 228 "-" "Mozilla/5.0 AppleWebKit/537.36 (KHTML, like Gecko; compatible; ClaudeBot/1.0; +claudebot@anthropic.com)"
216.73.217.2 - - [25/Sep/2026:20:24:59 -0700] "GET /storage/framework/sessions/2TJRmC0yYdkhAVatl3zMYG85ocEsiKmXub3MzAhq HTTP/1.1" 200 235 "-" "Mozilla/5.0 AppleWebKit/537.36 (KHTML, like Gecko; compatible; ClaudeBot/1.0; +claudebot@anthropic.com)"
216.73.217.2 - - [25/Sep/2026:20:25:00 -0700] "GET /storage/framework/sessions/9qFNOcEmSnCODGM7x5XASEMu2Elww8Iz1vhkkiYf HTTP/1.1" 200 266 "-" "Mozilla/5.0 AppleWebKit/537.36 (KHTML, like Gecko; compatible; ClaudeBot/1.0; +claudebot@anthropic.com)"
216.73.217.2 - - [25/Sep/2026:20:25:00 -0700] "GET /storage/framework/sessions/VBfJMUA9CjI3ZtSMUcl1dECYDsaYQhE6iQxCEQBC HTTP/1.1" 200 262 "-" "Mozilla/5.0 AppleWebKit/537.36 (KHTML, like Gecko; compatible; ClaudeBot/1.0; +claudebot@anthropic.com)"
216.73.217.2 - - [25/Sep/2026:20:25:00 -0700] "GET /storage/framework/sessions/cCTbKq8dTK8GwYym9j6JyUTUPfi8rvst1NKdv6cO HTTP/1.1" 200 269 "-" "Mozilla/5.0 AppleWebKit/537.36 (KHTML, like Gecko; compatible; ClaudeBot/1.0; +claudebot@anthropic.com)"
216.73.217.2 - - [25/Sep/2026:20:25:01 -0700] "GET /storage/framework/sessions/9NKBwO4BQ94YoYGCF75HbFLXy0AE85pbLDeIcHG4 HTTP/1.1" 200 269 "-" "Mozilla/5.0 AppleWebKit/537.36 (KHTML, like Gecko; compatible; ClaudeBot/1.0; +claudebot@anthropic.com)"
216.73.217.2 - - [25/Sep/2026:20:25:02 -0700] "GET /storage/framework/sessions/QTQwSFaC2kTfgRh1XT4X4CnNy9QEyuFfpzGEbkrR HTTP/1.1" 404 - "-" "Mozilla/5.0 AppleWebKit/537.36 (KHTML, like Gecko; compatible; ClaudeBot/1.0; +claudebot@anthropic.com)"
216.73.217.2 - - [25/Sep/2026:20:25:02 -0700] "GET /storage/framework/sessions/8Cl5d5GQhcNzCx7TogSq1FaADBJL2grhcb3kx5lJ HTTP/1.1" 200 260 "-" "Mozilla/5.0 AppleWebKit/537.36 (KHTML, like Gecko; compatible; ClaudeBot/1.0; +claudebot@anthropic.com)"
216.73.217.2 - - [25/Sep/2026:20:25:02 -0700] "GET /storage/framework/sessions/4EnHXQTXeSxWvIrjV2cFQzY2QMv0VPuNAOpnJFtR HTTP/1.1" 200 253 "-" "Mozilla/5.0 AppleWebKit/537.36 (KHTML, like Gecko; compatible; ClaudeBot/1.0; +claudebot@anthropic.com)"
216.73.217.2 - - [25/Sep/2026:20:25:02 -0700] "GET /storage/framework/sessions/tVvKZAzcIBX7zNJcylQqhnWCEXfF106zCHFH1gXk HTTP/1.1" 200 271 "-" "Mozilla/5.0 AppleWebKit/537.36 (KHTML, like Gecko; compatible; ClaudeBot/1.0; +claudebot@anthropic.com)"
51.75.116.202 - - [25/Sep/2026:20:25:02 -0700] "GET /app/Mail/?C=S;O=A HTTP/1.1" 200 1379 "-" "Mozilla/5.0 (compatible; MJ12bot/v1.4.8; http://mj12bot.com/)"
216.73.217.2 - - [25/Sep/2026:20:25:02 -0700] "GET /storage/framework/sessions/53FpHCylIwxlBVmKCIVRJrnJwqlHwy9ul2tps97X HTTP/1.1" 404 - "-" "Mozilla/5.0 AppleWebKit/537.36 (KHTML, like Gecko; compatible; ClaudeBot/1.0; +claudebot@anthropic.com)"
216.73.217.2 - - [25/Sep/2026:20:25:03 -0700] "GET /storage/framework/sessions/uCwuenSM3LgG9CRtvfXPNGKKR2ZMHQjXH4e677xm HTTP/1.1" 200 271 "-" "Mozilla/5.0 AppleWebKit/537.36 (KHTML, like Gecko; compatible; ClaudeBot/1.0; +claudebot@anthropic.com)"
216.73.217.2 - - [25/Sep/2026:20:25:03 -0700] "GET /storage/framework/sessions/nFFzj17BDhcoXltgNEMHxetVOVkOTOwViX2lggll HTTP/1.1" 200 271 "-" "Mozilla/5.0 AppleWebKit/537.36 (KHTML, like Gecko; compatible; ClaudeBot/1.0; +claudebot@anthropic.com)"
216.73.217.2 - - [25/Sep/2026:20:25:03 -0700] "GET /storage/framework/sessions/EyYaPOFcXCJmE2wFCAqqB2PFx5Z1HHQhYUsU3Qnt HTTP/1.1" 200 252 "-" "Mozilla/5.0 AppleWebKit/537.36 (KHTML, like Gecko; compatible; ClaudeBot/1.0; +claudebot@anthropic.com)"
216.73.217.2 - - [25/Sep/2026:20:25:04 -0700] "GET /storage/framework/sessions/voDvZa2E6RlvTU0iLcOsb8cLa8Dn5bAAqfDaJ09i HTTP/1.1" 200 261 "-" "Mozilla/5.0 AppleWebKit/537.36 (KHTML, like Gecko; compatible; ClaudeBot/1.0; +claudebot@anthropic.com)"
216.73.217.2 - - [25/Sep/2026:20:25:04 -0700] "GET /storage/framework/sessions/z4OFmV0ohBZna1eoZzFn4TGvWyL4vpoAQudMf96l HTTP/1.1" 200 259 "-" "Mozilla/5.0 AppleWebKit/537.36 (KHTML, like Gecko; compatible; ClaudeBot/1.0; +claudebot@anthropic.com)"
216.73.217.2 - - [25/Sep/2026:20:25:04 -0700] "GET /storage/framework/sessions/B5x7v5l8KLBAX978U0VY05WY3KnOwNQ288QExiw3 HTTP/1.1" 200 258 "-" "Mozilla/5.0 AppleWebKit/537.36 (KHTML, like Gecko; compatible; ClaudeBot/1.0; +claudebot@anthropic.com)"
216.73.217.2 - - [25/Sep/2026:20:25:04 -0700] "GET /storage/framework/sessions/OozBKSi2jiGIvu3VQ736V6gffZ0CjYPHa50uIqoP HTTP/1.1" 404 - "-" "Mozilla/5.0 AppleWebKit/537.36 (KHTML, like Gecko; compatible; ClaudeBot/1.0; +claudebot@anthropic.com)"
216.73.217.2 - - [25/Sep/2026:20:25:05 -0700] "GET /storage/framework/sessions/zwXRcL3O8fdVdkljyniUkmB326b7ByvobYCqHXQ1 HTTP/1.1" 200 248 "-" "Mozilla/5.0 AppleWebKit/537.36 (KHTML, like Gecko; compatible; ClaudeBot/1.0; +claudebot@anthropic.com)"
51.75.116.202 - - [25/Sep/2026:20:25:05 -0700] "GET /app/Mail/EmailVerification.php HTTP/1.1" 500 - "-" "Mozilla/5.0 (compatible; MJ12bot/v1.4.8; http://mj12bot.com/)"
216.73.217.2 - - [25/Sep/2026:20:25:05 -0700] "GET /storage/framework/sessions/YT21ddE17mZa7mIqiNO87NqZGoZAiPyoXpo61MMX HTTP/1.1" 200 264 "-" "Mozilla/5.0 AppleWebKit/537.36 (KHTML, like Gecko; compatible; ClaudeBot/1.0; +claudebot@anthropic.com)"
216.73.217.2 - - [25/Sep/2026:20:25:05 -0700] "GET /storage/framework/sessions/QioOmMFMgPqUrS19Ti4kJ2Yiu4WrgHtRf36SGruT HTTP/1.1" 200 271 "-" "Mozilla/5.0 AppleWebKit/537.36 (KHTML, like Gecko; compatible; ClaudeBot/1.0; +claudebot@anthropic.com)"
216.73.217.2 - - [25/Sep/2026:20:25:05 -0700] "GET /storage/framework/sessions/2VNfrJKBw5BCYyC69vTcsyugzs7yg0eeEgSOM2nO HTTP/1.1" 404 - "-" "Mozilla/5.0 AppleWebKit/537.36 (KHTML, like Gecko; compatible; ClaudeBot/1.0; +claudebot@anthropic.com)"
216.73.217.2 - - [25/Sep/2026:20:25:05 -0700] "GET /storage/framework/sessions/Nhi9v8eeDgxn6k50jbN1VHxF3eUfVmYVygzLXdpP HTTP/1.1" 200 255 "-" "Mozilla/5.0 AppleWebKit/537.36 (KHTML, like Gecko; compatible; ClaudeBot/1.0; +claudebot@anthropic.com)"
216.73.217.2 - - [25/Sep/2026:20:25:06 -0700] "GET /storage/framework/sessions/oqfN3XVCW9TTPL4cZdZLnHsx9Z67CHcvm3FSZlsP HTTP/1.1" 404 - "-" "Mozilla/5.0 AppleWebKit/537.36 (KHTML, like Gecko; compatible; ClaudeBot/1.0; +claudebot@anthropic.com)"
216.73.217.2 - - [25/Sep/2026:20:25:06 -0700] "GET /storage/framework/sessions/qRdl4TmGi0y0240FL8fTPdo3Qs4h6EgcSkh4Qgrg HTTP/1.1" 200 227 "-" "Mozilla/5.0 AppleWebKit/537.36 (KHTML, like Gecko; compatible; ClaudeBot/1.0; +claudebot@anthropic.com)"
216.73.217.2 - - [25/Sep/2026:20:25:06 -0700] "GET /storage/framework/sessions/cKeWpKPKDlung2YLoDcBGKTx0BL5r7NkMikniPWO HTTP/1.1" 404 - "-" "Mozilla/5.0 AppleWebKit/537.36 (KHTML, like Gecko; compatible; ClaudeBot/1.0; +claudebot@anthropic.com)"
216.73.217.2 - - [25/Sep/2026:20:25:06 -0700] "GET /storage/framework/sessions/4pjDXRdmSH3OanA2qQXI1VbGN3IU8f9Q5EPvNoE2 HTTP/1.1" 200 268 "-" "Mozilla/5.0 AppleWebKit/537.36 (KHTML, like Gecko; compatible; ClaudeBot/1.0; +claudebot@anthropic.com)"
216.73.217.2 - - [25/Sep/2026:20:25:06 -0700] "GET /storage/framework/sessions/iqirUfAdq1mhClrBaCBOgHtiU1v9s8EGcXwIh6OM HTTP/1.1" 200 253 "-" "Mozilla/5.0 AppleWebKit/537.36 (KHTML, like Gecko; compatible; ClaudeBot/1.0; +claudebot@anthropic.com)"
78.46.215.1 - - [25/Sep/2026:20:25:06 -0700] "HEAD / HTTP/1.1" 200 - "https://livewant.com" "Mozilla/5.0+(compatible; UptimeRobot/2.0; http://www.uptimerobot.com/)"
216.73.217.2 - - [25/Sep/2026:20:25:06 -0700] "GET /storage/framework/sessions/o6qoAsrlC8PYknD5x03dIYybwPcKrDhrLJ9g2Wty HTTP/1.1" 404 - "-" "Mozilla/5.0 AppleWebKit/537.36 (KHTML, like Gecko; compatible; ClaudeBot/1.0; +claudebot@anthropic.com)"
216.73.217.2 - - [25/Sep/2026:20:25:06 -0700] "GET /storage/framework/sessions/A5N1rrejukXkaIQSZ1UwvCqZWLCWgnhlHyMJ0LHO HTTP/1.1" 200 259 "-" "Mozilla/5.0 AppleWebKit/537.36 (KHTML, like Gecko; compatible; ClaudeBot/1.0; +claudebot@anthropic.com)"
216.73.217.2 - - [25/Sep/2026:20:25:07 -0700] "GET /storage/framework/sessions/mxGmdejCzbVkbBBP046ZqkOGt0TmkygXzqu99Q8O HTTP/1.1" 200 262 "-" "Mozilla/5.0 AppleWebKit/537.36 (KHTML, like Gecko; compatible; ClaudeBot/1.0; +claudebot@anthropic.com)"
216.73.217.2 - - [25/Sep/2026:20:25:07 -0700] "GET /storage/framework/sessions/FgkaNfM2eOtL85oNtQCqlxl1jz7xHkdPVJZt19nD HTTP/1.1" 200 270 "-" "Mozilla/5.0 AppleWebKit/537.36 (KHTML, like Gecko; compatible; ClaudeBot/1.0; +claudebot@anthropic.com)"
216.73.217.2 - - [25/Sep/2026:20:25:07 -0700] "GET /storage/framework/sessions/tag10hzgDDwzfytyykHeV6WRTqbDcuIIo6V1B4Vo HTTP/1.1" 404 - "-" "Mozilla/5.0 AppleWebKit/537.36 (KHTML, like Gecko; compatible; ClaudeBot/1.0; +claudebot@anthropic.com)"
216.73.217.2 - - [25/Sep/2026:20:25:07 -0700] "GET /storage/framework/sessions/za7p74Dv3jWQiv0nL1WV9orMvkXF6wJISH7jIKs3 HTTP/1.1" 200 258 "-" "Mozilla/5.0 AppleWebKit/537.36 (KHTML, like Gecko; compatible; ClaudeBot/1.0; +claudebot@anthropic.com)"
216.73.217.2 - - [25/Sep/2026:20:25:07 -0700] "GET /storage/framework/sessions/nPUyJykXjdzuaXcFqPlwpIi46FvRd4HgP8Y2XVHK HTTP/1.1" 200 269 "-" "Mozilla/5.0 AppleWebKit/537.36 (KHTML, like Gecko; compatible; ClaudeBot/1.0; +claudebot@anthropic.com)"
51.75.116.202 - - [25/Sep/2026:20:25:07 -0700] "GET /app/Mail/ResetPassword.php HTTP/1.1" 500 - "-" "Mozilla/5.0 (compatible; MJ12bot/v1.4.8; http://mj12bot.com/)"
216.73.217.2 - - [25/Sep/2026:20:25:07 -0700] "GET /storage/framework/sessions/B1k5l0ELtUKov4dfz1yTCSK2LEkuJYyIxdAL56gs HTTP/1.1" 200 221 "-" "Mozilla/5.0 AppleWebKit/537.36 (KHTML, like Gecko; compatible; ClaudeBot/1.0; +claudebot@anthropic.com)"
51.75.116.202 - - [25/Sep/2026:20:25:10 -0700] "GET /app/Mail/SendEmail.php HTTP/1.1" 500 - "-" "Mozilla/5.0 (compatible; MJ12bot/v1.4.8; http://mj12bot.com/)"
51.75.116.202 - - [25/Sep/2026:20:25:14 -0700] "GET /app/Repositories/AdvertisementRepository.php HTTP/1.1" 500 - "-" "Mozilla/5.0 (compatible; MJ12bot/v1.4.8; http://mj12bot.com/)"
51.75.116.202 - - [25/Sep/2026:20:25:17 -0700] "GET /app/Repositories/BlogCategoriesRepository.php HTTP/1.1" 500 - "-" "Mozilla/5.0 (compatible; MJ12bot/v1.4.8; http://mj12bot.com/)"
51.75.116.202 - - [25/Sep/2026:20:25:20 -0700] "GET /app/Repositories/BlogsRepository.php HTTP/1.1" 500 - "-" "Mozilla/5.0 (compatible; MJ12bot/v1.4.8; http://mj12bot.com/)"
51.75.116.202 - - [25/Sep/2026:20:25:21 -0700] "GET /app/Repositories/BusinessModelRepository.php HTTP/1.1" 500 - "-" "Mozilla/5.0 (compatible; MJ12bot/v1.4.8; http://mj12bot.com/)"
216.73.217.2 - - [25/Sep/2026:20:25:22 -0700] "GET /robots.txt HTTP/1.1" 404 - "-" "Mozilla/5.0 AppleWebKit/537.36 (KHTML, like Gecko; compatible; ClaudeBot/1.0; +claudebot@anthropic.com)"
216.73.217.2 - - [25/Sep/2026:20:25:22 -0700] "GET /storage/framework/sessions/uSK1NreC9PMhEiPFihyVE4KWwXWcrOt1BOhFuLmm HTTP/1.1" 404 - "-" "Mozilla/5.0 AppleWebKit/537.36 (KHTML, like Gecko; compatible; ClaudeBot/1.0; +claudebot@anthropic.com)"
216.73.217.2 - - [25/Sep/2026:20:25:22 -0700] "GET /storage/framework/sessions/L1uQjvvDTEeuV9lijNBR76927vLr6vUMNEsD2I9U HTTP/1.1" 200 261 "-" "Mozilla/5.0 AppleWebKit/537.36 (KHTML, like Gecko; compatible; ClaudeBot/1.0; +claudebot@anthropic.com)"
216.73.217.2 - - [25/Sep/2026:20:25:22 -0700] "GET /storage/framework/sessions/759RJjFncptH9lQkuVHKmvizo5DwKggCiAd4RPKS HTTP/1.1" 200 259 "-" "Mozilla/5.0 AppleWebKit/537.36 (KHTML, like Gecko; compatible; ClaudeBot/1.0; +claudebot@anthropic.com)"
216.73.217.2 - - [25/Sep/2026:20:25:22 -0700] "GET /storage/framework/sessions/px7asVINxognLcEDzO6BgbXGkyxDiVAEYo03G2oO HTTP/1.1" 404 - "-" "Mozilla/5.0 AppleWebKit/537.36 (KHTML, like Gecko; compatible; ClaudeBot/1.0; +claudebot@anthropic.com)"
216.73.217.2 - - [25/Sep/2026:20:25:22 -0700] "GET /storage/framework/sessions/3CQV8w8kLD0ICBZhlGCijB1Rxu71CNrGj4PCbcMg HTTP/1.1" 200 259 "-" "Mozilla/5.0 AppleWebKit/537.36 (KHTML, like Gecko; compatible; ClaudeBot/1.0; +claudebot@anthropic.com)"
216.73.217.2 - - [25/Sep/2026:20:25:22 -0700] "GET /storage/framework/sessions/hhdWH3gTBnwgksZvDz3VjEn5NIiujCX5MvHMhJAG HTTP/1.1" 404 - "-" "Mozilla/5.0 AppleWebKit/537.36 (KHTML, like Gecko; compatible; ClaudeBot/1.0; +claudebot@anthropic.com)"
216.73.217.2 - - [25/Sep/2026:20:25:23 -0700] "GET /storage/framework/sessions/XTaxMwbRBI9kJgSvWQjhADYEFhSrS9d0ppp4Bzjx HTTP/1.1" 200 270 "-" "Mozilla/5.0 AppleWebKit/537.36 (KHTML, like Gecko; compatible; ClaudeBot/1.0; +claudebot@anthropic.com)"
216.73.217.2 - - [25/Sep/2026:20:25:23 -0700] "GET /storage/framework/sessions/WPZC6YLV81zdUxNObRCuviS2zxzCHoLmlQZZtu4U HTTP/1.1" 404 - "-" "Mozilla/5.0 AppleWebKit/537.36 (KHTML, like Gecko; compatible; ClaudeBot/1.0; +claudebot@anthropic.com)"
216.73.217.2 - - [25/Sep/2026:20:25:23 -0700] "GET /storage/framework/sessions/KeM7LDwkptChTQyBgqAxxm4x22174dt5781o0299 HTTP/1.1" 200 265 "-" "Mozilla/5.0 AppleWebKit/537.36 (KHTML, like Gecko; compatible; ClaudeBot/1.0; +claudebot@anthropic.com)"
216.73.217.2 - - [25/Sep/2026:20:25:23 -0700] "GET /storage/framework/sessions/NdQphLEEi27l6q4xX8LXQxCnvg5nZp9OyE6rDGzI HTTP/1.1" 200 261 "-" "Mozilla/5.0 AppleWebKit/537.36 (KHTML, like Gecko; compatible; ClaudeBot/1.0; +claudebot@anthropic.com)"
216.73.217.2 - - [25/Sep/2026:20:25:23 -0700] "GET /storage/framework/sessions/9Zl1nnyEEpwEknI5BRyEnOLq25Kir74hCqG3XiV1 HTTP/1.1" 404 - "-" "Mozilla/5.0 AppleWebKit/537.36 (KHTML, like Gecko; compatible; ClaudeBot/1.0; +claudebot@anthropic.com)"
216.73.217.2 - - [25/Sep/2026:20:25:23 -0700] "GET /storage/framework/sessions/VSeOqUJyfRUwRN68rk483GQrH7tj0b2PgdGOih8h HTTP/1.1" 200 259 "-" "Mozilla/5.0 AppleWebKit/537.36 (KHTML, like Gecko; compatible; ClaudeBot/1.0; +claudebot@anthropic.com)"
51.75.116.202 - - [25/Sep/2026:20:25:24 -0700] "GET /app/Repositories/CartRepository.php HTTP/1.1" 500 - "-" "Mozilla/5.0 (compatible; MJ12bot/v1.4.8; http://mj12bot.com/)"
51.75.116.202 - - [25/Sep/2026:20:25:26 -0700] "GET /app/Repositories/CategoryRepository.php HTTP/1.1" 500 - "-" "Mozilla/5.0 (compatible; MJ12bot/v1.4.8; http://mj12bot.com/)"
51.75.116.202 - - [25/Sep/2026:20:25:29 -0700] "GET /app/Repositories/CountryRepository.php HTTP/1.1" 500 - "-" "Mozilla/5.0 (compatible; MJ12bot/v1.4.8; http://mj12bot.com/)"
20.106.185.213 - - [25/Sep/2026:20:25:30 -0700] "GET /.env HTTP/1.1" 200 1107 "-" "Mozilla/5.0 (Windows NT 10.0; Win64; x64) AppleWebKit/537.36 (KHTML, like Gecko) Chrome/120.0.0.0 Safari/537.36"
51.75.116.202 - - [25/Sep/2026:20:25:31 -0700] "GET /app/Repositories/PermissionRepository.php HTTP/1.1" 500 - "-" "Mozilla/5.0 (compatible; MJ12bot/v1.4.8; http://mj12bot.com/)"
51.75.116.202 - - [25/Sep/2026:20:25:35 -0700] "GET /database/migrations/2019_12_14_000001_create_personal_access_tokens_table.php HTTP/1.1" 500 - "-" "Mozilla/5.0 (compatible; MJ12bot/v1.4.8; http://mj12bot.com/)"
51.75.116.202 - - [25/Sep/2026:20:25:37 -0700] "GET /database/migrations/2023_02_20_082032_create_bank_accounts_table.php HTTP/1.1" 500 - "-" "Mozilla/5.0 (compatible; MJ12bot/v1.4.8; http://mj12bot.com/)"
216.73.217.2 - - [25/Sep/2026:20:25:42 -0700] "GET /robots.txt HTTP/1.1" 404 - "-" "Mozilla/5.0 AppleWebKit/537.36 (KHTML, like Gecko; compatible; ClaudeBot/1.0; +claudebot@anthropic.com)"
216.73.217.2 - - [25/Sep/2026:20:25:42 -0700] "GET /vendor/symfony/mime/MimeTypesInterface.php HTTP/1.1" 500 - "-" "Mozilla/5.0 AppleWebKit/537.36 (KHTML, like Gecko; compatible; ClaudeBot/1.0; +claudebot@anthropic.com)"
216.73.217.2 - - [25/Sep/2026:20:25:42 -0700] "GET /vendor/symfony/mime/Message.php HTTP/1.1" 500 - "-" "Mozilla/5.0 AppleWebKit/537.36 (KHTML, like Gecko; compatible; ClaudeBot/1.0; +claudebot@anthropic.com)"
216.73.217.2 - - [25/Sep/2026:20:25:43 -0700] "GET /vendor/symfony/mime/BodyRendererInterface.php HTTP/1.1" 200 - "-" "Mozilla/5.0 AppleWebKit/537.36 (KHTML, like Gecko; compatible; ClaudeBot/1.0; +claudebot@anthropic.com)"
216.73.217.2 - - [25/Sep/2026:20:25:43 -0700] "GET /vendor/symfony/mime/CharacterStream.php HTTP/1.1" 200 - "-" "Mozilla/5.0 AppleWebKit/537.36 (KHTML, like Gecko; compatible; ClaudeBot/1.0; +claudebot@anthropic.com)"
216.73.217.2 - - [25/Sep/2026:20:25:58 -0700] "GET /vendor/symfony/mime/DraftEmail.php HTTP/1.1" 500 - "-" "Mozilla/5.0 AppleWebKit/537.36 (KHTML, like Gecko; compatible; ClaudeBot/1.0; +claudebot@anthropic.com)"
216.73.217.2 - - [25/Sep/2026:20:25:58 -0700] "GET /vendor/symfony/mime/Email.php HTTP/1.1" 500 - "-" "Mozilla/5.0 AppleWebKit/537.36 (KHTML, like Gecko; compatible; ClaudeBot/1.0; +claudebot@anthropic.com)"
216.73.217.2 - - [25/Sep/2026:20:25:58 -0700] "GET /vendor/symfony/mime/Address.php HTTP/1.1" 200 - "-" "Mozilla/5.0 AppleWebKit/537.36 (KHTML, like Gecko; compatible; ClaudeBot/1.0; +claudebot@anthropic.com)"
216.73.217.2 - - [25/Sep/2026:20:25:58 -0700] "GET /vendor/symfony/mime/RawMessage.php HTTP/1.1" 200 - "-" "Mozilla/5.0 AppleWebKit/537.36 (KHTML, like Gecko; compatible; ClaudeBot/1.0; +claudebot@anthropic.com)"
216.73.217.2 - - [25/Sep/2026:20:26:03 -0700] "GET /vendor/symfony/routing/RequestContext.php HTTP/1.1" 200 - "-" "Mozilla/5.0 AppleWebKit/537.36 (KHTML, like Gecko; compatible; ClaudeBot/1.0; +claudebot@anthropic.com)"
216.73.217.2 - - [25/Sep/2026:20:26:03 -0700] "GET /vendor/symfony/mime/MimeTypes.php HTTP/1.1" 500 - "-" "Mozilla/5.0 AppleWebKit/537.36 (KHTML, like Gecko; compatible; ClaudeBot/1.0; +claudebot@anthropic.com)"
216.73.217.2 - - [25/Sep/2026:20:26:03 -0700] "GET /vendor/symfony/mime/Encoder/ HTTP/1.1" 200 3194 "-" "Mozilla/5.0 AppleWebKit/537.36 (KHTML, like Gecko; compatible; ClaudeBot/1.0; +claudebot@anthropic.com)"
216.73.217.2 - - [25/Sep/2026:20:26:03 -0700] "GET /vendor/symfony/polyfill-php72/ HTTP/1.1" 200 1412 "-" "Mozilla/5.0 AppleWebKit/537.36 (KHTML, like Gecko; compatible; ClaudeBot/1.0; +claudebot@anthropic.com)"
78.46.215.1 - - [25/Sep/2026:20:26:05 -0700] "HEAD / HTTP/1.1" 200 - "https://www.livewant.com" "Mozilla/5.0+(compatible; UptimeRobot/2.0; http://www.uptimerobot.com/)"
216.73.217.2 - - [25/Sep/2026:20:26:08 -0700] "GET /vendor/symfony/polyfill-php83/ HTTP/1.1" 200 1412 "-" "Mozilla/5.0 AppleWebKit/537.36 (KHTML, like Gecko; compatible; ClaudeBot/1.0; +claudebot@anthropic.com)"
216.73.217.2 - - [25/Sep/2026:20:26:08 -0700] "GET /vendor/symfony/http-foundation/ HTTP/1.1" 200 6748 "-" "Mozilla/5.0 AppleWebKit/537.36 (KHTML, like Gecko; compatible; ClaudeBot/1.0; +claudebot@anthropic.com)"
216.73.217.2 - - [25/Sep/2026:20:26:08 -0700] "GET /admin.php?ynzmini=%2Fhome%2Flivewant%2Fpublic_html%2F..%2F.. HTTP/1.1" 200 6527 "-" "Mozilla/5.0 AppleWebKit/537.36 (KHTML, like Gecko; compatible; ClaudeBot/1.0; +claudebot@anthropic.com)"
216.73.217.2 - - [25/Sep/2026:20:26:08 -0700] "GET /vendor/symfony/polyfill-mbstring/ HTTP/1.1" 200 1782 "-" "Mozilla/5.0 AppleWebKit/537.36 (KHTML, like Gecko; compatible; ClaudeBot/1.0; +claudebot@anthropic.com)"
88.99.80.227 - - [25/Sep/2026:20:26:09 -0700] "HEAD / HTTP/1.1" 200 - "https://www.livewant.com" "Mozilla/5.0+(compatible; UptimeRobot/2.0; http://www.uptimerobot.com/)"
216.73.217.2 - - [25/Sep/2026:20:26:25 -0700] "GET /vendor/symfony/mime/FileBinaryMimeTypeGuesser.php HTTP/1.1" 500 - "-" "Mozilla/5.0 AppleWebKit/537.36 (KHTML, like Gecko; compatible; ClaudeBot/1.0; +claudebot@anthropic.com)"
216.73.217.2 - - [25/Sep/2026:20:26:25 -0700] "GET /vendor/symfony/mime/MimeTypeGuesserInterface.php HTTP/1.1" 200 - "-" "Mozilla/5.0 AppleWebKit/537.36 (KHTML, like Gecko; compatible; ClaudeBot/1.0; +claudebot@anthropic.com)"
216.73.217.2 - - [25/Sep/2026:20:26:25 -0700] "GET /vendor/symfony/mime/MessageConverter.php HTTP/1.1" 200 - "-" "Mozilla/5.0 AppleWebKit/537.36 (KHTML, like Gecko; compatible; ClaudeBot/1.0; +claudebot@anthropic.com)"
216.73.217.2 - - [25/Sep/2026:20:26:25 -0700] "GET /vendor/symfony/yaml/Yaml.php HTTP/1.1" 200 - "-" "Mozilla/5.0 AppleWebKit/537.36 (KHTML, like Gecko; compatible; ClaudeBot/1.0; +claudebot@anthropic.com)"
216.73.217.2 - - [25/Sep/2026:20:26:34 -0700] "GET /database/?C=M&O=D HTTP/1.1" 200 1712 "-" "Mozilla/5.0 AppleWebKit/537.36 (KHTML, like Gecko; compatible; ClaudeBot/1.0; +claudebot@anthropic.com)"
216.73.217.2 - - [25/Sep/2026:20:26:34 -0700] "GET /vendor/symfony/mime/FileinfoMimeTypeGuesser.php HTTP/1.1" 500 - "-" "Mozilla/5.0 AppleWebKit/537.36 (KHTML, like Gecko; compatible; ClaudeBot/1.0; +claudebot@anthropic.com)"
216.73.217.2 - - [25/Sep/2026:20:26:34 -0700] "GET /database/?C=D&O=D HTTP/1.1" 200 1712 "-" "Mozilla/5.0 AppleWebKit/537.36 (KHTML, like Gecko; compatible; ClaudeBot/1.0; +claudebot@anthropic.com)"
216.73.217.2 - - [25/Sep/2026:20:26:34 -0700] "GET /vendor/symfony/yaml/Dumper.php HTTP/1.1" 200 - "-" "Mozilla/5.0 AppleWebKit/537.36 (KHTML, like Gecko; compatible; ClaudeBot/1.0; +claudebot@anthropic.com)"
216.73.217.2 - - [25/Sep/2026:20:27:03 -0700] "GET /app/View/Components/?C=S&O=D HTTP/1.1" 200 1049 "-" "Mozilla/5.0 AppleWebKit/537.36 (KHTML, like Gecko; compatible; ClaudeBot/1.0; +claudebot@anthropic.com)"
216.73.217.2 - - [25/Sep/2026:20:27:03 -0700] "GET /vendor/symfony/mime/Header/ HTTP/1.1" 200 2563 "-" "Mozilla/5.0 AppleWebKit/537.36 (KHTML, like Gecko; compatible; ClaudeBot/1.0; +claudebot@anthropic.com)"
216.73.217.2 - - [25/Sep/2026:20:27:03 -0700] "GET /vendor/symfony/routing/Loader/ HTTP/1.1" 200 3329 "-" "Mozilla/5.0 AppleWebKit/537.36 (KHTML, like Gecko; compatible; ClaudeBot/1.0; +claudebot@anthropic.com)"
216.73.217.2 - - [25/Sep/2026:20:27:03 -0700] "GET /vendor/symfony/mime/Part/ HTTP/1.1" 200 2151 "-" "Mozilla/5.0 AppleWebKit/537.36 (KHTML, like Gecko; compatible; ClaudeBot/1.0; +claudebot@anthropic.com)"
216.73.217.2 - - [25/Sep/2026:20:27:04 -0700] "GET /vendor/symfony/mime/Test/ HTTP/1.1" 200 872 "-" "Mozilla/5.0 AppleWebKit/537.36 (KHTML, like Gecko; compatible; ClaudeBot/1.0; +claudebot@anthropic.com)"
216.73.217.2 - - [25/Sep/2026:20:27:04 -0700] "GET /database/?C=N&O=D HTTP/1.1" 200 1712 "-" "Mozilla/5.0 AppleWebKit/537.36 (KHTML, like Gecko; compatible; ClaudeBot/1.0; +claudebot@anthropic.com)"
216.73.217.2 - - [25/Sep/2026:20:27:05 -0700] "GET /vendor/symfony/mime/DependencyInjection/ HTTP/1.1" 200 920 "-" "Mozilla/5.0 AppleWebKit/537.36 (KHTML, like Gecko; compatible; ClaudeBot/1.0; +claudebot@anthropic.com)"
216.73.217.2 - - [25/Sep/2026:20:27:04 -0700] "GET /admin.php?file=%2Fhome%2Flivewant%2Fpublic_html%2F..%2F.bashrc HTTP/1.1" 200 6617 "-" "Mozilla/5.0 AppleWebKit/537.36 (KHTML, like Gecko; compatible; ClaudeBot/1.0; +claudebot@anthropic.com)"
216.73.217.2 - - [25/Sep/2026:20:27:29 -0700] "GET /vendor/symfony/mime/Exception/ HTTP/1.1" 200 1861 "-" "Mozilla/5.0 AppleWebKit/537.36 (KHTML, like Gecko; compatible; ClaudeBot/1.0; +claudebot@anthropic.com)"
216.73.217.2 - - [25/Sep/2026:20:27:29 -0700] "GET /vendor/symfony/mime/HtmlToTextConverter/ HTTP/1.1" 200 1331 "-" "Mozilla/5.0 AppleWebKit/537.36 (KHTML, like Gecko; compatible; ClaudeBot/1.0; +claudebot@anthropic.com)"
216.73.217.2 - - [25/Sep/2026:20:27:29 -0700] "GET /vendor/symfony/mime/composer.json HTTP/1.1" 200 1469 "-" "Mozilla/5.0 AppleWebKit/537.36 (KHTML, like Gecko; compatible; ClaudeBot/1.0; +claudebot@anthropic.com)"
216.73.217.2 - - [25/Sep/2026:20:27:38 -0700] "GET /storage/framework/cache/data/?C=M&O=D HTTP/1.1" 200 1218 "-" "Mozilla/5.0 AppleWebKit/537.36 (KHTML, like Gecko; compatible; ClaudeBot/1.0; +claudebot@anthropic.com)"
216.73.217.2 - - [25/Sep/2026:20:27:38 -0700] "GET /storage/framework/cache/data/?C=D&O=D HTTP/1.1" 200 1218 "-" "Mozilla/5.0 AppleWebKit/537.36 (KHTML, like Gecko; compatible; ClaudeBot/1.0; +claudebot@anthropic.com)"
216.73.217.2 - - [25/Sep/2026:20:27:38 -0700] "GET /vendor/symfony/mime/Crypto/ HTTP/1.1" 200 1608 "-" "Mozilla/5.0 AppleWebKit/537.36 (KHTML, like Gecko; compatible; ClaudeBot/1.0; +claudebot@anthropic.com)"
185.222.241.78 - - [25/Sep/2026:20:27:52 -0700] "GET /storage/landing-page/2023-08-31-64ef2e92e8b41.png HTTP/1.1" 404 - "-" "Mozilla/5.0 (Macintosh; Intel Mac OS X 10_15_7) AppleWebKit/537.36 (KHTML, like Gecko) Chrome/124.0.0.0 Safari/537.36"
216.73.217.2 - - [25/Sep/2026:20:28:11 -0700] "GET /storage/framework/cache/data/?C=S&O=D HTTP/1.1" 200 1218 "-" "Mozilla/5.0 AppleWebKit/537.36 (KHTML, like Gecko; compatible; ClaudeBot/1.0; +claudebot@anthropic.com)"
216.73.217.2 - - [25/Sep/2026:20:28:11 -0700] "GET /storage/framework/cache/data/?C=N&O=A HTTP/1.1" 200 1218 "-" "Mozilla/5.0 AppleWebKit/537.36 (KHTML, like Gecko; compatible; ClaudeBot/1.0; +claudebot@anthropic.com)"
216.73.217.2 - - [25/Sep/2026:20:28:12 -0700] "GET /vendor/symfony/mime/Resources/ HTTP/1.1" 200 875 "-" "Mozilla/5.0 AppleWebKit/537.36 (KHTML, like Gecko; compatible; ClaudeBot/1.0; +claudebot@anthropic.com)"
216.73.217.2 - - [25/Sep/2026:20:28:38 -0700] "GET /vendor/symfony/mime/CHANGELOG.md HTTP/1.1" 200 935 "-" "Mozilla/5.0 AppleWebKit/537.36 (KHTML, like Gecko; compatible; ClaudeBot/1.0; +claudebot@anthropic.com)"
216.73.217.2 - - [25/Sep/2026:20:28:38 -0700] "GET /vendor/symfony/mime/LICENSE HTTP/1.1" 200 1068 "-" "Mozilla/5.0 AppleWebKit/537.36 (KHTML, like Gecko; compatible; ClaudeBot/1.0; +claudebot@anthropic.com)"
216.73.217.2 - - [25/Sep/2026:20:28:38 -0700] "GET /vendor/symfony/mime/?C=N&O=D HTTP/1.1" 200 5256 "-" "Mozilla/5.0 AppleWebKit/537.36 (KHTML, like Gecko; compatible; ClaudeBot/1.0; +claudebot@anthropic.com)"
216.73.217.2 - - [25/Sep/2026:20:28:50 -0700] "GET /vendor/symfony/mime/?C=M&O=A HTTP/1.1" 200 5256 "-" "Mozilla/5.0 AppleWebKit/537.36 (KHTML, like Gecko; compatible; ClaudeBot/1.0; +claudebot@anthropic.com)"
216.73.217.2 - - [25/Sep/2026:20:28:50 -0700] "GET /vendor/symfony/mime/?C=S&O=A HTTP/1.1" 200 5256 "-" "Mozilla/5.0 AppleWebKit/537.36 (KHTML, like Gecko; compatible; ClaudeBot/1.0; +claudebot@anthropic.com)"
216.73.217.2 - - [25/Sep/2026:20:28:50 -0700] "GET /vendor/symfony/mime/?C=D&O=A HTTP/1.1" 200 5256 "-" "Mozilla/5.0 AppleWebKit/537.36 (KHTML, like Gecko; compatible; ClaudeBot/1.0; +claudebot@anthropic.com)"
216.73.217.2 - - [25/Sep/2026:20:28:58 -0700] "GET /vendor/symfony/http-kernel/Attribute/MapQueryParameter.php HTTP/1.1" 500 - "-" "Mozilla/5.0 AppleWebKit/537.36 (KHTML, like Gecko; compatible; ClaudeBot/1.0; +claudebot@anthropic.com)"
216.73.217.2 - - [25/Sep/2026:20:28:58 -0700] "GET /vendor/symfony/http-kernel/Attribute/MapQueryString.php HTTP/1.1" 500 - "-" "Mozilla/5.0 AppleWebKit/537.36 (KHTML, like Gecko; compatible; ClaudeBot/1.0; +claudebot@anthropic.com)"
216.73.217.2 - - [25/Sep/2026:20:28:58 -0700] "GET /vendor/symfony/process/Process.php HTTP/1.1" 200 - "-" "Mozilla/5.0 AppleWebKit/537.36 (KHTML, like Gecko; compatible; ClaudeBot/1.0; +claudebot@anthropic.com)"
216.73.217.2 - - [25/Sep/2026:20:28:58 -0700] "GET /vendor/symfony/process/ExecutableFinder.php HTTP/1.1" 200 - "-" "Mozilla/5.0 AppleWebKit/537.36 (KHTML, like Gecko; compatible; ClaudeBot/1.0; +claudebot@anthropic.com)"
170.106.163.84 - - [25/Sep/2026:20:28:58 -0700] "GET /artisan HTTP/1.1" 200 1686 "-" "Mozilla/5.0 (iPhone; CPU iPhone OS 13_2_3 like Mac OS X) AppleWebKit/605.1.15 (KHTML, like Gecko) Version/13.0.3 Mobile/15E148 Safari/604.1"
216.73.217.2 - - [25/Sep/2026:20:28:58 -0700] "GET /vendor/symfony/process/InputStream.php HTTP/1.1" 200 - "-" "Mozilla/5.0 AppleWebKit/537.36 (KHTML, like Gecko; compatible; ClaudeBot/1.0; +claudebot@anthropic.com)"
216.73.217.2 - - [25/Sep/2026:20:28:58 -0700] "GET /vendor/symfony/process/ProcessUtils.php HTTP/1.1" 200 - "-" "Mozilla/5.0 AppleWebKit/537.36 (KHTML, like Gecko; compatible; ClaudeBot/1.0; +claudebot@anthropic.com)"
216.73.217.2 - - [25/Sep/2026:20:28:58 -0700] "GET /vendor/symfony/http-kernel/Attribute/Cache.php HTTP/1.1" 200 - "-" "Mozilla/5.0 AppleWebKit/537.36 (KHTML, like Gecko; compatible; ClaudeBot/1.0; +claudebot@anthropic.com)"
216.73.217.2 - - [25/Sep/2026:20:28:59 -0700] "GET /vendor/symfony/process/PhpProcess.php HTTP/1.1" 500 - "-" "Mozilla/5.0 AppleWebKit/537.36 (KHTML, like Gecko; compatible; ClaudeBot/1.0; +claudebot@anthropic.com)"
216.73.217.2 - - [25/Sep/2026:20:28:59 -0700] "GET /vendor/symfony/http-kernel/Attribute/WithLogLevel.php HTTP/1.1" 200 - "-" "Mozilla/5.0 AppleWebKit/537.36 (KHTML, like Gecko; compatible; ClaudeBot/1.0; +claudebot@anthropic.com)"
216.73.217.2 - - [25/Sep/2026:20:28:59 -0700] "GET /vendor/symfony/http-kernel/Attribute/WithHttpStatus.php HTTP/1.1" 200 - "-" "Mozilla/5.0 AppleWebKit/537.36 (KHTML, like Gecko; compatible; ClaudeBot/1.0; +claudebot@anthropic.com)"
216.73.217.2 - - [25/Sep/2026:20:28:59 -0700] "GET /vendor/symfony/http-kernel/Attribute/MapDateTime.php HTTP/1.1" 500 - "-" "Mozilla/5.0 AppleWebKit/537.36 (KHTML, like Gecko; compatible; ClaudeBot/1.0; +claudebot@anthropic.com)"
216.73.217.2 - - [25/Sep/2026:20:28:59 -0700] "GET /vendor/symfony/http-kernel/Bundle/BundleInterface.php HTTP/1.1" 500 - "-" "Mozilla/5.0 AppleWebKit/537.36 (KHTML, like Gecko; compatible; ClaudeBot/1.0; +claudebot@anthropic.com)"
216.73.217.2 - - [25/Sep/2026:20:28:59 -0700] "GET /vendor/symfony/http-kernel/Attribute/MapRequestPayload.php HTTP/1.1" 500 - "-" "Mozilla/5.0 AppleWebKit/537.36 (KHTML, like Gecko; compatible; ClaudeBot/1.0; +claudebot@anthropic.com)"
216.73.217.2 - - [25/Sep/2026:20:29:00 -0700] "GET /vendor/symfony/http-kernel/Attribute/AsController.php HTTP/1.1" 200 - "-" "Mozilla/5.0 AppleWebKit/537.36 (KHTML, like Gecko; compatible; ClaudeBot/1.0; +claudebot@anthropic.com)"
216.73.217.2 - - [25/Sep/2026:20:29:16 -0700] "GET /vendor/symfony/http-kernel/Bundle/AbstractBundle.php HTTP/1.1" 500 - "-" "Mozilla/5.0 AppleWebKit/537.36 (KHTML, like Gecko; compatible; ClaudeBot/1.0; +claudebot@anthropic.com)"
216.73.217.2 - - [25/Sep/2026:20:29:16 -0700] "GET /vendor/symfony/http-kernel/Attribute/ValueResolver.php HTTP/1.1" 200 - "-" "Mozilla/5.0 AppleWebKit/537.36 (KHTML, like Gecko; compatible; ClaudeBot/1.0; +claudebot@anthropic.com)"
216.73.217.2 - - [25/Sep/2026:20:29:16 -0700] "GET /vendor/symfony/process/PhpExecutableFinder.php HTTP/1.1" 200 - "-" "Mozilla/5.0 AppleWebKit/537.36 (KHTML, like Gecko; compatible; ClaudeBot/1.0; +claudebot@anthropic.com)"
216.73.217.2 - - [25/Sep/2026:20:29:16 -0700] "GET /vendor/symfony/http-kernel/CacheClearer/CacheClearerInterface.php HTTP/1.1" 200 - "-" "Mozilla/5.0 AppleWebKit/537.36 (KHTML, like Gecko; compatible; ClaudeBot/1.0; +claudebot@anthropic.com)"
216.73.217.2 - - [25/Sep/2026:20:29:16 -0700] "GET /vendor/symfony/http-kernel/Bundle/Bundle.php HTTP/1.1" 500 - "-" "Mozilla/5.0 AppleWebKit/537.36 (KHTML, like Gecko; compatible; ClaudeBot/1.0; +claudebot@anthropic.com)"
216.73.217.2 - - [25/Sep/2026:20:29:17 -0700] "GET /vendor/symfony/http-kernel/Bundle/BundleExtension.php HTTP/1.1" 500 - "-" "Mozilla/5.0 AppleWebKit/537.36 (KHTML, like Gecko; compatible; ClaudeBot/1.0; +claudebot@anthropic.com)"
216.73.217.2 - - [25/Sep/2026:20:29:17 -0700] "GET /vendor/sebastian/diff/src/ HTTP/1.1" 200 2590 "-" "Mozilla/5.0 AppleWebKit/537.36 (KHTML, like Gecko; compatible; ClaudeBot/1.0; +claudebot@anthropic.com)"
216.73.217.2 - - [25/Sep/2026:20:29:22 -0700] "GET /vendor/sebastian/code-unit/src/ HTTP/1.1" 200 2936 "-" "Mozilla/5.0 AppleWebKit/537.36 (KHTML, like Gecko; compatible; ClaudeBot/1.0; +claudebot@anthropic.com)"
216.73.217.2 - - [25/Sep/2026:20:29:27 -0700] "GET /vendor/symfony/http-kernel/CacheClearer/ChainCacheClearer.php HTTP/1.1" 500 - "-" "Mozilla/5.0 AppleWebKit/537.36 (KHTML, like Gecko; compatible; ClaudeBot/1.0; +claudebot@anthropic.com)"
216.73.217.2 - - [25/Sep/2026:20:29:31 -0700] "GET /vendor/sebastian/code-unit/composer.json HTTP/1.1" 200 1180 "-" "Mozilla/5.0 AppleWebKit/537.36 (KHTML, like Gecko; compatible; ClaudeBot/1.0; +claudebot@anthropic.com)"
216.73.217.2 - - [25/Sep/2026:20:29:36 -0700] "GET /vendor/sebastian/code-unit/ChangeLog.md HTTP/1.1" 200 2034 "-" "Mozilla/5.0 AppleWebKit/537.36 (KHTML, like Gecko; compatible; ClaudeBot/1.0; +claudebot@anthropic.com)"
216.73.217.2 - - [25/Sep/2026:20:29:41 -0700] "GET /vendor/symfony/routing/Matcher/RedirectableUrlMatcher.php HTTP/1.1" 500 - "-" "Mozilla/5.0 AppleWebKit/537.36 (KHTML, like Gecko; compatible; ClaudeBot/1.0; +claudebot@anthropic.com)"
216.73.217.2 - - [25/Sep/2026:20:29:50 -0700] "GET /vendor/sebastian/cli-parser/src/ HTTP/1.1" 200 1072 "-" "Mozilla/5.0 AppleWebKit/537.36 (KHTML, like Gecko; compatible; ClaudeBot/1.0; +claudebot@anthropic.com)"
114.119.156.134 - - [25/Sep/2026:20:29:50 -0700] "GET /index.php/en/142?set_country=88328 HTTP/1.1" 404 16 "https://livewant.com/index.php/en/142?set_country=88328" "Mozilla/5.0 (Linux; Android 7.0;) AppleWebKit/537.36 (HTML, like Gecko) Mobile Safari/537.36 (compatible; PetalBot;+https://webmaster.petalsearch.com/site/petalbot)"
216.73.217.2 - - [25/Sep/2026:20:29:55 -0700] "GET /vendor/symfony/http-kernel/Attribute/AsTargetedValueResolver.php HTTP/1.1" 200 - "-" "Mozilla/5.0 AppleWebKit/537.36 (KHTML, like Gecko; compatible; ClaudeBot/1.0; +claudebot@anthropic.com)"
216.73.217.2 - - [25/Sep/2026:20:30:00 -0700] "GET /vendor/symfony/process/Exception/ HTTP/1.1" 200 2070 "-" "Mozilla/5.0 AppleWebKit/537.36 (KHTML, like Gecko; compatible; ClaudeBot/1.0; +claudebot@anthropic.com)"
216.73.217.2 - - [25/Sep/2026:20:30:05 -0700] "GET /vendor/symfony/routing/Matcher/ExpressionLanguageProvider.php HTTP/1.1" 500 - "-" "Mozilla/5.0 AppleWebKit/537.36 (KHTML, like Gecko; compatible; ClaudeBot/1.0; +claudebot@anthropic.com)"
51.81.170.4 - - [25/Sep/2026:20:30:08 -0700] "GET /properties HTTP/1.1" 404 - "-" "Mozilla/5.0 (compatible; AhrefsBot/7.0; +http://ahrefs.com/robot/)"
216.73.217.2 - - [25/Sep/2026:20:30:10 -0700] "GET /vendor/symfony/routing/Matcher/RequestMatcherInterface.php HTTP/1.1" 200 - "-" "Mozilla/5.0 AppleWebKit/537.36 (KHTML, like Gecko; compatible; ClaudeBot/1.0; +claudebot@anthropic.com)"
168.119.96.239 - - [25/Sep/2026:20:30:12 -0700] "HEAD / HTTP/1.1" 200 - "https://livewant.com" "Mozilla/5.0+(compatible; UptimeRobot/2.0; http://www.uptimerobot.com/)"
216.73.217.2 - - [25/Sep/2026:20:30:15 -0700] "GET /admin.php?file=%2Fhome%2Flivewant%2Fpublic_html%2F..%2F.gemrc HTTP/1.1" 200 6582 "-" "Mozilla/5.0 AppleWebKit/537.36 (KHTML, like Gecko; compatible; ClaudeBot/1.0; +claudebot@anthropic.com)"
216.73.217.2 - - [25/Sep/2026:20:30:20 -0700] "GET /admin.php?ynzmini=%2Fhome%2Flivewant%2Fpublic_html%2F..%2F.local HTTP/1.1" 200 7063 "-" "Mozilla/5.0 AppleWebKit/537.36 (KHTML, like Gecko; compatible; ClaudeBot/1.0; +claudebot@anthropic.com)"
216.73.217.2 - - [25/Sep/2026:20:30:25 -0700] "GET /admin.php?ynzmini=%2Fhome%2Flivewant%2Fpublic_html%2F..%2F.pm2 HTTP/1.1" 200 8091 "-" "Mozilla/5.0 AppleWebKit/537.36 (KHTML, like Gecko; compatible; ClaudeBot/1.0; +claudebot@anthropic.com)"
216.73.217.2 - - [25/Sep/2026:20:30:29 -0700] "GET /vendor/sebastian/code-unit/LICENSE HTTP/1.1" 200 1549 "-" "Mozilla/5.0 AppleWebKit/537.36 (KHTML, like Gecko; compatible; ClaudeBot/1.0; +claudebot@anthropic.com)"
216.73.217.2 - - [25/Sep/2026:20:30:36 -0700] "GET /admin.php?file=%2Fhome%2Flivewant%2Fpublic_html%2F..%2F.cphorde%2Fhorde.sqlite HTTP/1.1" 200 1625850 "-" "Mozilla/5.0 AppleWebKit/537.36 (KHTML, like Gecko; compatible; ClaudeBot/1.0; +claudebot@anthropic.com)"
216.73.217.2 - - [25/Sep/2026:20:30:41 -0700] "GET /admin.php?file=%2Fhome%2Flivewant%2Fpublic_html%2F..%2F.dns HTTP/1.1" 200 6379 "-" "Mozilla/5.0 AppleWebKit/537.36 (KHTML, like Gecko; compatible; ClaudeBot/1.0; +claudebot@anthropic.com)"
216.73.217.2 - - [25/Sep/2026:20:30:46 -0700] "GET /admin.php?ynzmini=%2Fhome%2Flivewant%2Fpublic_html%2F..%2Fadmin.livewant.com HTTP/1.1" 200 9463 "-" "Mozilla/5.0 AppleWebKit/537.36 (KHTML, like Gecko; compatible; ClaudeBot/1.0; +claudebot@anthropic.com)"
216.73.217.2 - - [25/Sep/2026:20:30:51 -0700] "GET /vendor/symfony/routing/Requirement/ HTTP/1.1" 200 1086 "-" "Mozilla/5.0 AppleWebKit/537.36 (KHTML, like Gecko; compatible; ClaudeBot/1.0; +claudebot@anthropic.com)"
216.73.217.2 - - [25/Sep/2026:20:30:56 -0700] "GET /admin.php?ynzmini=%2Fhome%2Flivewant%2Fpublic_html%2F..%2Fpublic_html HTTP/1.1" 200 14119 "-" "Mozilla/5.0 AppleWebKit/537.36 (KHTML, like Gecko; compatible; ClaudeBot/1.0; +claudebot@anthropic.com)"
216.73.217.2 - - [25/Sep/2026:20:31:01 -0700] "GET /admin.php?file=%2Fhome%2Flivewant%2Fpublic_html%2F..%2Fssl%2Fssl.db HTTP/1.1" 200 37959 "-" "Mozilla/5.0 AppleWebKit/537.36 (KHTML, like Gecko; compatible; ClaudeBot/1.0; +claudebot@anthropic.com)"
216.73.217.2 - - [25/Sep/2026:20:31:06 -0700] "GET /admin.php?ynzmini=%2Fhome%2Flivewant%2Fpublic_html%2F..%2Fssl%2F HTTP/1.1" 200 7736 "-" "Mozilla/5.0 AppleWebKit/537.36 (KHTML, like Gecko; compatible; ClaudeBot/1.0; +claudebot@anthropic.com)"
24.247.58.21 - - [25/Sep/2026:20:31:11 -0700] "GET /new HTTP/1.1" 301 273 "https://mail3.spectrum.net/" "Mozilla/5.0 (Windows NT 10.0; Win64; x64) AppleWebKit/537.36 (KHTML, like Gecko) Chrome/153.0.0.0 Safari/537.36 Edg/153.0.0.0"
49.13.130.29 - - [25/Sep/2026:20:31:11 -0700] "HEAD / HTTP/1.1" 200 - "https://www.livewant.com" "Mozilla/5.0+(compatible; UptimeRobot/2.0; http://www.uptimerobot.com/)"
24.247.58.21 - - [25/Sep/2026:20:31:11 -0700] "GET /new/ HTTP/1.1" 200 190 "https://mail3.spectrum.net/" "Mozilla/5.0 (Windows NT 10.0; Win64; x64) AppleWebKit/537.36 (KHTML, like Gecko) Chrome/153.0.0.0 Safari/537.36 Edg/153.0.0.0"
216.73.217.2 - - [25/Sep/2026:20:31:11 -0700] "GET /admin.php?ynzmini=%2Fhome%2Flivewant%2Fpublic_html%2F..%2F.trash HTTP/1.1" 200 7618 "-" "Mozilla/5.0 AppleWebKit/537.36 (KHTML, like Gecko; compatible; ClaudeBot/1.0; +claudebot@anthropic.com)"
24.247.58.21 - - [25/Sep/2026:20:31:11 -0700] "GET /favicon.ico HTTP/1.1" 200 15406 "https://livewant.com/new/" "Mozilla/5.0 (Windows NT 10.0; Win64; x64) AppleWebKit/537.36 (KHTML, like Gecko) Chrome/153.0.0.0 Safari/537.36 Edg/153.0.0.0"
78.47.98.55 - - [25/Sep/2026:20:31:14 -0700] "HEAD / HTTP/1.1" 200 - "https://www.livewant.com" "Mozilla/5.0+(compatible; UptimeRobot/2.0; http://www.uptimerobot.com/)"
216.73.217.2 - - [25/Sep/2026:20:31:16 -0700] "GET /admin.php?ynzmini=%2Fhome%2Flivewant%2Fpublic_html%2F..%2Fssl%2F. HTTP/1.1" 200 7841 "-" "Mozilla/5.0 AppleWebKit/537.36 (KHTML, like Gecko; compatible; ClaudeBot/1.0; +claudebot@anthropic.com)"
216.73.217.2 - - [25/Sep/2026:20:31:21 -0700] "GET /admin.php?ynzmini=%2Fhome%2Flivewant%2Fpublic_html%2F..%2F.wp-toolkit HTTP/1.1" 200 6919 "-" "Mozilla/5.0 AppleWebKit/537.36 (KHTML, like Gecko; compatible; ClaudeBot/1.0; +claudebot@anthropic.com)"
216.73.217.2 - - [25/Sep/2026:20:31:26 -0700] "GET /vendor/symfony/http-kernel/Bundle/?C=S&O=A HTTP/1.1" 200 1456 "-" "Mozilla/5.0 AppleWebKit/537.36 (KHTML, like Gecko; compatible; ClaudeBot/1.0; +claudebot@anthropic.com)"
216.73.217.2 - - [25/Sep/2026:20:31:31 -0700] "GET /vendor/symfony/http-kernel/Attribute/?C=N&O=D HTTP/1.1" 200 2585 "-" "Mozilla/5.0 AppleWebKit/537.36 (KHTML, like Gecko; compatible; ClaudeBot/1.0; +claudebot@anthropic.com)"
216.73.217.2 - - [25/Sep/2026:20:31:36 -0700] "GET /vendor/symfony/http-kernel/Attribute/?C=M&O=A HTTP/1.1" 200 2585 "-" "Mozilla/5.0 AppleWebKit/537.36 (KHTML, like Gecko; compatible; ClaudeBot/1.0; +claudebot@anthropic.com)"
216.73.217.2 - - [25/Sep/2026:20:31:40 -0700] "GET /vendor/phenx/?C=M&O=A HTTP/1.1" 200 1017 "-" "Mozilla/5.0 AppleWebKit/537.36 (KHTML, like Gecko; compatible; ClaudeBot/1.0; +claudebot@anthropic.com)"
216.73.217.2 - - [25/Sep/2026:20:31:44 -0700] "GET /admin.php?ynzmini=%2Fhome%2Flivewant%2Fpublic_html%2F..%2F.softaculous HTTP/1.1" 200 7829 "-" "Mozilla/5.0 AppleWebKit/537.36 (KHTML, like Gecko; compatible; ClaudeBot/1.0; +claudebot@anthropic.com)"
216.73.217.2 - - [25/Sep/2026:20:31:48 -0700] "GET /vendor/symfony/http-kernel/Attribute/?C=D&O=A HTTP/1.1" 200 2585 "-" "Mozilla/5.0 AppleWebKit/537.36 (KHTML, like Gecko; compatible; ClaudeBot/1.0; +claudebot@anthropic.com)"
216.73.217.2 - - [25/Sep/2026:20:31:52 -0700] "GET /vendor/symfony/http-kernel/Attribute/?C=S&O=A HTTP/1.1" 200 2585 "-" "Mozilla/5.0 AppleWebKit/537.36 (KHTML, like Gecko; compatible; ClaudeBot/1.0; +claudebot@anthropic.com)"
216.73.217.2 - - [25/Sep/2026:20:31:57 -0700] "GET /vendor/symfony/yaml/Resources/ HTTP/1.1" 200 875 "-" "Mozilla/5.0 AppleWebKit/537.36 (KHTML, like Gecko; compatible; ClaudeBot/1.0; +claudebot@anthropic.com)"
216.73.217.2 - - [25/Sep/2026:20:32:02 -0700] "GET /vendor/sebastian/code-unit/?C=N&O=D HTTP/1.1" 200 1402 "-" "Mozilla/5.0 AppleWebKit/537.36 (KHTML, like Gecko; compatible; ClaudeBot/1.0; +claudebot@anthropic.com)"
216.73.217.2 - - [25/Sep/2026:20:32:07 -0700] "GET /vendor/sebastian/code-unit/?C=M&O=A HTTP/1.1" 200 1402 "-" "Mozilla/5.0 AppleWebKit/537.36 (KHTML, like Gecko; compatible; ClaudeBot/1.0; +claudebot@anthropic.com)"
216.73.217.2 - - [25/Sep/2026:20:32:12 -0700] "GET /vendor/sebastian/code-unit/?C=D&O=A HTTP/1.1" 200 1402 "-" "Mozilla/5.0 AppleWebKit/537.36 (KHTML, like Gecko; compatible; ClaudeBot/1.0; +claudebot@anthropic.com)"
216.73.217.2 - - [25/Sep/2026:20:32:17 -0700] "GET /vendor/sebastian/code-unit/?C=S&O=A HTTP/1.1" 200 1402 "-" "Mozilla/5.0 AppleWebKit/537.36 (KHTML, like Gecko; compatible; ClaudeBot/1.0; +claudebot@anthropic.com)"
216.73.217.2 - - [25/Sep/2026:20:32:22 -0700] "GET /vendor/sebastian/cli-parser/?C=N&O=D HTTP/1.1" 200 1586 "-" "Mozilla/5.0 AppleWebKit/537.36 (KHTML, like Gecko; compatible; ClaudeBot/1.0; +claudebot@anthropic.com)"
216.73.217.2 - - [25/Sep/2026:20:32:27 -0700] "GET /vendor/sebastian/cli-parser/?C=M&O=A HTTP/1.1" 200 1586 "-" "Mozilla/5.0 AppleWebKit/537.36 (KHTML, like Gecko; compatible; ClaudeBot/1.0; +claudebot@anthropic.com)"
216.73.217.2 - - [25/Sep/2026:20:32:32 -0700] "GET /vendor/sebastian/cli-parser/?C=D&O=A HTTP/1.1" 200 1586 "-" "Mozilla/5.0 AppleWebKit/537.36 (KHTML, like Gecko; compatible; ClaudeBot/1.0; +claudebot@anthropic.com)"
216.73.217.2 - - [25/Sep/2026:20:32:38 -0700] "GET /vendor/sebastian/version/?C=D&O=A HTTP/1.1" 200 1398 "-" "Mozilla/5.0 AppleWebKit/537.36 (KHTML, like Gecko; compatible; ClaudeBot/1.0; +claudebot@anthropic.com)"
216.73.217.2 - - [25/Sep/2026:20:32:45 -0700] "GET /vendor/phenx/?C=D&O=A HTTP/1.1" 200 1017 "-" "Mozilla/5.0 AppleWebKit/537.36 (KHTML, like Gecko; compatible; ClaudeBot/1.0; +claudebot@anthropic.com)"
