216.73.217.2 - - [25/Sep/2026:20:19:22 -0700] "GET /vendor/psr/simple-cache/composer.json HTTP/1.1" 200 553 "-" "Mozilla/5.0 AppleWebKit/537.36 (KHTML, like Gecko; compatible; ClaudeBot/1.0; +claudebot@anthropic.com)"
216.73.217.2 - - [25/Sep/2026:20:19:27 -0700] "GET /app/Http/Controllers/Auth/?C=S&O=D HTTP/1.1" 200 1867 "-" "Mozilla/5.0 AppleWebKit/537.36 (KHTML, like Gecko; compatible; ClaudeBot/1.0; +claudebot@anthropic.com)"
216.73.217.2 - - [25/Sep/2026:20:19:32 -0700] "GET /vendor/symfony/http-kernel/Resources/ HTTP/1.1" 200 908 "-" "Mozilla/5.0 AppleWebKit/537.36 (KHTML, like Gecko; compatible; ClaudeBot/1.0; +claudebot@anthropic.com)"
216.73.217.2 - - [25/Sep/2026:20:19:37 -0700] "GET /vendor/symfony/css-selector/Node/ HTTP/1.1" 200 2927 "-" "Mozilla/5.0 AppleWebKit/537.36 (KHTML, like Gecko; compatible; ClaudeBot/1.0; +claudebot@anthropic.com)"
216.73.217.2 - - [25/Sep/2026:20:19:42 -0700] "GET /vendor/symfony/css-selector/Exception/ HTTP/1.1" 200 1694 "-" "Mozilla/5.0 AppleWebKit/537.36 (KHTML, like Gecko; compatible; ClaudeBot/1.0; +claudebot@anthropic.com)"
216.73.217.2 - - [25/Sep/2026:20:19:47 -0700] "GET /vendor/sebastian/complexity/ HTTP/1.1" 200 1404 "-" "Mozilla/5.0 AppleWebKit/537.36 (KHTML, like Gecko; compatible; ClaudeBot/1.0; +claudebot@anthropic.com)"
51.81.169.204 - - [25/Sep/2026:20:19:51 -0700] "GET /property-feature/central-cooling HTTP/1.1" 404 - "-" "Mozilla/5.0 (compatible; AhrefsBot/7.0; +http://ahrefs.com/robot/)"
216.73.217.2 - - [25/Sep/2026:20:19:52 -0700] "GET /vendor/sebastian/recursion-context/composer.json HTTP/1.1" 200 1014 "-" "Mozilla/5.0 AppleWebKit/537.36 (KHTML, like Gecko; compatible; ClaudeBot/1.0; +claudebot@anthropic.com)"
216.73.217.2 - - [25/Sep/2026:20:19:58 -0700] "GET /vendor/fakerphp/faker/CHANGELOG.md HTTP/1.1" 200 8058 "-" "Mozilla/5.0 AppleWebKit/537.36 (KHTML, like Gecko; compatible; ClaudeBot/1.0; +claudebot@anthropic.com)"
88.99.80.227 - - [25/Sep/2026:20:20:00 -0700] "HEAD / HTTP/1.1" 200 - "https://livewant.com" "Mozilla/5.0+(compatible; UptimeRobot/2.0; http://www.uptimerobot.com/)"
216.73.217.2 - - [25/Sep/2026:20:20:02 -0700] "GET /vendor/symfony/string/CHANGELOG.md HTTP/1.1" 200 890 "-" "Mozilla/5.0 AppleWebKit/537.36 (KHTML, like Gecko; compatible; ClaudeBot/1.0; +claudebot@anthropic.com)"
216.73.217.2 - - [25/Sep/2026:20:20:06 -0700] "GET /vendor/sebastian/object-enumerator/composer.json HTTP/1.1" 200 1025 "-" "Mozilla/5.0 AppleWebKit/537.36 (KHTML, like Gecko; compatible; ClaudeBot/1.0; +claudebot@anthropic.com)"
216.73.217.2 - - [25/Sep/2026:20:20:11 -0700] "GET /vendor/sebastian/object-enumerator/ChangeLog.md HTTP/1.1" 200 2354 "-" "Mozilla/5.0 AppleWebKit/537.36 (KHTML, like Gecko; compatible; ClaudeBot/1.0; +claudebot@anthropic.com)"
216.73.217.2 - - [25/Sep/2026:20:20:15 -0700] "GET /vendor/symfony/http-kernel/DependencyInjection/?C=M&O=A HTTP/1.1" 200 3339 "-" "Mozilla/5.0 AppleWebKit/537.36 (KHTML, like Gecko; compatible; ClaudeBot/1.0; +claudebot@anthropic.com)"
216.73.217.2 - - [25/Sep/2026:20:20:19 -0700] "GET /vendor/symfony/http-kernel/DependencyInjection/?C=N&O=D HTTP/1.1" 200 3339 "-" "Mozilla/5.0 AppleWebKit/537.36 (KHTML, like Gecko; compatible; ClaudeBot/1.0; +claudebot@anthropic.com)"
216.73.217.2 - - [25/Sep/2026:20:20:24 -0700] "GET /vendor/symfony/error-handler/Resources/?C=N&O=D HTTP/1.1" 200 1251 "-" "Mozilla/5.0 AppleWebKit/537.36 (KHTML, like Gecko; compatible; ClaudeBot/1.0; +claudebot@anthropic.com)"
216.73.217.2 - - [25/Sep/2026:20:20:30 -0700] "GET /vendor/symfony/http-kernel/DependencyInjection/?C=D&O=A HTTP/1.1" 200 3339 "-" "Mozilla/5.0 AppleWebKit/537.36 (KHTML, like Gecko; compatible; ClaudeBot/1.0; +claudebot@anthropic.com)"
216.73.217.2 - - [25/Sep/2026:20:20:35 -0700] "GET /vendor/symfony/http-kernel/DependencyInjection/?C=S&O=A HTTP/1.1" 200 3339 "-" "Mozilla/5.0 AppleWebKit/537.36 (KHTML, like Gecko; compatible; ClaudeBot/1.0; +claudebot@anthropic.com)"
185.191.171.15 - - [25/Sep/2026:20:20:37 -0700] "GET /robots.txt HTTP/1.1" 404 - "-" "Mozilla/5.0 (compatible; SemrushBot/7~bl; +http://www.semrush.com/bot.html)"
185.191.171.10 - - [25/Sep/2026:20:20:37 -0700] "GET /property/2/details/product.php HTTP/1.1" 404 - "-" "Mozilla/5.0 (compatible; SemrushBot/7~bl; +http://www.semrush.com/bot.html)"
216.73.217.2 - - [25/Sep/2026:20:20:40 -0700] "GET /vendor/fakerphp/faker/?C=N&O=D HTTP/1.1" 200 1763 "-" "Mozilla/5.0 AppleWebKit/537.36 (KHTML, like Gecko; compatible; ClaudeBot/1.0; +claudebot@anthropic.com)"
216.73.217.2 - - [25/Sep/2026:20:20:45 -0700] "GET /vendor/fakerphp/faker/?C=M&O=A HTTP/1.1" 200 1763 "-" "Mozilla/5.0 AppleWebKit/537.36 (KHTML, like Gecko; compatible; ClaudeBot/1.0; +claudebot@anthropic.com)"
216.73.217.2 - - [25/Sep/2026:20:20:50 -0700] "GET /vendor/psr/simple-cache/LICENSE.md HTTP/1.1" 200 1137 "-" "Mozilla/5.0 AppleWebKit/537.36 (KHTML, like Gecko; compatible; ClaudeBot/1.0; +claudebot@anthropic.com)"
216.73.217.2 - - [25/Sep/2026:20:20:55 -0700] "GET /vendor/fakerphp/faker/?C=D&O=A HTTP/1.1" 200 1763 "-" "Mozilla/5.0 AppleWebKit/537.36 (KHTML, like Gecko; compatible; ClaudeBot/1.0; +claudebot@anthropic.com)"
71.89.94.148 - - [25/Sep/2026:20:20:58 -0700] "GET /new/ HTTP/1.1" 200 190 "https://mail3.spectrum.net/" "Mozilla/5.0 (Linux; Android 10; K) AppleWebKit/537.36 (KHTML, like Gecko) Chrome/153.0.0.0 Mobile Safari/537.36"
49.13.134.145 - - [25/Sep/2026:20:20:59 -0700] "HEAD / HTTP/1.1" 200 - "https://www.livewant.com" "Mozilla/5.0+(compatible; UptimeRobot/2.0; http://www.uptimerobot.com/)"
216.73.217.2 - - [25/Sep/2026:20:21:00 -0700] "GET /vendor/fakerphp/faker/?C=S&O=A HTTP/1.1" 200 1763 "-" "Mozilla/5.0 AppleWebKit/537.36 (KHTML, like Gecko; compatible; ClaudeBot/1.0; +claudebot@anthropic.com)"
49.13.134.145 - - [25/Sep/2026:20:21:03 -0700] "HEAD / HTTP/1.1" 200 - "https://www.livewant.com" "Mozilla/5.0+(compatible; UptimeRobot/2.0; http://www.uptimerobot.com/)"
216.73.217.2 - - [25/Sep/2026:20:21:06 -0700] "GET /vendor/symfony/css-selector/XPath/?C=D&O=A HTTP/1.1" 200 1451 "-" "Mozilla/5.0 AppleWebKit/537.36 (KHTML, like Gecko; compatible; ClaudeBot/1.0; +claudebot@anthropic.com)"
216.73.217.2 - - [25/Sep/2026:20:21:11 -0700] "GET /vendor/symfony/css-selector/XPath/?C=S&O=A HTTP/1.1" 200 1451 "-" "Mozilla/5.0 AppleWebKit/537.36 (KHTML, like Gecko; compatible; ClaudeBot/1.0; +claudebot@anthropic.com)"
216.73.217.2 - - [25/Sep/2026:20:21:15 -0700] "GET /vendor/sebastian/recursion-context/?C=M&O=A HTTP/1.1" 200 1418 "-" "Mozilla/5.0 AppleWebKit/537.36 (KHTML, like Gecko; compatible; ClaudeBot/1.0; +claudebot@anthropic.com)"
216.73.217.2 - - [25/Sep/2026:20:21:20 -0700] "GET /vendor/psr/simple-cache/?C=M&O=A HTTP/1.1" 200 1213 "-" "Mozilla/5.0 AppleWebKit/537.36 (KHTML, like Gecko; compatible; ClaudeBot/1.0; +claudebot@anthropic.com)"
216.73.217.2 - - [25/Sep/2026:20:21:27 -0700] "GET /vendor/symfony/console/SingleCommandApplication.php HTTP/1.1" 500 - "-" "Mozilla/5.0 AppleWebKit/537.36 (KHTML, like Gecko; compatible; ClaudeBot/1.0; +claudebot@anthropic.com)"
5.9.120.8 - - [25/Sep/2026:20:21:29 -0700] "GET /robots.txt HTTP/1.1" 404 - "-" "Mozilla/5.0 (compatible; SERankingBacklinksBot/1.0; +https://seranking.com/backlinks-crawler)"
5.9.120.8 - - [25/Sep/2026:20:21:30 -0700] "GET /public/order-tracking HTTP/1.1" 200 93822 "-" "Mozilla/5.0 (compatible; SERankingBacklinksBot/1.0; +https://seranking.com/backlinks-crawler)"
51.75.116.202 - - [25/Sep/2026:20:21:30 -0700] "GET /robots.txt HTTP/1.1" 404 - "-" "Mozilla/5.0 (compatible; MJ12bot/v1.4.8; http://mj12bot.com/)"
216.73.217.2 - - [25/Sep/2026:20:21:32 -0700] "GET /vendor/symfony/console/Color.php HTTP/1.1" 200 - "-" "Mozilla/5.0 AppleWebKit/537.36 (KHTML, like Gecko; compatible; ClaudeBot/1.0; +claudebot@anthropic.com)"
5.9.120.8 - - [25/Sep/2026:20:21:33 -0700] "GET /public/category/office HTTP/1.1" 200 136217 "-" "Mozilla/5.0 (compatible; SERankingBacklinksBot/1.0; +https://seranking.com/backlinks-crawler)"
216.73.217.2 - - [25/Sep/2026:20:21:37 -0700] "GET /vendor/symfony/console/ConsoleEvents.php HTTP/1.1" 200 - "-" "Mozilla/5.0 AppleWebKit/537.36 (KHTML, like Gecko; compatible; ClaudeBot/1.0; +claudebot@anthropic.com)"
5.9.120.8 - - [25/Sep/2026:20:21:37 -0700] "GET /public/customer/refund HTTP/1.1" 302 370 "-" "Mozilla/5.0 (compatible; SERankingBacklinksBot/1.0; +https://seranking.com/backlinks-crawler)"
5.9.120.8 - - [25/Sep/2026:20:21:38 -0700] "GET /public/customer/refund HTTP/1.1" 302 370 "-" "Mozilla/5.0 (compatible; SERankingBacklinksBot/1.0; +https://seranking.com/backlinks-crawler)"
5.9.120.8 - - [25/Sep/2026:20:21:40 -0700] "GET /public HTTP/1.1" 301 280 "-" "Mozilla/5.0 (compatible; SERankingBacklinksBot/1.0; +https://seranking.com/backlinks-crawler)"
5.9.120.8 - - [25/Sep/2026:20:21:41 -0700] "GET /public/ HTTP/1.1" 200 161985 "-" "Mozilla/5.0 (compatible; SERankingBacklinksBot/1.0; +https://seranking.com/backlinks-crawler)"
216.73.217.2 - - [25/Sep/2026:20:21:42 -0700] "GET /vendor/symfony/console/Application.php HTTP/1.1" 500 - "-" "Mozilla/5.0 AppleWebKit/537.36 (KHTML, like Gecko; compatible; ClaudeBot/1.0; +claudebot@anthropic.com)"
5.9.120.8 - - [25/Sep/2026:20:21:45 -0700] "GET /public/customer/payment HTTP/1.1" 302 370 "-" "Mozilla/5.0 (compatible; SERankingBacklinksBot/1.0; +https://seranking.com/backlinks-crawler)"
5.9.120.8 - - [25/Sep/2026:20:21:46 -0700] "GET /public/customer/payment HTTP/1.1" 302 370 "-" "Mozilla/5.0 (compatible; SERankingBacklinksBot/1.0; +https://seranking.com/backlinks-crawler)"
216.73.217.2 - - [25/Sep/2026:20:21:47 -0700] "GET /vendor/symfony/routing/RouteCompilerInterface.php HTTP/1.1" 200 - "-" "Mozilla/5.0 AppleWebKit/537.36 (KHTML, like Gecko; compatible; ClaudeBot/1.0; +claudebot@anthropic.com)"
5.9.120.8 - - [25/Sep/2026:20:21:47 -0700] "GET /public HTTP/1.1" 301 280 "-" "Mozilla/5.0 (compatible; SERankingBacklinksBot/1.0; +https://seranking.com/backlinks-crawler)"
5.9.120.8 - - [25/Sep/2026:20:21:48 -0700] "GET /public/ HTTP/1.1" 200 161972 "-" "Mozilla/5.0 (compatible; SERankingBacklinksBot/1.0; +https://seranking.com/backlinks-crawler)"
216.73.217.2 - - [25/Sep/2026:20:21:52 -0700] "GET /vendor/symfony/console/CommandLoader/ HTTP/1.1" 200 1309 "-" "Mozilla/5.0 AppleWebKit/537.36 (KHTML, like Gecko; compatible; ClaudeBot/1.0; +claudebot@anthropic.com)"
5.9.120.8 - - [25/Sep/2026:20:21:52 -0700] "GET /public/customer/profile HTTP/1.1" 302 370 "-" "Mozilla/5.0 (compatible; SERankingBacklinksBot/1.0; +https://seranking.com/backlinks-crawler)"
5.9.120.8 - - [25/Sep/2026:20:21:53 -0700] "GET /public/customer/profile HTTP/1.1" 302 370 "-" "Mozilla/5.0 (compatible; SERankingBacklinksBot/1.0; +https://seranking.com/backlinks-crawler)"
5.9.120.8 - - [25/Sep/2026:20:21:55 -0700] "GET /public HTTP/1.1" 301 280 "-" "Mozilla/5.0 (compatible; SERankingBacklinksBot/1.0; +https://seranking.com/backlinks-crawler)"
5.9.120.8 - - [25/Sep/2026:20:21:56 -0700] "GET /public/ HTTP/1.1" 200 161947 "-" "Mozilla/5.0 (compatible; SERankingBacklinksBot/1.0; +https://seranking.com/backlinks-crawler)"
216.73.217.2 - - [25/Sep/2026:20:21:57 -0700] "GET /vendor/symfony/routing/CompiledRoute.php HTTP/1.1" 200 - "-" "Mozilla/5.0 AppleWebKit/537.36 (KHTML, like Gecko; compatible; ClaudeBot/1.0; +claudebot@anthropic.com)"
5.9.120.8 - - [25/Sep/2026:20:22:00 -0700] "GET /public/category/building HTTP/1.1" 200 136219 "-" "Mozilla/5.0 (compatible; SERankingBacklinksBot/1.0; +https://seranking.com/backlinks-crawler)"
216.73.217.2 - - [25/Sep/2026:20:22:02 -0700] "GET /vendor/symfony/console/Terminal.php HTTP/1.1" 200 - "-" "Mozilla/5.0 AppleWebKit/537.36 (KHTML, like Gecko; compatible; ClaudeBot/1.0; +claudebot@anthropic.com)"
5.9.120.8 - - [25/Sep/2026:20:22:03 -0700] "GET /public/category/apartment HTTP/1.1" 200 136220 "-" "Mozilla/5.0 (compatible; SERankingBacklinksBot/1.0; +https://seranking.com/backlinks-crawler)"
216.73.217.2 - - [25/Sep/2026:20:22:07 -0700] "GET /vendor/symfony/routing/RouterInterface.php HTTP/1.1" 500 - "-" "Mozilla/5.0 AppleWebKit/537.36 (KHTML, like Gecko; compatible; ClaudeBot/1.0; +claudebot@anthropic.com)"
5.9.120.8 - - [25/Sep/2026:20:22:07 -0700] "GET /public/customer/my-orders HTTP/1.1" 302 370 "-" "Mozilla/5.0 (compatible; SERankingBacklinksBot/1.0; +https://seranking.com/backlinks-crawler)"
5.9.120.8 - - [25/Sep/2026:20:22:08 -0700] "GET /public/customer/my-orders HTTP/1.1" 302 370 "-" "Mozilla/5.0 (compatible; SERankingBacklinksBot/1.0; +https://seranking.com/backlinks-crawler)"
5.9.120.8 - - [25/Sep/2026:20:22:09 -0700] "GET /public HTTP/1.1" 301 280 "-" "Mozilla/5.0 (compatible; SERankingBacklinksBot/1.0; +https://seranking.com/backlinks-crawler)"
5.9.120.8 - - [25/Sep/2026:20:22:10 -0700] "GET /public/ HTTP/1.1" 200 161927 "-" "Mozilla/5.0 (compatible; SERankingBacklinksBot/1.0; +https://seranking.com/backlinks-crawler)"
216.73.217.2 - - [25/Sep/2026:20:22:12 -0700] "GET /vendor/symfony/routing/RouteCollection.php HTTP/1.1" 200 - "-" "Mozilla/5.0 AppleWebKit/537.36 (KHTML, like Gecko; compatible; ClaudeBot/1.0; +claudebot@anthropic.com)"
5.9.120.8 - - [25/Sep/2026:20:22:14 -0700] "GET /public/customer/my-wishlist HTTP/1.1" 302 370 "-" "Mozilla/5.0 (compatible; SERankingBacklinksBot/1.0; +https://seranking.com/backlinks-crawler)"
5.9.120.8 - - [25/Sep/2026:20:22:15 -0700] "GET /public/customer/my-wishlist HTTP/1.1" 302 370 "-" "Mozilla/5.0 (compatible; SERankingBacklinksBot/1.0; +https://seranking.com/backlinks-crawler)"
5.9.120.8 - - [25/Sep/2026:20:22:17 -0700] "GET /public HTTP/1.1" 301 280 "-" "Mozilla/5.0 (compatible; SERankingBacklinksBot/1.0; +https://seranking.com/backlinks-crawler)"
216.73.217.2 - - [25/Sep/2026:20:22:17 -0700] "GET /app/Models/Locations/Union.php HTTP/1.1" 500 - "-" "Mozilla/5.0 AppleWebKit/537.36 (KHTML, like Gecko; compatible; ClaudeBot/1.0; +claudebot@anthropic.com)"
5.9.120.8 - - [25/Sep/2026:20:22:18 -0700] "GET /public/ HTTP/1.1" 200 161973 "-" "Mozilla/5.0 (compatible; SERankingBacklinksBot/1.0; +https://seranking.com/backlinks-crawler)"
216.73.217.2 - - [25/Sep/2026:20:22:22 -0700] "GET /app/Models/Locations/Division.php HTTP/1.1" 500 - "-" "Mozilla/5.0 AppleWebKit/537.36 (KHTML, like Gecko; compatible; ClaudeBot/1.0; +claudebot@anthropic.com)"
5.9.120.8 - - [25/Sep/2026:20:22:22 -0700] "GET /public/index.php/compare.php HTTP/1.1" 200 88557 "-" "Mozilla/5.0 (compatible; SERankingBacklinksBot/1.0; +https://seranking.com/backlinks-crawler)"
5.9.120.8 - - [25/Sep/2026:20:22:26 -0700] "GET /public/customer/refund-details HTTP/1.1" 302 370 "-" "Mozilla/5.0 (compatible; SERankingBacklinksBot/1.0; +https://seranking.com/backlinks-crawler)"
216.73.217.2 - - [25/Sep/2026:20:22:27 -0700] "GET /app/Models/Locations/Country.php HTTP/1.1" 500 - "-" "Mozilla/5.0 AppleWebKit/537.36 (KHTML, like Gecko; compatible; ClaudeBot/1.0; +claudebot@anthropic.com)"
5.9.120.8 - - [25/Sep/2026:20:22:27 -0700] "GET /public/customer/refund-details HTTP/1.1" 302 370 "-" "Mozilla/5.0 (compatible; SERankingBacklinksBot/1.0; +https://seranking.com/backlinks-crawler)"
5.9.120.8 - - [25/Sep/2026:20:22:28 -0700] "GET /public HTTP/1.1" 301 280 "-" "Mozilla/5.0 (compatible; SERankingBacklinksBot/1.0; +https://seranking.com/backlinks-crawler)"
5.9.120.8 - - [25/Sep/2026:20:22:29 -0700] "GET /public/ HTTP/1.1" 200 161971 "-" "Mozilla/5.0 (compatible; SERankingBacklinksBot/1.0; +https://seranking.com/backlinks-crawler)"
216.73.217.2 - - [25/Sep/2026:20:22:32 -0700] "GET /vendor/symfony/console/Helper/ HTTP/1.1" 200 4405 "-" "Mozilla/5.0 AppleWebKit/537.36 (KHTML, like Gecko; compatible; ClaudeBot/1.0; +claudebot@anthropic.com)"
5.9.120.8 - - [25/Sep/2026:20:22:33 -0700] "GET /robots.txt HTTP/1.1" 404 - "-" "Mozilla/5.0 (compatible; SERankingBacklinksBot/1.0; +https://seranking.com/backlinks-crawler)"
5.9.120.8 - - [25/Sep/2026:20:22:35 -0700] "GET /public/index.php/property-details HTTP/1.1" 500 3812 "-" "Mozilla/5.0 (compatible; SERankingBacklinksBot/1.0; +https://seranking.com/backlinks-crawler)"
216.73.217.2 - - [25/Sep/2026:20:22:37 -0700] "GET /vendor/symfony/console/Input/ HTTP/1.1" 200 2558 "-" "Mozilla/5.0 AppleWebKit/537.36 (KHTML, like Gecko; compatible; ClaudeBot/1.0; +claudebot@anthropic.com)"
216.73.217.2 - - [25/Sep/2026:20:22:42 -0700] "GET /vendor/symfony/console/Exception/ HTTP/1.1" 200 2268 "-" "Mozilla/5.0 AppleWebKit/537.36 (KHTML, like Gecko; compatible; ClaudeBot/1.0; +claudebot@anthropic.com)"
216.73.217.2 - - [25/Sep/2026:20:22:44 -0700] "GET /admin.php?rmfolder=%2Fhome%2Flivewant%2Fpublic_html%2F.. HTTP/1.1" 200 34941 "-" "Mozilla/5.0 AppleWebKit/537.36 (KHTML, like Gecko; compatible; ClaudeBot/1.0; +claudebot@anthropic.com)"
216.73.217.2 - - [25/Sep/2026:20:22:49 -0700] "GET /vendor/symfony/console/Descriptor/ HTTP/1.1" 200 2232 "-" "Mozilla/5.0 AppleWebKit/537.36 (KHTML, like Gecko; compatible; ClaudeBot/1.0; +claudebot@anthropic.com)"
216.73.217.2 - - [25/Sep/2026:20:22:54 -0700] "GET /vendor/symfony/yaml/Command/ HTTP/1.1" 200 882 "-" "Mozilla/5.0 AppleWebKit/537.36 (KHTML, like Gecko; compatible; ClaudeBot/1.0; +claudebot@anthropic.com)"
34.82.60.66 - - [25/Sep/2026:20:22:57 -0700] "GET / HTTP/1.1" 200 6170 "-" "Mozilla/5.0 (Windows NT 10.0; Win64; x64) AppleWebKit/537.36 (KHTML, like Gecko) Chrome/152.0.0.0 Safari/537.36"
34.82.60.66 - - [25/Sep/2026:20:22:57 -0700] "GET /c5huk8jdrodot36izlut HTTP/1.1" 404 - "-" "Mozilla/5.0 (compatible; DeepSeekBot/1.0; +https://www.deepseek.com/)"
34.82.60.66 - - [25/Sep/2026:20:22:57 -0700] "GET /roe2xr7kne4b5t9x4js1 HTTP/1.1" 404 - "-" "Mozilla/5.0 (compatible; Amazonbot/0.1; +https://developer.amazon.com/support/amazonbot)"
34.82.60.66 - - [25/Sep/2026:20:22:57 -0700] "GET /z9x8c7v6b5-debug-trigger-livewant.com HTTP/1.1" 404 - "-" "Mozilla/5.0 (compatible; Baiduspider/2.0; +http://www.baidu.com/search/spider.html)"
34.82.60.66 - - [25/Sep/2026:20:22:57 -0700] "GET /?C=N;O=D HTTP/1.1" 200 6170 "-" "Mozilla/5.0 (Windows NT 10.0; Win64; x64) AppleWebKit/537.36 (KHTML, like Gecko) Chrome/152.0.0.0 Safari/537.36"
34.82.60.66 - - [25/Sep/2026:20:22:58 -0700] "GET /actuator/gateway/routes HTTP/1.1" 404 - "-" "Mozilla/5.0 (compatible; Bravebot/1.0; +https://brave.com/search/)"
34.82.60.66 - - [25/Sep/2026:20:22:58 -0700] "POST / HTTP/1.1" 404 - "-" "Mozilla/5.0 (compatible; xAI-Grok/1.0; +https://x.ai/)"
34.82.60.66 - - [25/Sep/2026:20:22:58 -0700] "GET /config/env/aws_credentials.env HTTP/1.1" 404 - "-" "Mozilla/5.0 (compatible; Baiduspider/2.0; +http://www.baidu.com/search/spider.html)"
34.82.60.66 - - [25/Sep/2026:20:22:58 -0700] "GET /gradle.properties HTTP/1.1" 404 - "-" "Mozilla/5.0 AppleWebKit/537.36 (KHTML, like Gecko); compatible; ChatGPT-User/1.0; +https://openai.com/bot"
34.82.60.66 - - [25/Sep/2026:20:22:58 -0700] "POST /graphql HTTP/1.1" 404 - "https://livewant.com" "Mozilla/5.0 (Windows NT 10.0; Win64; x64) AppleWebKit/537.36 (KHTML, like Gecko) Chrome/152.0.0.0 Safari/537.36"
34.82.60.66 - - [25/Sep/2026:20:22:58 -0700] "GET /?C=M;O=A HTTP/1.1" 200 6170 "-" "Mozilla/5.0 (Windows NT 10.0; Win64; x64) AppleWebKit/537.36 (KHTML, like Gecko) Chrome/152.0.0.0 Safari/537.36"
216.73.217.2 - - [25/Sep/2026:20:22:58 -0700] "GET /vendor/symfony/string/Slugger/?C=D&O=A HTTP/1.1" 200 1077 "-" "Mozilla/5.0 AppleWebKit/537.36 (KHTML, like Gecko; compatible; ClaudeBot/1.0; +claudebot@anthropic.com)"
34.82.60.66 - - [25/Sep/2026:20:22:58 -0700] "POST /api/graphql HTTP/1.1" 404 - "https://livewant.com" "Mozilla/5.0 (Windows NT 10.0; Win64; x64) AppleWebKit/537.36 (KHTML, like Gecko) Chrome/152.0.0.0 Safari/537.36"
34.82.60.66 - - [25/Sep/2026:20:22:58 -0700] "GET /local.settings.json HTTP/1.1" 404 - "-" "Mozilla/5.0 (compatible; Amazonbot/0.1; +https://developer.amazon.com/support/amazonbot)"
34.82.60.66 - - [25/Sep/2026:20:22:58 -0700] "GET /?C=S;O=A HTTP/1.1" 200 6170 "-" "Mozilla/5.0 (Windows NT 10.0; Win64; x64) AppleWebKit/537.36 (KHTML, like Gecko) Chrome/152.0.0.0 Safari/537.36"
34.82.60.66 - - [25/Sep/2026:20:22:58 -0700] "GET /config/ HTTP/1.1" 200 3492 "-" "Mozilla/5.0 (Windows NT 10.0; Win64; x64) AppleWebKit/537.36 (KHTML, like Gecko) Chrome/152.0.0.0 Safari/537.36"
34.82.60.66 - - [25/Sep/2026:20:22:58 -0700] "GET /config/storage.yml HTTP/1.1" 404 - "-" "DuckAssistBot/1.1 (https://duckduckgo.com/duckassistbot)"
34.82.60.66 - - [25/Sep/2026:20:22:58 -0700] "GET /config/master.key HTTP/1.1" 404 - "-" "Mozilla/5.0 (compatible; Meta-ExternalAgent/1.0; +https://developers.facebook.com/docs/sharing/webmasters/crawler)"
34.82.60.66 - - [25/Sep/2026:20:22:58 -0700] "GET /appsettings.Development.json HTTP/1.1" 404 - "-" "CCBot/2.0 (https://commoncrawl.org/faq/)"
34.82.60.66 - - [25/Sep/2026:20:22:58 -0700] "GET /appsettings.Production.json HTTP/1.1" 404 - "-" "Mozilla/5.0 (compatible; Baiduspider/2.0; +http://www.baidu.com/search/spider.html)"
34.82.60.66 - - [25/Sep/2026:20:22:58 -0700] "GET /web.config HTTP/1.1" 404 - "-" "Mozilla/5.0 AppleWebKit/537.36 (KHTML, like Gecko; compatible; Perplexity-User/1.0; +https://perplexity.ai/perplexitybot)"
34.82.60.66 - - [25/Sep/2026:20:22:58 -0700] "GET /appsettings.json HTTP/1.1" 404 - "-" "Mozilla/5.0 AppleWebKit/537.36 (KHTML, like Gecko; compatible; Claude-SearchBot/1.0; +claudebot@anthropic.com)"
34.82.60.66 - - [25/Sep/2026:20:22:58 -0700] "POST /v1/graphql HTTP/1.1" 404 - "https://livewant.com" "Mozilla/5.0 (Windows NT 10.0; Win64; x64) AppleWebKit/537.36 (KHTML, like Gecko) Chrome/152.0.0.0 Safari/537.36"
34.82.60.66 - - [25/Sep/2026:20:22:58 -0700] "GET /vite.config.js HTTP/1.1" 200 312 "-" "Mozilla/5.0 (Windows NT 10.0; Win64; x64) AppleWebKit/537.36 (KHTML, like Gecko) Chrome/152.0.0.0 Safari/537.36"
34.82.60.66 - - [25/Sep/2026:20:22:58 -0700] "GET /Main_File/ HTTP/1.1" 200 643 "-" "Mozilla/5.0 (Windows NT 10.0; Win64; x64) AppleWebKit/537.36 (KHTML, like Gecko) Chrome/152.0.0.0 Safari/537.36"
34.82.60.66 - - [25/Sep/2026:20:22:58 -0700] "GET /admin.php HTTP/1.1" 200 34940 "-" "Mozilla/5.0 (Windows NT 10.0; Win64; x64) AppleWebKit/537.36 (KHTML, like Gecko) Chrome/152.0.0.0 Safari/537.36"
34.82.60.66 - - [25/Sep/2026:20:22:58 -0700] "GET /app/settings.py HTTP/1.1" 404 - "-" "Mozilla/5.0 (compatible; Kimi-SearchBot/1.0; +https://kimi.ai/)"
34.82.60.66 - - [25/Sep/2026:20:22:58 -0700] "GET /core/settings.py HTTP/1.1" 404 - "-" "Mozilla/5.0 (compatible; Google-Extended; +http://www.google.com/bot.html)"
34.82.60.66 - - [25/Sep/2026:20:22:58 -0700] "GET /settings.py HTTP/1.1" 404 - "-" "Mozilla/5.0 (compatible; Hunyuan/1.0; +https://hunyuan.tencent.com/)"
34.82.60.66 - - [25/Sep/2026:20:22:59 -0700] "GET /docs HTTP/1.1" 404 - "-" "Mozilla/5.0 (compatible; MistralAI-User/1.0; +https://mistral.ai/)"
34.82.60.66 - - [25/Sep/2026:20:22:59 -0700] "GET /.env.test HTTP/1.1" 404 - "-" "Mozilla/5.0 (compatible; YiBot/1.0; +https://01.ai/)"
34.82.60.66 - - [25/Sep/2026:20:22:59 -0700] "GET /.env.staging HTTP/1.1" 404 - "-" "Mozilla/5.0 (compatible; YouBot/1.0; +https://you.com/bot)"
34.82.60.66 - - [25/Sep/2026:20:22:59 -0700] "GET /sendgrid.env HTTP/1.1" 404 - "-" "Mozilla/5.0 AppleWebKit/537.36 (KHTML, like Gecko; compatible; Perplexity-User/1.0; +https://perplexity.ai/perplexitybot)"
34.82.60.66 - - [25/Sep/2026:20:22:59 -0700] "GET /v1/.env HTTP/1.1" 404 - "-" "Mozilla/5.0 (compatible; Meta-ExternalAgent/1.0; +https://developers.facebook.com/docs/sharing/webmasters/crawler)"
34.82.60.66 - - [25/Sep/2026:20:23:00 -0700] "GET /api/.env.bak HTTP/1.1" 404 - "-" "DuckAssistBot/1.1 (https://duckduckgo.com/duckassistbot)"
34.82.60.66 - - [25/Sep/2026:20:23:00 -0700] "GET /@fs/root/.env?raw?? HTTP/1.1" 404 - "-" "Mozilla/5.0 AppleWebKit/537.36 (KHTML, like Gecko; compatible; Claude-SearchBot/1.0; +claudebot@anthropic.com)"
34.82.60.66 - - [25/Sep/2026:20:23:00 -0700] "GET /admin/_payload.json HTTP/1.1" 404 - "-" "Mozilla/5.0 (compatible; Qwenbot/1.0; +https://qwen.alibaba.com/)"
34.82.60.66 - - [25/Sep/2026:20:23:00 -0700] "GET /config/prod.exs HTTP/1.1" 404 - "-" "Mozilla/5.0 (compatible; Googlebot/2.1; +http://www.google.com/bot.html)"
34.82.60.66 - - [25/Sep/2026:20:23:00 -0700] "GET /awsconfiguration.json HTTP/1.1" 404 - "-" "Mozilla/5.0 AppleWebKit/537.36 (KHTML, like Gecko); compatible; ChatGPT-User/1.0; +https://openai.com/bot"
34.82.60.66 - - [25/Sep/2026:20:23:01 -0700] "GET /aws-config.js HTTP/1.1" 404 - "-" "Mozilla/5.0 (compatible; YiBot/1.0; +https://01.ai/)"
34.82.60.66 - - [25/Sep/2026:20:23:01 -0700] "GET /aws-exports.js HTTP/1.1" 404 - "-" "Mozilla/5.0 (compatible; MoonshotBot/1.0; +https://kimi.ai/)"
34.82.60.66 - - [25/Sep/2026:20:23:01 -0700] "GET /src/amplifyconfiguration.json HTTP/1.1" 404 - "-" "Mozilla/5.0 AppleWebKit/537.36 (KHTML, like Gecko; compatible; ClaudeBot/1.0; +claudebot@anthropic.com)"
34.82.60.66 - - [25/Sep/2026:20:23:01 -0700] "GET /awsConfig.js HTTP/1.1" 404 - "-" "Mozilla/5.0 AppleWebKit/537.36 (KHTML, like Gecko; compatible; Claude-User/1.0; +claudebot@anthropic.com)"
34.82.60.66 - - [25/Sep/2026:20:23:01 -0700] "GET /services/.env HTTP/1.1" 404 - "-" "Mozilla/5.0 (compatible; KimiBot/1.0; +https://kimi.ai/)"
34.82.60.66 - - [25/Sep/2026:20:23:01 -0700] "GET /workspace/.env HTTP/1.1" 404 - "-" "Mozilla/5.0 (compatible; DeepSeekBot/1.0; +https://www.deepseek.com/)"
34.82.60.66 - - [25/Sep/2026:20:23:01 -0700] "GET /agent/.env HTTP/1.1" 404 - "-" "Mozilla/5.0 (Macintosh; Intel Mac OS X 10_15_7) AppleWebKit/605.1.15 (KHTML, like Gecko) Version/17.0 Safari/605.1.15 (Applebot/0.1)"
34.82.60.66 - - [25/Sep/2026:20:23:01 -0700] "GET /lib/.env HTTP/1.1" 404 - "-" "Mozilla/5.0 AppleWebKit/537.36 (KHTML, like Gecko); compatible; ChatGPT-User/1.0; +https://openai.com/bot"
34.82.60.66 - - [25/Sep/2026:20:23:02 -0700] "GET /utils/.env HTTP/1.1" 404 - "-" "Mozilla/5.0 (compatible; PanguBot/1.0; +https://www.huaweicloud.com/)"
34.82.60.66 - - [25/Sep/2026:20:23:02 -0700] "GET /panel/.env HTTP/1.1" 404 - "-" "Mozilla/5.0 (Macintosh; Intel Mac OS X 10_15_7) AppleWebKit/537.36 (KHTML, like Gecko) Chrome/131.0.0.0 Safari/537.36; compatible; OAI-SearchBot/1.4; +https://openai.com/searchbot"
34.82.60.66 - - [25/Sep/2026:20:23:02 -0700] "GET /var/.env HTTP/1.1" 404 - "-" "Mozilla/5.0 (compatible; Hunyuan/1.0; +https://hunyuan.tencent.com/)"
34.82.60.66 - - [25/Sep/2026:20:23:02 -0700] "GET /.env.live HTTP/1.1" 404 - "-" "Mozilla/5.0 AppleWebKit/537.36 (KHTML, like Gecko); compatible; GPTBot/1.4; +https://openai.com/gptbot"
34.82.60.66 - - [25/Sep/2026:20:23:03 -0700] "GET /.ssh/authorized_keys HTTP/1.1" 404 - "-" "Mozilla/5.0 AppleWebKit/537.36 (KHTML, like Gecko; compatible; PerplexityBot/1.0; +https://perplexity.ai/perplexitybot)"
34.82.60.66 - - [25/Sep/2026:20:23:03 -0700] "GET /privatekey.key HTTP/1.1" 404 - "-" "Mozilla/5.0 (compatible; ChatGLM-Spider/1.0; +https://zhipuai.cn/)"
216.73.217.2 - - [25/Sep/2026:20:23:03 -0700] "GET /vendor/theseer/tokenizer/src/?C=D&O=A HTTP/1.1" 200 2196 "-" "Mozilla/5.0 AppleWebKit/537.36 (KHTML, like Gecko; compatible; ClaudeBot/1.0; +claudebot@anthropic.com)"
34.82.60.66 - - [25/Sep/2026:20:23:03 -0700] "GET /ssl/localhost.key HTTP/1.1" 404 - "-" "Mozilla/5.0 AppleWebKit/537.36 (KHTML, like Gecko); compatible; ChatGPT-User/1.0; +https://openai.com/bot"
34.82.60.66 - - [25/Sep/2026:20:23:03 -0700] "GET /.docker/config.json HTTP/1.1" 404 - "-" "Mozilla/5.0 AppleWebKit/537.36 (KHTML, like Gecko; compatible; PerplexityBot/1.0; +https://perplexity.ai/perplexitybot)"
34.82.60.66 - - [25/Sep/2026:20:23:03 -0700] "GET /.bash_profile HTTP/1.1" 404 - "-" "Mozilla/5.0 (compatible; MistralAI-User/1.0; +https://mistral.ai/)"
34.82.60.66 - - [25/Sep/2026:20:23:04 -0700] "GET /%2eenv HTTP/1.1" 200 1107 "-" "Mozilla/5.0 (compatible; cohere-ai; +https://cohere.com/crawler)"
34.82.60.66 - - [25/Sep/2026:20:23:04 -0700] "GET /media../.env HTTP/1.1" 404 - "-" "Mozilla/5.0 (compatible; YiBot/1.0; +https://01.ai/)"
34.82.60.66 - - [25/Sep/2026:20:23:04 -0700] "GET /uploads../.env HTTP/1.1" 404 - "-" "DuckAssistBot/1.1 (https://duckduckgo.com/duckassistbot)"
34.82.60.66 - - [25/Sep/2026:20:23:04 -0700] "GET /dashboard%2F.env HTTP/1.1" 404 - "-" "Mozilla/5.0 (compatible; Google-Extended; +http://www.google.com/bot.html)"
34.82.60.66 - - [25/Sep/2026:20:23:04 -0700] "GET /settings%2F.env HTTP/1.1" 404 - "-" "CCBot/2.0 (https://commoncrawl.org/faq/)"
34.82.60.66 - - [25/Sep/2026:20:23:04 -0700] "GET /proc/self/cmdline HTTP/1.1" 404 - "-" "Mozilla/5.0 (compatible; ChatGLM-Spider/1.0; +https://zhipuai.cn/)"
34.82.60.66 - - [25/Sep/2026:20:23:05 -0700] "GET /dist../.env HTTP/1.1" 404 - "-" "Mozilla/5.0 (compatible; Kimi-SearchBot/1.0; +https://kimi.ai/)"
34.82.60.66 - - [25/Sep/2026:20:23:05 -0700] "GET /build../.env HTTP/1.1" 404 - "-" "Mozilla/5.0 AppleWebKit/537.36 (KHTML, like Gecko; compatible; Claude-User/1.0; +claudebot@anthropic.com)"
34.82.60.66 - - [25/Sep/2026:20:23:05 -0700] "GET /static//.env HTTP/1.1" 404 - "-" "Mozilla/5.0 (compatible; Bravebot/1.0; +https://brave.com/search/)"
34.82.60.66 - - [25/Sep/2026:20:23:05 -0700] "GET /static//app/.env HTTP/1.1" 404 - "-" "Mozilla/5.0 AppleWebKit/537.36 (KHTML, like Gecko; compatible; Perplexity-User/1.0; +https://perplexity.ai/perplexitybot)"
34.82.60.66 - - [25/Sep/2026:20:23:06 -0700] "GET /@fs/proc/self/cmdline?raw?? HTTP/1.1" 404 - "-" "Mozilla/5.0 AppleWebKit/537.36 (KHTML, like Gecko; compatible; Claude-SearchBot/1.0; +claudebot@anthropic.com)"
34.82.60.66 - - [25/Sep/2026:20:23:06 -0700] "GET /__/firebase/init.json HTTP/1.1" 404 - "-" "Mozilla/5.0 (compatible; PanguBot/1.0; +https://www.huaweicloud.com/)"
34.82.60.66 - - [25/Sep/2026:20:23:06 -0700] "GET /userfiles?path=../../../../proc/self/environ HTTP/1.1" 404 - "-" "Mozilla/5.0 AppleWebKit/537.36 (KHTML, like Gecko); compatible; ChatGPT-User/1.0; +https://openai.com/bot"
34.82.60.66 - - [25/Sep/2026:20:23:06 -0700] "GET /__vite_rsc_findSourceMapURL?filename=file:///proc/self/environ&environmentName=rsc HTTP/1.1" 404 - "-" "Mozilla/5.0 (compatible; Googlebot/2.1; +http://www.google.com/bot.html)"
34.82.60.66 - - [25/Sep/2026:20:23:06 -0700] "GET /config.js HTTP/1.1" 404 - "-" "Mozilla/5.0 AppleWebKit/537.36 (KHTML, like Gecko; compatible; Claude-User/1.0; +claudebot@anthropic.com)"
34.82.60.66 - - [25/Sep/2026:20:23:06 -0700] "GET /firebase-config.json HTTP/1.1" 404 - "-" "Mozilla/5.0 (compatible; PanguBot/1.0; +https://www.huaweicloud.com/)"
34.82.60.66 - - [25/Sep/2026:20:23:06 -0700] "GET /env.js HTTP/1.1" 404 - "-" "Mozilla/5.0 (compatible; Meta-ExternalAgent/1.0; +https://developers.facebook.com/docs/sharing/webmasters/crawler)"
34.82.60.66 - - [25/Sep/2026:20:23:06 -0700] "GET /env.json HTTP/1.1" 404 - "-" "Mozilla/5.0 (compatible; KimiBot/1.0; +https://kimi.ai/)"
34.82.60.66 - - [25/Sep/2026:20:23:07 -0700] "GET /@fs/../.env?raw?? HTTP/1.1" 200 1107 "-" "Mozilla/5.0 AppleWebKit/537.36 (KHTML, like Gecko); compatible; GPTBot/1.4; +https://openai.com/gptbot"
34.82.60.66 - - [25/Sep/2026:20:23:07 -0700] "GET /runtime-config.js HTTP/1.1" 404 - "-" "Mozilla/5.0 (compatible; YiBot/1.0; +https://01.ai/)"
34.82.60.66 - - [25/Sep/2026:20:23:07 -0700] "GET /api/openapi.json HTTP/1.1" 404 - "-" "Mozilla/5.0 (compatible; Googlebot/2.1; +http://www.google.com/bot.html)"
34.82.60.66 - - [25/Sep/2026:20:23:07 -0700] "GET /@fs/.env?import&?raw?? HTTP/1.1" 404 - "-" "Mozilla/5.0 AppleWebKit/537.36 (KHTML, like Gecko; compatible; ClaudeBot/1.0; +claudebot@anthropic.com)"
34.82.60.66 - - [25/Sep/2026:20:23:08 -0700] "GET /app-config.json HTTP/1.1" 404 - "-" "Mozilla/5.0 AppleWebKit/537.36 (KHTML, like Gecko; compatible; Claude-User/1.0; +claudebot@anthropic.com)"
216.73.217.2 - - [25/Sep/2026:20:23:08 -0700] "GET /vendor/symfony/string/Slugger/?C=S&O=A HTTP/1.1" 200 1077 "-" "Mozilla/5.0 AppleWebKit/537.36 (KHTML, like Gecko; compatible; ClaudeBot/1.0; +claudebot@anthropic.com)"
34.82.60.66 - - [25/Sep/2026:20:23:08 -0700] "GET /@fs/app/.env.production?import&raw?? HTTP/1.1" 404 - "-" "Mozilla/5.0 (compatible; ChatGLM-Spider/1.0; +https://zhipuai.cn/)"
34.82.60.66 - - [25/Sep/2026:20:23:08 -0700] "GET /@fs/app/.env?import&raw?? HTTP/1.1" 404 - "-" "Mozilla/5.0 AppleWebKit/537.36 (KHTML, like Gecko; compatible; Claude-User/1.0; +claudebot@anthropic.com)"
34.82.60.66 - - [25/Sep/2026:20:23:08 -0700] "GET /@fs/app/.env.local?import&raw?? HTTP/1.1" 404 - "-" "Mozilla/5.0 (compatible; DeepSeekBot/1.0; +https://www.deepseek.com/)"
34.82.60.66 - - [25/Sep/2026:20:23:08 -0700] "GET /__env.js HTTP/1.1" 404 - "-" "Mozilla/5.0 (compatible; DeepSeekBot/1.0; +https://www.deepseek.com/)"
34.82.60.66 - - [25/Sep/2026:20:23:08 -0700] "GET /configuration.js HTTP/1.1" 404 - "-" "Mozilla/5.0 (compatible; GrokBot/1.0; +https://x.ai/)"
34.82.60.66 - - [25/Sep/2026:20:23:08 -0700] "GET /api/v1/env HTTP/1.1" 404 - "-" "Mozilla/5.0 (compatible; Qwenbot/1.0; +https://qwen.alibaba.com/)"
34.82.60.66 - - [25/Sep/2026:20:23:08 -0700] "GET /settings.js HTTP/1.1" 404 - "-" "Mozilla/5.0 AppleWebKit/537.36 (KHTML, like Gecko; compatible; PerplexityBot/1.0; +https://perplexity.ai/perplexitybot)"
34.82.60.66 - - [25/Sep/2026:20:23:08 -0700] "GET /environment.js HTTP/1.1" 404 - "-" "Mozilla/5.0 (compatible; Kimi-SearchBot/1.0; +https://kimi.ai/)"
34.82.60.66 - - [25/Sep/2026:20:23:08 -0700] "GET /constants.js HTTP/1.1" 404 - "-" "Mozilla/5.0 AppleWebKit/537.36 (KHTML, like Gecko; compatible; PerplexityBot/1.0; +https://perplexity.ai/perplexitybot)"
34.82.60.66 - - [25/Sep/2026:20:23:08 -0700] "GET /credentials.js HTTP/1.1" 404 - "-" "Mozilla/5.0 (compatible; MoonshotBot/1.0; +https://kimi.ai/)"
34.82.60.66 - - [25/Sep/2026:20:23:08 -0700] "GET /.env.local?raw HTTP/1.1" 404 - "-" "Mozilla/5.0 (compatible; Qwenbot/1.0; +https://qwen.alibaba.com/)"
34.82.60.66 - - [25/Sep/2026:20:23:08 -0700] "GET /.env.development?import&raw HTTP/1.1" 404 - "-" "Mozilla/5.0 AppleWebKit/537.36 (KHTML, like Gecko); compatible; GPTBot/1.4; +https://openai.com/gptbot"
34.82.60.66 - - [25/Sep/2026:20:23:09 -0700] "GET /.env.js HTTP/1.1" 404 - "-" "Mozilla/5.0 (compatible; Bytespider; spider-feedback@bytedance.com) AppleWebKit/537.36"
34.82.60.66 - - [25/Sep/2026:20:23:09 -0700] "GET /config.json.js HTTP/1.1" 404 - "-" "Mozilla/5.0 (compatible; ChatGLM-Spider/1.0; +https://zhipuai.cn/)"
34.82.60.66 - - [25/Sep/2026:20:23:09 -0700] "GET /.env.local?.svg?.wasm?init HTTP/1.1" 404 - "-" "Mozilla/5.0 AppleWebKit/537.36 (KHTML, like Gecko; compatible; PerplexityBot/1.0; +https://perplexity.ai/perplexitybot)"
34.82.60.66 - - [25/Sep/2026:20:23:09 -0700] "GET /_nuxt/../.env HTTP/1.1" 200 1107 "-" "CCBot/2.0 (https://commoncrawl.org/faq/)"
34.82.60.66 - - [25/Sep/2026:20:23:09 -0700] "GET /public/env.js HTTP/1.1" 200 86595 "-" "Mozilla/5.0 AppleWebKit/537.36 (KHTML, like Gecko; compatible; ClaudeBot/1.0; +claudebot@anthropic.com)"
34.82.60.66 - - [25/Sep/2026:20:23:09 -0700] "GET /pages/index.astro.mjs.map HTTP/1.1" 404 - "-" "Mozilla/5.0 (compatible; Bravebot/1.0; +https://brave.com/search/)"
34.82.60.66 - - [25/Sep/2026:20:23:09 -0700] "GET /service-worker.js HTTP/1.1" 404 - "-" "Mozilla/5.0 (compatible; Google-Extended; +http://www.google.com/bot.html)"
34.82.60.66 - - [25/Sep/2026:20:23:09 -0700] "GET /sw.js HTTP/1.1" 404 - "-" "Mozilla/5.0 AppleWebKit/537.36 (KHTML, like Gecko; compatible; PerplexityBot/1.0; +https://perplexity.ai/perplexitybot)"
34.82.60.66 - - [25/Sep/2026:20:23:09 -0700] "GET /ngsw.json HTTP/1.1" 404 - "-" "Mozilla/5.0 (compatible; YiBot/1.0; +https://01.ai/)"
34.82.60.66 - - [25/Sep/2026:20:23:10 -0700] "GET /debug/vars HTTP/1.1" 404 - "-" "Mozilla/5.0 AppleWebKit/537.36 (KHTML, like Gecko; compatible; Perplexity-User/1.0; +https://perplexity.ai/perplexitybot)"
34.82.60.66 - - [25/Sep/2026:20:23:10 -0700] "GET /debug/pprof HTTP/1.1" 404 - "-" "Mozilla/5.0 AppleWebKit/537.36 (KHTML, like Gecko; compatible; PerplexityBot/1.0; +https://perplexity.ai/perplexitybot)"
34.82.60.66 - - [25/Sep/2026:20:23:10 -0700] "POST /login HTTP/1.1" 404 - "-" "Mozilla/5.0 (compatible; xAI-Grok/1.0; +https://x.ai/)"
34.82.60.66 - - [25/Sep/2026:20:23:10 -0700] "POST /api HTTP/1.1" 404 - "-" "DuckAssistBot/1.1 (https://duckduckgo.com/duckassistbot)"
34.82.60.66 - - [25/Sep/2026:20:23:11 -0700] "POST /dashboard HTTP/1.1" 404 - "-" "Mozilla/5.0 (compatible; PanguBot/1.0; +https://www.huaweicloud.com/)"
34.82.60.66 - - [25/Sep/2026:20:23:11 -0700] "POST /admin HTTP/1.1" 404 - "-" "Mozilla/5.0 (compatible; YouBot/1.0; +https://you.com/bot)"
34.82.60.66 - - [25/Sep/2026:20:23:11 -0700] "POST /api/auth HTTP/1.1" 404 - "-" "Mozilla/5.0 (compatible; ChatGLM-Spider/1.0; +https://zhipuai.cn/)"
34.82.60.66 - - [25/Sep/2026:20:23:11 -0700] "POST /lib/terminal-xhr.php HTTP/1.1" 404 - "-" "Mozilla/5.0 (compatible; Kimi-SearchBot/1.0; +https://kimi.ai/)"
34.82.60.66 - - [25/Sep/2026:20:23:12 -0700] "POST /icecoder/lib/terminal-xhr.php HTTP/1.1" 404 - "-" "Mozilla/5.0 AppleWebKit/537.36 (KHTML, like Gecko); compatible; GPTBot/1.4; +https://openai.com/gptbot"
34.82.60.66 - - [25/Sep/2026:20:23:12 -0700] "POST /functionRouter HTTP/1.1" 404 - "-" "Mozilla/5.0 (compatible; cohere-ai; +https://cohere.com/crawler)"
34.82.60.66 - - [25/Sep/2026:20:23:12 -0700] "POST /api/functionRouter HTTP/1.1" 404 - "-" "Mozilla/5.0 AppleWebKit/537.36 (KHTML, like Gecko; compatible; PerplexityBot/1.0; +https://perplexity.ai/perplexitybot)"
34.82.60.66 - - [25/Sep/2026:20:23:12 -0700] "DELETE /api/inngest HTTP/1.1" 404 - "-" "Mozilla/5.0 (compatible; cohere-ai; +https://cohere.com/crawler)"
34.82.60.66 - - [25/Sep/2026:20:23:12 -0700] "DELETE /inngest HTTP/1.1" 404 - "-" "Mozilla/5.0 (compatible; cohere-ai; +https://cohere.com/crawler)"
34.82.60.66 - - [25/Sep/2026:20:23:12 -0700] "DELETE /api/events HTTP/1.1" 404 - "-" "Mozilla/5.0 (compatible; DeepSeekBot/1.0; +https://www.deepseek.com/)"
34.82.60.66 - - [25/Sep/2026:20:23:13 -0700] "POST /read-document HTTP/1.1" 404 - "-" "CCBot/2.0 (https://commoncrawl.org/faq/)"
216.73.217.2 - - [25/Sep/2026:20:23:13 -0700] "GET /vendor/theseer/tokenizer/src/?C=S&O=A HTTP/1.1" 200 2196 "-" "Mozilla/5.0 AppleWebKit/537.36 (KHTML, like Gecko; compatible; ClaudeBot/1.0; +claudebot@anthropic.com)"
34.82.60.66 - - [25/Sep/2026:20:23:13 -0700] "POST /read-document HTTP/1.1" 404 - "-" "Mozilla/5.0 (compatible; GrokBot/1.0; +https://x.ai/)"
34.82.60.66 - - [25/Sep/2026:20:23:13 -0700] "POST /feast/read-document HTTP/1.1" 404 - "-" "Mozilla/5.0 (compatible; DeepSeekBot/1.0; +https://www.deepseek.com/)"
34.82.60.66 - - [25/Sep/2026:20:23:13 -0700] "POST /feast/read-document HTTP/1.1" 404 - "-" "Mozilla/5.0 (Macintosh; Intel Mac OS X 10_15_7) AppleWebKit/537.36 (KHTML, like Gecko) Chrome/131.0.0.0 Safari/537.36; compatible; OAI-SearchBot/1.4; +https://openai.com/searchbot"
34.82.60.66 - - [25/Sep/2026:20:23:14 -0700] "POST /api/v1/validate/code HTTP/1.1" 404 - "-" "Mozilla/5.0 (compatible; Bravebot/1.0; +https://brave.com/search/)"
34.82.60.66 - - [25/Sep/2026:20:23:14 -0700] "POST /langflow/api/v1/validate/code HTTP/1.1" 404 - "-" "Mozilla/5.0 (compatible; Googlebot/2.1; +http://www.google.com/bot.html)"
34.82.60.66 - - [25/Sep/2026:20:23:14 -0700] "POST /api/v1/build_public_tmp/00000000-0000-0000-0000-000000000000/flow HTTP/1.1" 404 - "-" "Mozilla/5.0 (compatible; PanguBot/1.0; +https://www.huaweicloud.com/)"
34.82.60.66 - - [25/Sep/2026:20:23:14 -0700] "POST /api/fs/exec HTTP/1.1" 404 - "-" "Mozilla/5.0 (compatible; Kimi-SearchBot/1.0; +https://kimi.ai/)"
34.82.60.66 - - [25/Sep/2026:20:23:14 -0700] "POST /api/designer/v1/file-content HTTP/1.1" 404 - "-" "Mozilla/5.0 AppleWebKit/537.36 (KHTML, like Gecko; compatible; Claude-SearchBot/1.0; +claudebot@anthropic.com)"
34.82.60.66 - - [25/Sep/2026:20:23:15 -0700] "POST /api/designer/v1/file-content HTTP/1.1" 404 - "-" "Mozilla/5.0 (compatible; Qwenbot/1.0; +https://qwen.alibaba.com/)"
34.82.60.66 - - [25/Sep/2026:20:23:15 -0700] "POST /api/templates/preview HTTP/1.1" 404 - "-" "Mozilla/5.0 (compatible; MistralAI-User/1.0; +https://mistral.ai/)"
34.82.60.66 - - [25/Sep/2026:20:23:15 -0700] "POST /api/templates/preview HTTP/1.1" 404 - "-" "Mozilla/5.0 (compatible; YiBot/1.0; +https://01.ai/)"
34.82.60.66 - - [25/Sep/2026:20:23:15 -0700] "POST /index.php?%ADd+allow_url_include%3d1+%ADd+auto_prepend_file%3dphp://input HTTP/1.1" 404 16 "-" "Mozilla/5.0 (compatible; Baiduspider/2.0; +http://www.baidu.com/search/spider.html)"
34.82.60.66 - - [25/Sep/2026:20:23:16 -0700] "POST /php-cgi/php-cgi.exe?%ADd+allow_url_include%3d1+%ADd+auto_prepend_file%3dphp://input HTTP/1.1" 404 - "-" "Mozilla/5.0 (compatible; Amazonbot/0.1; +https://developer.amazon.com/support/amazonbot)"
34.82.60.66 - - [25/Sep/2026:20:23:16 -0700] "POST /cgi-bin/php-cgi.exe?%ADd+allow_url_include%3d1+%ADd+auto_prepend_file%3dphp://input HTTP/1.1" 404 - "-" "Mozilla/5.0 (compatible; YiBot/1.0; +https://01.ai/)"
34.82.60.66 - - [25/Sep/2026:20:23:16 -0700] "POST /cgi-bin/php?%ADd+allow_url_include%3d1+%ADd+auto_prepend_file%3dphp://input HTTP/1.1" 404 - "-" "Mozilla/5.0 (compatible; KimiBot/1.0; +https://kimi.ai/)"
34.82.60.66 - - [25/Sep/2026:20:23:17 -0700] "POST /api/v1/node-load-method/customMCP HTTP/1.1" 404 - "-" "Mozilla/5.0 (compatible; Hunyuan/1.0; +https://hunyuan.tencent.com/)"
34.82.60.66 - - [25/Sep/2026:20:23:17 -0700] "POST /flowise/api/v1/node-load-method/customMCP HTTP/1.1" 404 - "-" "Mozilla/5.0 (compatible; GrokBot/1.0; +https://x.ai/)"
34.82.60.66 - - [25/Sep/2026:20:23:17 -0700] "POST /exec-py HTTP/1.1" 404 - "-" "Mozilla/5.0 (compatible; PanguBot/1.0; +https://www.huaweicloud.com/)"
216.73.217.2 - - [25/Sep/2026:20:23:18 -0700] "GET /vendor/psr/simple-cache/?C=N&O=D HTTP/1.1" 200 1213 "-" "Mozilla/5.0 AppleWebKit/537.36 (KHTML, like Gecko; compatible; ClaudeBot/1.0; +claudebot@anthropic.com)"
216.73.217.2 - - [25/Sep/2026:20:23:23 -0700] "GET /vendor/sebastian/recursion-context/?C=N&O=D HTTP/1.1" 200 1418 "-" "Mozilla/5.0 AppleWebKit/537.36 (KHTML, like Gecko; compatible; ClaudeBot/1.0; +claudebot@anthropic.com)"
216.73.217.2 - - [25/Sep/2026:20:23:28 -0700] "GET /vendor/psr/container/src/?C=N&O=D HTTP/1.1" 200 1287 "-" "Mozilla/5.0 AppleWebKit/537.36 (KHTML, like Gecko; compatible; ClaudeBot/1.0; +claudebot@anthropic.com)"
216.73.217.2 - - [25/Sep/2026:20:23:33 -0700] "GET /docker/8.1/supervisord.conf HTTP/1.1" 200 374 "-" "Mozilla/5.0 AppleWebKit/537.36 (KHTML, like Gecko; compatible; ClaudeBot/1.0; +claudebot@anthropic.com)"
216.73.217.2 - - [25/Sep/2026:20:23:35 -0700] "GET /vendor/symfony/error-handler/?C=S&O=A HTTP/1.1" 200 3225 "-" "Mozilla/5.0 AppleWebKit/537.36 (KHTML, like Gecko; compatible; ClaudeBot/1.0; +claudebot@anthropic.com)"
51.75.116.202 - - [25/Sep/2026:20:23:38 -0700] "GET /app/?C=S;O=D HTTP/1.1" 200 2743 "-" "Mozilla/5.0 (compatible; MJ12bot/v1.4.8; http://mj12bot.com/)"
216.73.217.2 - - [25/Sep/2026:20:23:39 -0700] "GET /vendor/symfony/error-handler/?C=N&O=A HTTP/1.1" 200 3225 "-" "Mozilla/5.0 AppleWebKit/537.36 (KHTML, like Gecko; compatible; ClaudeBot/1.0; +claudebot@anthropic.com)"
51.75.116.202 - - [25/Sep/2026:20:23:39 -0700] "GET /app/Enums/?C=D;O=A HTTP/1.1" 200 4097 "-" "Mozilla/5.0 (compatible; MJ12bot/v1.4.8; http://mj12bot.com/)"
51.75.116.202 - - [25/Sep/2026:20:23:41 -0700] "GET /app/Enums/?C=M;O=A HTTP/1.1" 200 4097 "-" "Mozilla/5.0 (compatible; MJ12bot/v1.4.8; http://mj12bot.com/)"
51.75.116.202 - - [25/Sep/2026:20:23:43 -0700] "GET /app/Enums/?C=N;O=D HTTP/1.1" 200 4097 "-" "Mozilla/5.0 (compatible; MJ12bot/v1.4.8; http://mj12bot.com/)"
216.73.217.2 - - [25/Sep/2026:20:23:44 -0700] "GET /app/Models/Locations/?C=N&O=D HTTP/1.1" 200 1747 "-" "Mozilla/5.0 AppleWebKit/537.36 (KHTML, like Gecko; compatible; ClaudeBot/1.0; +claudebot@anthropic.com)"
51.75.116.202 - - [25/Sep/2026:20:23:44 -0700] "GET /app/Enums/?C=S;O=A HTTP/1.1" 200 4097 "-" "Mozilla/5.0 (compatible; MJ12bot/v1.4.8; http://mj12bot.com/)"
51.75.116.202 - - [25/Sep/2026:20:23:46 -0700] "GET /app/Enums/ApiStatus.php HTTP/1.1" 200 - "-" "Mozilla/5.0 (compatible; MJ12bot/v1.4.8; http://mj12bot.com/)"
51.75.116.202 - - [25/Sep/2026:20:23:47 -0700] "GET /app/Enums/Status.php HTTP/1.1" 200 - "-" "Mozilla/5.0 (compatible; MJ12bot/v1.4.8; http://mj12bot.com/)"
216.73.217.2 - - [25/Sep/2026:20:23:49 -0700] "GET /app/Models/Locations/?C=M&O=A HTTP/1.1" 200 1747 "-" "Mozilla/5.0 AppleWebKit/537.36 (KHTML, like Gecko; compatible; ClaudeBot/1.0; +claudebot@anthropic.com)"
51.75.116.202 - - [25/Sep/2026:20:23:49 -0700] "GET /app/Enums/TermsAndConditions.php HTTP/1.1" 200 - "-" "Mozilla/5.0 (compatible; MJ12bot/v1.4.8; http://mj12bot.com/)"
51.75.116.202 - - [25/Sep/2026:20:23:51 -0700] "GET /app/Enums/Water.php HTTP/1.1" 200 - "-" "Mozilla/5.0 (compatible; MJ12bot/v1.4.8; http://mj12bot.com/)"
51.75.116.202 - - [25/Sep/2026:20:23:52 -0700] "GET /app/Helpers/?C=N;O=A HTTP/1.1" 200 837 "-" "Mozilla/5.0 (compatible; MJ12bot/v1.4.8; http://mj12bot.com/)"
216.73.217.2 - - [25/Sep/2026:20:23:54 -0700] "GET /storage/framework/cache/data/2a/78/2a7843fd5a515874cfd8506d3f15c1083012205e HTTP/1.1" 200 23 "-" "Mozilla/5.0 AppleWebKit/537.36 (KHTML, like Gecko; compatible; ClaudeBot/1.0; +claudebot@anthropic.com)"
51.75.116.202 - - [25/Sep/2026:20:23:54 -0700] "GET /app/Interfaces/AdvertisementInterface.php HTTP/1.1" 200 - "-" "Mozilla/5.0 (compatible; MJ12bot/v1.4.8; http://mj12bot.com/)"
51.75.116.202 - - [25/Sep/2026:20:23:56 -0700] "GET /app/Interfaces/AuthenticationRepositoryInterface.php HTTP/1.1" 200 - "-" "Mozilla/5.0 (compatible; MJ12bot/v1.4.8; http://mj12bot.com/)"
216.73.217.2 - - [25/Sep/2026:20:23:56 -0700] "GET /app/Http/Requests/HowItWork/?C=M&O=A HTTP/1.1" 200 1090 "-" "Mozilla/5.0 AppleWebKit/537.36 (KHTML, like Gecko; compatible; ClaudeBot/1.0; +claudebot@anthropic.com)"
51.75.116.202 - - [25/Sep/2026:20:23:57 -0700] "GET /app/Interfaces/BlogCategoriesInterface.php HTTP/1.1" 200 - "-" "Mozilla/5.0 (compatible; MJ12bot/v1.4.8; http://mj12bot.com/)"
51.75.116.202 - - [25/Sep/2026:20:23:59 -0700] "GET /app/Interfaces/BlogsInterface.php HTTP/1.1" 200 - "-" "Mozilla/5.0 (compatible; MJ12bot/v1.4.8; http://mj12bot.com/)"
216.73.217.2 - - [25/Sep/2026:20:24:01 -0700] "GET /vendor/symfony/console/SignalRegistry/ HTTP/1.1" 200 908 "-" "Mozilla/5.0 AppleWebKit/537.36 (KHTML, like Gecko; compatible; ClaudeBot/1.0; +claudebot@anthropic.com)"
51.75.116.202 - - [25/Sep/2026:20:24:01 -0700] "GET /app/Interfaces/BusinessModelInterface.php HTTP/1.1" 200 - "-" "Mozilla/5.0 (compatible; MJ12bot/v1.4.8; http://mj12bot.com/)"
216.73.217.2 - - [25/Sep/2026:20:24:06 -0700] "GET /app/Http/Requests/HowItWork/?C=D&O=A HTTP/1.1" 200 1090 "-" "Mozilla/5.0 AppleWebKit/537.36 (KHTML, like Gecko; compatible; ClaudeBot/1.0; +claudebot@anthropic.com)"
216.73.217.2 - - [25/Sep/2026:20:24:08 -0700] "GET /vendor/symfony/console/?C=S&O=A HTTP/1.1" 200 5873 "-" "Mozilla/5.0 AppleWebKit/537.36 (KHTML, like Gecko; compatible; ClaudeBot/1.0; +claudebot@anthropic.com)"
51.75.116.202 - - [25/Sep/2026:20:24:09 -0700] "GET /app/Interfaces/CartInterface.php HTTP/1.1" 200 - "-" "Mozilla/5.0 (compatible; MJ12bot/v1.4.8; http://mj12bot.com/)"
216.73.217.2 - - [25/Sep/2026:20:24:10 -0700] "GET /storage/framework/sessions/ldBkxkXwZZghJef2tHTUWDXPXMMRIXmu1OUklmnO HTTP/1.1" 200 271 "-" "Mozilla/5.0 AppleWebKit/537.36 (KHTML, like Gecko; compatible; ClaudeBot/1.0; +claudebot@anthropic.com)"
216.73.217.2 - - [25/Sep/2026:20:24:10 -0700] "GET /storage/framework/sessions/d29kKWSxStuUSBSRWekjtq4yVB685ped4X0a83ce HTTP/1.1" 200 235 "-" "Mozilla/5.0 AppleWebKit/537.36 (KHTML, like Gecko; compatible; ClaudeBot/1.0; +claudebot@anthropic.com)"
216.73.217.2 - - [25/Sep/2026:20:24:10 -0700] "GET /storage/framework/sessions/jeaplX4M74F5qKOCZ7XgE6RKsDNShblZzPoFsDb7 HTTP/1.1" 200 269 "-" "Mozilla/5.0 AppleWebKit/537.36 (KHTML, like Gecko; compatible; ClaudeBot/1.0; +claudebot@anthropic.com)"
216.73.217.2 - - [25/Sep/2026:20:24:11 -0700] "GET /storage/framework/sessions/qhNoTKS9Veg6hAF6pH4QmuOSeNdct3T3HRaLzXUI HTTP/1.1" 200 235 "-" "Mozilla/5.0 AppleWebKit/537.36 (KHTML, like Gecko; compatible; ClaudeBot/1.0; +claudebot@anthropic.com)"
51.75.116.202 - - [25/Sep/2026:20:24:11 -0700] "GET /app/Interfaces/CategoryInterface.php HTTP/1.1" 200 - "-" "Mozilla/5.0 (compatible; MJ12bot/v1.4.8; http://mj12bot.com/)"
216.73.217.2 - - [25/Sep/2026:20:24:11 -0700] "GET /storage/framework/sessions/AuSwVRU7QYM199kD6diGJEye3LS7P6Qxtjh6hMQG HTTP/1.1" 200 268 "-" "Mozilla/5.0 AppleWebKit/537.36 (KHTML, like Gecko; compatible; ClaudeBot/1.0; +claudebot@anthropic.com)"
216.73.217.2 - - [25/Sep/2026:20:24:12 -0700] "GET /storage/framework/sessions/zgPawNGGgfDfJgGNtsueGc905RBEzy1bILqBdJCe HTTP/1.1" 200 258 "-" "Mozilla/5.0 AppleWebKit/537.36 (KHTML, like Gecko; compatible; ClaudeBot/1.0; +claudebot@anthropic.com)"
216.73.217.2 - - [25/Sep/2026:20:24:12 -0700] "GET /storage/framework/sessions/pBm55nRfAEsbwpAeKdZxZ0bpgRm3d2HKpA6lsUhB HTTP/1.1" 200 255 "-" "Mozilla/5.0 AppleWebKit/537.36 (KHTML, like Gecko; compatible; ClaudeBot/1.0; +claudebot@anthropic.com)"
216.73.217.2 - - [25/Sep/2026:20:24:12 -0700] "GET /storage/framework/sessions/2Og5KNUeUTdCYuKUgcIPg9elGgcFmEhdkppxUFPT HTTP/1.1" 200 258 "-" "Mozilla/5.0 AppleWebKit/537.36 (KHTML, like Gecko; compatible; ClaudeBot/1.0; +claudebot@anthropic.com)"
216.73.217.2 - - [25/Sep/2026:20:24:13 -0700] "GET /storage/framework/sessions/BeA8jiAldmOxjCiht8eToqkDC3cKSKD3RxDFnZbT HTTP/1.1" 200 253 "-" "Mozilla/5.0 AppleWebKit/537.36 (KHTML, like Gecko; compatible; ClaudeBot/1.0; +claudebot@anthropic.com)"
51.75.116.202 - - [25/Sep/2026:20:24:13 -0700] "GET /app/Interfaces/CountryInterface.php HTTP/1.1" 200 - "-" "Mozilla/5.0 (compatible; MJ12bot/v1.4.8; http://mj12bot.com/)"
216.73.217.2 - - [25/Sep/2026:20:24:13 -0700] "GET /storage/framework/sessions/8VLWD3YMAkAJKqfPu8js7HW9L2k98D8cp9SYF1g7 HTTP/1.1" 200 265 "-" "Mozilla/5.0 AppleWebKit/537.36 (KHTML, like Gecko; compatible; ClaudeBot/1.0; +claudebot@anthropic.com)"
216.73.217.2 - - [25/Sep/2026:20:24:13 -0700] "GET /storage/framework/sessions/Gp2du0eMj1O4IZNDdP1sJPSdTtRSUU9UeCu5oTdK HTTP/1.1" 200 229 "-" "Mozilla/5.0 AppleWebKit/537.36 (KHTML, like Gecko; compatible; ClaudeBot/1.0; +claudebot@anthropic.com)"
