45.181.72.148 - - [25/Sep/2026:10:52:33 -0700] "GET /public/index.php/blogs/details/rental-property-investment HTTP/1.1" 200 101073 "-" "Mozilla/5.0 (Macintosh; Intel Mac OS X 10_15_7) AppleWebKit/537.36 (KHTML, like Gecko) Chrome/150.0.0.0 Safari/537.36"
186.12.169.6 - - [25/Sep/2026:10:52:33 -0700] "GET /public/index.php/blogs/details/aliquam-faucibus HTTP/1.1" 200 101088 "-" "Mozilla/5.0 (Macintosh; Intel Mac OS X 10_15_7) AppleWebKit/537.36 (KHTML, like Gecko) Chrome/150.0.0.0 Safari/537.36"
136.242.124.221 - - [25/Sep/2026:10:52:34 -0700] "GET /public/index.php/blogs/details/slug HTTP/1.1" 500 3812 "-" "Mozilla/5.0 (Macintosh; Intel Mac OS X 10_15_7) AppleWebKit/537.36 (KHTML, like Gecko) Chrome/150.0.0.0 Safari/537.36"
78.46.190.63 - - [25/Sep/2026:10:52:57 -0700] "HEAD / HTTP/1.1" 200 - "https://livewant.com" "Mozilla/5.0+(compatible; UptimeRobot/2.0; http://www.uptimerobot.com/)"
43.157.170.13 - - [25/Sep/2026:10:55:00 -0700] "GET /resources/views/?C=M;O=A HTTP/1.1" 200 2801 "-" "Mozilla/5.0 (iPhone; CPU iPhone OS 13_2_3 like Mac OS X) AppleWebKit/605.1.15 (KHTML, like Gecko) Version/13.0.3 Mobile/15E148 Safari/604.1"
18.192.166.72 - - [25/Sep/2026:10:55:10 -0700] "HEAD / HTTP/1.1" 200 - "https://www.livewant.com" "Mozilla/5.0+(compatible; UptimeRobot/2.0; http://www.uptimerobot.com/)"
78.46.215.1 - - [25/Sep/2026:10:57:29 -0700] "HEAD / HTTP/1.1" 200 - "https://www.livewant.com" "Mozilla/5.0+(compatible; UptimeRobot/2.0; http://www.uptimerobot.com/)"
78.46.190.63 - - [25/Sep/2026:10:58:02 -0700] "HEAD / HTTP/1.1" 200 - "https://livewant.com" "Mozilla/5.0+(compatible; UptimeRobot/2.0; http://www.uptimerobot.com/)"
66.249.73.199 - - [25/Sep/2026:10:58:36 -0700] "GET /property/4/details/compare.php HTTP/1.1" 404 - "-" "Mozilla/5.0 (Linux; Android 6.0.1; Nexus 5X Build/MMB29P) AppleWebKit/537.36 (KHTML, like Gecko) Chrome/153.0.8010.52 Mobile Safari/537.36 (compatible; Googlebot/2.1; +http://www.google.com/bot.html)"
49.13.134.145 - - [25/Sep/2026:11:00:16 -0700] "HEAD / HTTP/1.1" 200 - "https://www.livewant.com" "Mozilla/5.0+(compatible; UptimeRobot/2.0; http://www.uptimerobot.com/)"
45.180.139.9 - - [25/Sep/2026:11:00:51 -0700] "GET /assets/property/2/2/4.webp HTTP/1.1" 404 - "https://www.livewant.com/property/7/details/creek-side-villas-j5HH3" "Mozilla/5.0 (Windows NT 10.0; Win64; x64) AppleWebKit/537.36 (KHTML, like Gecko) Chrome/142.0.0.0 Safari/537.36"
52.28.162.93 - - [25/Sep/2026:11:02:34 -0700] "HEAD / HTTP/1.1" 200 - "https://www.livewant.com" "Mozilla/5.0+(compatible; UptimeRobot/2.0; http://www.uptimerobot.com/)"
78.46.190.63 - - [25/Sep/2026:11:03:07 -0700] "HEAD / HTTP/1.1" 200 - "https://livewant.com" "Mozilla/5.0+(compatible; UptimeRobot/2.0; http://www.uptimerobot.com/)"
197.43.112.47 - - [25/Sep/2026:11:04:22 -0700] "GET /public/index.php/property-review/30 HTTP/1.1" 200 1694 "-" "Mozilla/5.0 (Windows NT 10.0; Win64; x64) AppleWebKit/537.36 (KHTML, like Gecko) Chrome/107.0.0.0 Safari/537.36"
78.47.173.76 - - [25/Sep/2026:11:05:22 -0700] "HEAD / HTTP/1.1" 200 - "https://www.livewant.com" "Mozilla/5.0+(compatible; UptimeRobot/2.0; http://www.uptimerobot.com/)"
43.166.129.247 - - [25/Sep/2026:11:05:39 -0700] "GET /database/api%20collections/?C=S;O=A HTTP/1.1" 200 885 "-" "Mozilla/5.0 (iPhone; CPU iPhone OS 13_2_3 like Mac OS X) AppleWebKit/605.1.15 (KHTML, like Gecko) Version/13.0.3 Mobile/15E148 Safari/604.1"
78.46.190.63 - - [25/Sep/2026:11:07:39 -0700] "HEAD / HTTP/1.1" 200 - "https://www.livewant.com" "Mozilla/5.0+(compatible; UptimeRobot/2.0; http://www.uptimerobot.com/)"
66.249.73.199 - - [25/Sep/2026:11:07:59 -0700] "GET /property/10/details/compare.php HTTP/1.1" 404 - "-" "Mozilla/5.0 (Linux; Android 6.0.1; Nexus 5X Build/MMB29P) AppleWebKit/537.36 (KHTML, like Gecko) Chrome/153.0.8010.52 Mobile Safari/537.36 (compatible; Googlebot/2.1; +http://www.google.com/bot.html)"
168.119.53.160 - - [25/Sep/2026:11:08:14 -0700] "HEAD / HTTP/1.1" 200 - "https://livewant.com" "Mozilla/5.0+(compatible; UptimeRobot/2.0; http://www.uptimerobot.com/)"
157.90.155.240 - - [25/Sep/2026:11:10:27 -0700] "HEAD / HTTP/1.1" 200 - "https://www.livewant.com" "Mozilla/5.0+(compatible; UptimeRobot/2.0; http://www.uptimerobot.com/)"
49.13.164.148 - - [25/Sep/2026:11:12:46 -0700] "HEAD / HTTP/1.1" 200 - "https://www.livewant.com" "Mozilla/5.0+(compatible; UptimeRobot/2.0; http://www.uptimerobot.com/)"
49.13.130.29 - - [25/Sep/2026:11:13:20 -0700] "HEAD / HTTP/1.1" 200 - "https://livewant.com" "Mozilla/5.0+(compatible; UptimeRobot/2.0; http://www.uptimerobot.com/)"
159.69.158.189 - - [25/Sep/2026:11:15:33 -0700] "HEAD / HTTP/1.1" 200 - "https://www.livewant.com" "Mozilla/5.0+(compatible; UptimeRobot/2.0; http://www.uptimerobot.com/)"
43.134.100.175 - - [25/Sep/2026:11:15:59 -0700] "GET /database/factories/?C=S;O=A HTTP/1.1" 200 853 "-" "Mozilla/5.0 (iPhone; CPU iPhone OS 13_2_3 like Mac OS X) AppleWebKit/605.1.15 (KHTML, like Gecko) Version/13.0.3 Mobile/15E148 Safari/604.1"
114.119.131.97 - - [25/Sep/2026:11:16:07 -0700] "GET /index.php/en/146?set_country=88144 HTTP/1.1" 404 16 "https://www.livewant.com/index.php/en/146?set_country=88144" "Mozilla/5.0 (Linux; Android 7.0;) AppleWebKit/537.36 (HTML, like Gecko) Mobile Safari/537.36 (compatible; PetalBot;+https://webmaster.petalsearch.com/site/petalbot)"
66.249.73.200 - - [25/Sep/2026:11:17:26 -0700] "GET /property/10/details/product.php HTTP/1.1" 404 - "-" "Mozilla/5.0 (Linux; Android 6.0.1; Nexus 5X Build/MMB29P) AppleWebKit/537.36 (KHTML, like Gecko) Chrome/153.0.8010.52 Mobile Safari/537.36 (compatible; Googlebot/2.1; +http://www.google.com/bot.html)"
114.119.136.138 - - [25/Sep/2026:11:17:31 -0700] "GET /index.php/en/143?set_country=88328 HTTP/1.1" 404 16 "https://www.livewant.com/index.php/en/143?set_country=88328" "Mozilla/5.0 (Linux; Android 7.0;) AppleWebKit/537.36 (HTML, like Gecko) Mobile Safari/537.36 (compatible; PetalBot;+https://webmaster.petalsearch.com/site/petalbot)"
18.193.252.127 - - [25/Sep/2026:11:17:52 -0700] "HEAD / HTTP/1.1" 200 - "https://www.livewant.com" "Mozilla/5.0+(compatible; UptimeRobot/2.0; http://www.uptimerobot.com/)"
128.140.41.193 - - [25/Sep/2026:11:18:26 -0700] "HEAD / HTTP/1.1" 200 - "https://livewant.com" "Mozilla/5.0+(compatible; UptimeRobot/2.0; http://www.uptimerobot.com/)"
16.216.88.44 - - [25/Sep/2026:11:18:50 -0700] "GET /properties HTTP/1.1" 404 - "-" "Mozilla/5.0 AppleWebKit/537.36 (KHTML, like Gecko; compatible; Reflectionbot/1.0; +https://reflection.ai/bot) Chrome/151.0.0.0 Safari/537.36"
168.119.123.75 - - [25/Sep/2026:11:20:37 -0700] "HEAD / HTTP/1.1" 200 - "https://www.livewant.com" "Mozilla/5.0+(compatible; UptimeRobot/2.0; http://www.uptimerobot.com/)"
216.25.124.24 - - [25/Sep/2026:11:20:59 -0700] "GET / HTTP/1.1" 200 5649 "-" "RecordedFuture Global Inventory Crawler"
23.94.145.145 - - [25/Sep/2026:11:21:14 -0700] "GET / HTTP/1.1" 200 5649 "-" "CMS-Security-Auditor/1.0 (+authorized self-check; contact: local-admin)"
23.94.145.145 - - [25/Sep/2026:11:21:15 -0700] "GET /wp-json/ HTTP/1.1" 404 - "-" "CMS-Security-Auditor/1.0 (+authorized self-check; contact: local-admin)"
23.94.145.145 - - [25/Sep/2026:11:21:17 -0700] "GET /wp-login.php HTTP/1.1" 404 16 "-" "CMS-Security-Auditor/1.0 (+authorized self-check; contact: local-admin)"
23.94.145.145 - - [25/Sep/2026:11:21:18 -0700] "GET /xmlrpc.php HTTP/1.1" 404 16 "-" "CMS-Security-Auditor/1.0 (+authorized self-check; contact: local-admin)"
66.249.73.200 - - [25/Sep/2026:11:21:29 -0700] "GET /public/index.php/assets/categories/Office.png HTTP/1.1" 200 1613 "-" "Googlebot-Image/1.0"
78.47.98.55 - - [25/Sep/2026:11:22:57 -0700] "HEAD / HTTP/1.1" 200 - "https://www.livewant.com" "Mozilla/5.0+(compatible; UptimeRobot/2.0; http://www.uptimerobot.com/)"
78.47.173.76 - - [25/Sep/2026:11:23:32 -0700] "HEAD / HTTP/1.1" 200 - "https://livewant.com" "Mozilla/5.0+(compatible; UptimeRobot/2.0; http://www.uptimerobot.com/)"
42.2.76.224 - - [25/Sep/2026:11:24:37 -0700] "GET /frontend/img/o_land_icon/google_play.svg HTTP/1.1" 404 - "-" "Mozilla/5.0 (Android 4.2.1; Mobile; rv:7.0) Gecko/7.0 Firefox/7.0"
34.6.224.45 - - [25/Sep/2026:11:25:10 -0700] "GET / HTTP/1.1" 200 5649 "-" "Mozilla/5.0 (Windows NT 10.0; Win64; x64) AppleWebKit/537.36 (KHTML, like Gecko) Chrome/152.0.0.0 Safari/537.36"
34.6.224.45 - - [25/Sep/2026:11:25:10 -0700] "GET /03monjwmx4h7d86ofbbv HTTP/1.1" 404 - "-" "CCBot/2.0 (https://commoncrawl.org/faq/)"
34.6.224.45 - - [25/Sep/2026:11:25:10 -0700] "GET /32lo06kyk9ymd7o0fj19 HTTP/1.1" 404 - "-" "Mozilla/5.0 (compatible; Googlebot/2.1; +http://www.google.com/bot.html)"
34.6.224.45 - - [25/Sep/2026:11:25:10 -0700] "GET /z9x8c7v6b5-debug-trigger-livewant.com HTTP/1.1" 404 - "-" "Mozilla/5.0 (compatible; Kimi-SearchBot/1.0; +https://kimi.ai/)"
34.6.224.45 - - [25/Sep/2026:11:25:10 -0700] "POST / HTTP/1.1" 404 - "-" "Mozilla/5.0 (compatible; Qwenbot/1.0; +https://qwen.alibaba.com/)"
34.6.224.45 - - [25/Sep/2026:11:25:10 -0700] "GET /?C=N;O=D HTTP/1.1" 200 5649 "-" "Mozilla/5.0 (Windows NT 10.0; Win64; x64) AppleWebKit/537.36 (KHTML, like Gecko) Chrome/152.0.0.0 Safari/537.36"
34.6.224.45 - - [25/Sep/2026:11:25:10 -0700] "GET /config/settings.py HTTP/1.1" 404 - "-" "Mozilla/5.0 (compatible; Bytespider; spider-feedback@bytedance.com) AppleWebKit/537.36"
34.6.224.45 - - [25/Sep/2026:11:25:10 -0700] "GET /.streamlit/secrets.toml HTTP/1.1" 404 - "-" "Mozilla/5.0 (compatible; Amazonbot/0.1; +https://developer.amazon.com/support/amazonbot)"
34.6.224.45 - - [25/Sep/2026:11:25:10 -0700] "POST /graphql HTTP/1.1" 404 - "https://livewant.com" "Mozilla/5.0 (Windows NT 10.0; Win64; x64) AppleWebKit/537.36 (KHTML, like Gecko) Chrome/152.0.0.0 Safari/537.36"
34.6.224.45 - - [25/Sep/2026:11:25:10 -0700] "GET /config/env/aws_credentials.env HTTP/1.1" 404 - "-" "Mozilla/5.0 (Macintosh; Intel Mac OS X 10_15_7) AppleWebKit/605.1.15 (KHTML, like Gecko) Version/17.0 Safari/605.1.15 (Applebot/0.1)"
34.6.224.45 - - [25/Sep/2026:11:25:10 -0700] "GET /core/settings.py HTTP/1.1" 404 - "-" "Mozilla/5.0 AppleWebKit/537.36 (KHTML, like Gecko; compatible; Perplexity-User/1.0; +https://perplexity.ai/perplexitybot)"
34.6.224.45 - - [25/Sep/2026:11:25:11 -0700] "GET /backend/settings.py HTTP/1.1" 404 - "-" "Mozilla/5.0 (compatible; Qwenbot/1.0; +https://qwen.alibaba.com/)"
34.6.224.45 - - [25/Sep/2026:11:25:11 -0700] "GET /app/settings.py HTTP/1.1" 404 - "-" "Mozilla/5.0 (compatible; Google-Extended; +http://www.google.com/bot.html)"
34.6.224.45 - - [25/Sep/2026:11:25:11 -0700] "GET /?C=M;O=A HTTP/1.1" 200 5649 "-" "Mozilla/5.0 (Windows NT 10.0; Win64; x64) AppleWebKit/537.36 (KHTML, like Gecko) Chrome/152.0.0.0 Safari/537.36"
34.6.224.45 - - [25/Sep/2026:11:25:11 -0700] "POST /api/graphql HTTP/1.1" 404 - "https://livewant.com" "Mozilla/5.0 (Windows NT 10.0; Win64; x64) AppleWebKit/537.36 (KHTML, like Gecko) Chrome/152.0.0.0 Safari/537.36"
34.6.224.45 - - [25/Sep/2026:11:25:11 -0700] "GET /docs HTTP/1.1" 404 - "-" "Mozilla/5.0 (compatible; cohere-ai; +https://cohere.com/crawler)"
34.6.224.45 - - [25/Sep/2026:11:25:11 -0700] "GET /console HTTP/1.1" 404 - "-" "Mozilla/5.0 (compatible; YiBot/1.0; +https://01.ai/)"
34.6.224.45 - - [25/Sep/2026:11:25:11 -0700] "GET /config.py HTTP/1.1" 404 - "-" "Mozilla/5.0 (compatible; xAI-Grok/1.0; +https://x.ai/)"
34.6.224.45 - - [25/Sep/2026:11:25:11 -0700] "GET /instance/config.py HTTP/1.1" 404 - "-" "Mozilla/5.0 (compatible; Googlebot/2.1; +http://www.google.com/bot.html)"
34.6.224.45 - - [25/Sep/2026:11:25:11 -0700] "GET /admin/ HTTP/1.1" 404 - "-" "Mozilla/5.0 (compatible; Kimi-SearchBot/1.0; +https://kimi.ai/)"
34.6.224.45 - - [25/Sep/2026:11:25:11 -0700] "GET /openapi.json HTTP/1.1" 404 - "-" "Mozilla/5.0 (compatible; MoonshotBot/1.0; +https://kimi.ai/)"
34.6.224.45 - - [25/Sep/2026:11:25:11 -0700] "POST /v1/graphql HTTP/1.1" 404 - "https://livewant.com" "Mozilla/5.0 (Windows NT 10.0; Win64; x64) AppleWebKit/537.36 (KHTML, like Gecko) Chrome/152.0.0.0 Safari/537.36"
34.6.224.45 - - [25/Sep/2026:11:25:11 -0700] "GET /.env.test HTTP/1.1" 404 - "-" "Mozilla/5.0 (compatible; PanguBot/1.0; +https://www.huaweicloud.com/)"
34.6.224.45 - - [25/Sep/2026:11:25:11 -0700] "GET /.env.development HTTP/1.1" 404 - "-" "Mozilla/5.0 AppleWebKit/537.36 (KHTML, like Gecko; compatible; Claude-User/1.0; +claudebot@anthropic.com)"
34.6.224.45 - - [25/Sep/2026:11:25:11 -0700] "GET /.env.staging HTTP/1.1" 404 - "-" "Mozilla/5.0 (compatible; Bytespider; spider-feedback@bytedance.com) AppleWebKit/537.36"
34.6.224.45 - - [25/Sep/2026:11:25:11 -0700] "GET /?C=S;O=A HTTP/1.1" 200 5649 "-" "Mozilla/5.0 (Windows NT 10.0; Win64; x64) AppleWebKit/537.36 (KHTML, like Gecko) Chrome/152.0.0.0 Safari/537.36"
34.6.224.45 - - [25/Sep/2026:11:25:11 -0700] "GET /sendgrid.env HTTP/1.1" 404 - "-" "Mozilla/5.0 (compatible; Hunyuan/1.0; +https://hunyuan.tencent.com/)"
34.6.224.45 - - [25/Sep/2026:11:25:11 -0700] "GET /ses.env HTTP/1.1" 404 - "-" "Mozilla/5.0 (compatible; cohere-ai; +https://cohere.com/crawler)"
34.6.224.45 - - [25/Sep/2026:11:25:12 -0700] "GET /dev/.env HTTP/1.1" 404 - "-" "Mozilla/5.0 (compatible; cohere-ai; +https://cohere.com/crawler)"
34.6.224.45 - - [25/Sep/2026:11:25:12 -0700] "GET /vite.config.js HTTP/1.1" 200 312 "-" "Mozilla/5.0 (Windows NT 10.0; Win64; x64) AppleWebKit/537.36 (KHTML, like Gecko) Chrome/152.0.0.0 Safari/537.36"
34.6.224.45 - - [25/Sep/2026:11:25:12 -0700] "GET /apps/.env HTTP/1.1" 404 - "-" "Mozilla/5.0 (compatible; cohere-ai; +https://cohere.com/crawler)"
34.6.224.45 - - [25/Sep/2026:11:25:12 -0700] "GET /site/.env HTTP/1.1" 404 - "-" "Mozilla/5.0 (compatible; Bravebot/1.0; +https://brave.com/search/)"
34.6.224.45 - - [25/Sep/2026:11:25:13 -0700] "GET /@fs/root/.env?raw?? HTTP/1.1" 404 - "-" "Mozilla/5.0 (compatible; Bravebot/1.0; +https://brave.com/search/)"
34.6.224.45 - - [25/Sep/2026:11:25:13 -0700] "GET /.env.prod.bak HTTP/1.1" 404 - "-" "Mozilla/5.0 (compatible; Bravebot/1.0; +https://brave.com/search/)"
34.6.224.45 - - [25/Sep/2026:11:25:13 -0700] "GET /api/.env.bak HTTP/1.1" 404 - "-" "Mozilla/5.0 (Macintosh; Intel Mac OS X 10_15_7) AppleWebKit/537.36 (KHTML, like Gecko) Chrome/131.0.0.0 Safari/537.36; compatible; OAI-SearchBot/1.4; +https://openai.com/searchbot"
34.6.224.45 - - [25/Sep/2026:11:25:13 -0700] "GET /@fs/.env?raw?? HTTP/1.1" 404 - "-" "Mozilla/5.0 (compatible; Qwenbot/1.0; +https://qwen.alibaba.com/)"
34.6.224.45 - - [25/Sep/2026:11:25:13 -0700] "GET /settings/_payload.json HTTP/1.1" 404 - "-" "Mozilla/5.0 AppleWebKit/537.36 (KHTML, like Gecko); compatible; GPTBot/1.4; +https://openai.com/gptbot"
34.6.224.45 - - [25/Sep/2026:11:25:13 -0700] "GET /api/auth/session HTTP/1.1" 404 - "-" "Mozilla/5.0 AppleWebKit/537.36 (KHTML, like Gecko); compatible; ChatGPT-User/1.0; +https://openai.com/bot"
34.6.224.45 - - [25/Sep/2026:11:25:13 -0700] "GET /debug/pprof/cmdline HTTP/1.1" 404 - "-" "Mozilla/5.0 AppleWebKit/537.36 (KHTML, like Gecko; compatible; Perplexity-User/1.0; +https://perplexity.ai/perplexitybot)"
34.6.224.45 - - [25/Sep/2026:11:25:14 -0700] "GET /metrics HTTP/1.1" 404 - "-" "Mozilla/5.0 (compatible; MoonshotBot/1.0; +https://kimi.ai/)"
34.6.224.45 - - [25/Sep/2026:11:25:14 -0700] "GET /aws-exports.js HTTP/1.1" 404 - "-" "Mozilla/5.0 (compatible; Googlebot/2.1; +http://www.google.com/bot.html)"
34.6.224.45 - - [25/Sep/2026:11:25:14 -0700] "GET /src/amplifyconfiguration.json HTTP/1.1" 404 - "-" "Mozilla/5.0 (compatible; YiBot/1.0; +https://01.ai/)"
34.6.224.45 - - [25/Sep/2026:11:25:14 -0700] "GET /amplify_outputs.json HTTP/1.1" 404 - "-" "Mozilla/5.0 (compatible; Googlebot/2.1; +http://www.google.com/bot.html)"
34.6.224.45 - - [25/Sep/2026:11:25:14 -0700] "GET /awsConfig.js HTTP/1.1" 404 - "-" "DuckAssistBot/1.1 (https://duckduckgo.com/duckassistbot)"
34.6.224.45 - - [25/Sep/2026:11:25:14 -0700] "GET /aws-config.js HTTP/1.1" 404 - "-" "Mozilla/5.0 (compatible; MistralAI-User/1.0; +https://mistral.ai/)"
34.6.224.45 - - [25/Sep/2026:11:25:14 -0700] "GET /rclone.conf HTTP/1.1" 404 - "-" "Mozilla/5.0 (compatible; Meta-ExternalAgent/1.0; +https://developers.facebook.com/docs/sharing/webmasters/crawler)"
34.6.224.45 - - [25/Sep/2026:11:25:15 -0700] "GET /services/.env HTTP/1.1" 404 - "-" "Mozilla/5.0 (compatible; cohere-ai; +https://cohere.com/crawler)"
34.6.224.45 - - [25/Sep/2026:11:25:15 -0700] "GET /project/.env HTTP/1.1" 404 - "-" "Mozilla/5.0 (Macintosh; Intel Mac OS X 10_15_7) AppleWebKit/537.36 (KHTML, like Gecko) Chrome/131.0.0.0 Safari/537.36; compatible; OAI-SearchBot/1.4; +https://openai.com/searchbot"
34.6.224.45 - - [25/Sep/2026:11:25:15 -0700] "GET /infra/.env HTTP/1.1" 404 - "-" "Mozilla/5.0 (compatible; YiBot/1.0; +https://01.ai/)"
34.6.224.45 - - [25/Sep/2026:11:25:15 -0700] "GET /chatbot/.env HTTP/1.1" 404 - "-" "Mozilla/5.0 (compatible; Bravebot/1.0; +https://brave.com/search/)"
34.6.224.45 - - [25/Sep/2026:11:25:15 -0700] "GET /ml/.env HTTP/1.1" 404 - "-" "Mozilla/5.0 (compatible; DeepSeekBot/1.0; +https://www.deepseek.com/)"
34.6.224.45 - - [25/Sep/2026:11:25:15 -0700] "GET /utils/.env HTTP/1.1" 404 - "-" "Mozilla/5.0 (compatible; YiBot/1.0; +https://01.ai/)"
34.6.224.45 - - [25/Sep/2026:11:25:16 -0700] "GET /pkg/.env HTTP/1.1" 404 - "-" "Mozilla/5.0 AppleWebKit/537.36 (KHTML, like Gecko; compatible; PerplexityBot/1.0; +https://perplexity.ai/perplexitybot)"
34.6.224.45 - - [25/Sep/2026:11:25:16 -0700] "GET /panel/.env HTTP/1.1" 404 - "-" "Mozilla/5.0 (compatible; GrokBot/1.0; +https://x.ai/)"
34.6.224.45 - - [25/Sep/2026:11:25:16 -0700] "GET /assets/.env HTTP/1.1" 404 - "-" "Mozilla/5.0 (compatible; YiBot/1.0; +https://01.ai/)"
34.6.224.45 - - [25/Sep/2026:11:25:16 -0700] "GET /static/.env HTTP/1.1" 404 - "-" "Mozilla/5.0 (Macintosh; Intel Mac OS X 10_15_7) AppleWebKit/537.36 (KHTML, like Gecko) Chrome/131.0.0.0 Safari/537.36; compatible; OAI-SearchBot/1.4; +https://openai.com/searchbot"
34.6.224.45 - - [25/Sep/2026:11:25:17 -0700] "GET /.env.stage HTTP/1.1" 404 - "-" "Mozilla/5.0 (compatible; ChatGLM-Spider/1.0; +https://zhipuai.cn/)"
34.6.224.45 - - [25/Sep/2026:11:25:17 -0700] "GET /.env.live HTTP/1.1" 404 - "-" "Mozilla/5.0 AppleWebKit/537.36 (KHTML, like Gecko; compatible; ClaudeBot/1.0; +claudebot@anthropic.com)"
34.6.224.45 - - [25/Sep/2026:11:25:17 -0700] "GET /.env_1 HTTP/1.1" 404 - "-" "Mozilla/5.0 (compatible; cohere-ai; +https://cohere.com/crawler)"
34.6.224.45 - - [25/Sep/2026:11:25:17 -0700] "GET /id_dsa HTTP/1.1" 404 - "-" "Mozilla/5.0 AppleWebKit/537.36 (KHTML, like Gecko; compatible; Claude-User/1.0; +claudebot@anthropic.com)"
34.6.224.45 - - [25/Sep/2026:11:25:17 -0700] "GET /id_ed25519 HTTP/1.1" 404 - "-" "Mozilla/5.0 (compatible; GrokBot/1.0; +https://x.ai/)"
34.6.224.45 - - [25/Sep/2026:11:25:17 -0700] "GET /id_ecdsa HTTP/1.1" 404 - "-" "Mozilla/5.0 AppleWebKit/537.36 (KHTML, like Gecko; compatible; ClaudeBot/1.0; +claudebot@anthropic.com)"
34.6.224.45 - - [25/Sep/2026:11:25:18 -0700] "GET /ssl/server.key HTTP/1.1" 404 - "-" "Mozilla/5.0 (Macintosh; Intel Mac OS X 10_15_7) AppleWebKit/605.1.15 (KHTML, like Gecko) Version/17.0 Safari/605.1.15 (Applebot/0.1)"
34.6.224.45 - - [25/Sep/2026:11:25:18 -0700] "GET /.boto HTTP/1.1" 404 - "-" "Mozilla/5.0 (compatible; MistralAI-User/1.0; +https://mistral.ai/)"
34.6.224.45 - - [25/Sep/2026:11:25:18 -0700] "GET /.github/.env HTTP/1.1" 404 - "-" "Mozilla/5.0 (Macintosh; Intel Mac OS X 10_15_7) AppleWebKit/537.36 (KHTML, like Gecko) Chrome/131.0.0.0 Safari/537.36; compatible; OAI-SearchBot/1.4; +https://openai.com/searchbot"
34.6.224.45 - - [25/Sep/2026:11:25:18 -0700] "GET /.profile HTTP/1.1" 404 - "-" "Mozilla/5.0 (compatible; Hunyuan/1.0; +https://hunyuan.tencent.com/)"
34.6.224.45 - - [25/Sep/2026:11:25:19 -0700] "GET /media../.env HTTP/1.1" 404 - "-" "Mozilla/5.0 (compatible; PanguBot/1.0; +https://www.huaweicloud.com/)"
34.6.224.45 - - [25/Sep/2026:11:25:19 -0700] "GET /.idea/WebServers.xml HTTP/1.1" 404 - "-" "Mozilla/5.0 (compatible; Googlebot/2.1; +http://www.google.com/bot.html)"
34.6.224.45 - - [25/Sep/2026:11:25:19 -0700] "GET /assets../.env HTTP/1.1" 404 - "-" "Mozilla/5.0 AppleWebKit/537.36 (KHTML, like Gecko); compatible; ChatGPT-User/1.0; +https://openai.com/bot"
34.6.224.45 - - [25/Sep/2026:11:25:19 -0700] "GET /uploads../.env HTTP/1.1" 404 - "-" "Mozilla/5.0 (compatible; YouBot/1.0; +https://you.com/bot)"
34.6.224.45 - - [25/Sep/2026:11:25:19 -0700] "GET /build../.env HTTP/1.1" 404 - "-" "Mozilla/5.0 (compatible; Meta-ExternalAgent/1.0; +https://developers.facebook.com/docs/sharing/webmasters/crawler)"
34.6.224.45 - - [25/Sep/2026:11:25:19 -0700] "GET /static//home/user/.env HTTP/1.1" 404 - "-" "Mozilla/5.0 (compatible; Meta-ExternalAgent/1.0; +https://developers.facebook.com/docs/sharing/webmasters/crawler)"
34.6.224.45 - - [25/Sep/2026:11:25:20 -0700] "GET /.//.env HTTP/1.1" 200 1107 "-" "Mozilla/5.0 (compatible; YiBot/1.0; +https://01.ai/)"
34.6.224.45 - - [25/Sep/2026:11:25:20 -0700] "GET /%2eenv HTTP/1.1" 200 1107 "-" "Mozilla/5.0 (compatible; GrokBot/1.0; +https://x.ai/)"
34.6.224.45 - - [25/Sep/2026:11:25:20 -0700] "GET /admin%2F.env HTTP/1.1" 404 - "-" "Mozilla/5.0 (compatible; MoonshotBot/1.0; +https://kimi.ai/)"
34.6.224.45 - - [25/Sep/2026:11:25:20 -0700] "GET /dashboard%2F.env HTTP/1.1" 404 - "-" "Mozilla/5.0 (Macintosh; Intel Mac OS X 10_15_7) AppleWebKit/537.36 (KHTML, like Gecko) Chrome/131.0.0.0 Safari/537.36; compatible; OAI-SearchBot/1.4; +https://openai.com/searchbot"
34.6.224.45 - - [25/Sep/2026:11:25:20 -0700] "GET /config.js HTTP/1.1" 404 - "-" "Mozilla/5.0 (compatible; MoonshotBot/1.0; +https://kimi.ai/)"
34.6.224.45 - - [25/Sep/2026:11:25:21 -0700] "GET /api/settings HTTP/1.1" 404 - "-" "Mozilla/5.0 AppleWebKit/537.36 (KHTML, like Gecko; compatible; ClaudeBot/1.0; +claudebot@anthropic.com)"
34.6.224.45 - - [25/Sep/2026:11:25:21 -0700] "GET /settings.json HTTP/1.1" 404 - "-" "Mozilla/5.0 (compatible; YouBot/1.0; +https://you.com/bot)"
34.6.224.45 - - [25/Sep/2026:11:25:21 -0700] "GET /env.js HTTP/1.1" 404 - "-" "Mozilla/5.0 (compatible; Bytespider; spider-feedback@bytedance.com) AppleWebKit/537.36"
34.6.224.45 - - [25/Sep/2026:11:25:21 -0700] "GET /.well-known/jwks.json HTTP/1.1" 404 - "-" "Mozilla/5.0 (compatible; Kimi-SearchBot/1.0; +https://kimi.ai/)"
34.6.224.45 - - [25/Sep/2026:11:25:21 -0700] "GET /api/env HTTP/1.1" 404 - "-" "Mozilla/5.0 (Macintosh; Intel Mac OS X 10_15_7) AppleWebKit/605.1.15 (KHTML, like Gecko) Version/17.0 Safari/605.1.15 (Applebot/0.1)"
34.6.224.45 - - [25/Sep/2026:11:25:21 -0700] "GET /runtime-config.js HTTP/1.1" 404 - "-" "Mozilla/5.0 (compatible; MistralAI-User/1.0; +https://mistral.ai/)"
34.6.224.45 - - [25/Sep/2026:11:25:21 -0700] "GET /api/openapi.json HTTP/1.1" 404 - "-" "Mozilla/5.0 (Macintosh; Intel Mac OS X 10_15_7) AppleWebKit/605.1.15 (KHTML, like Gecko) Version/17.0 Safari/605.1.15 (Applebot/0.1)"
34.6.224.45 - - [25/Sep/2026:11:25:21 -0700] "GET /health HTTP/1.1" 404 - "-" "DuckAssistBot/1.1 (https://duckduckgo.com/duckassistbot)"
34.6.224.45 - - [25/Sep/2026:11:25:22 -0700] "GET /swagger.json HTTP/1.1" 404 - "-" "Mozilla/5.0 (compatible; ChatGLM-Spider/1.0; +https://zhipuai.cn/)"
34.6.224.45 - - [25/Sep/2026:11:25:22 -0700] "GET /configuration.js HTTP/1.1" 404 - "-" "Mozilla/5.0 (Macintosh; Intel Mac OS X 10_15_7) AppleWebKit/605.1.15 (KHTML, like Gecko) Version/17.0 Safari/605.1.15 (Applebot/0.1)"
34.6.224.45 - - [25/Sep/2026:11:25:22 -0700] "GET /api/v1/env HTTP/1.1" 404 - "-" "Mozilla/5.0 (compatible; Google-Extended; +http://www.google.com/bot.html)"
34.6.224.45 - - [25/Sep/2026:11:25:22 -0700] "GET /__env.js HTTP/1.1" 404 - "-" "Mozilla/5.0 AppleWebKit/537.36 (KHTML, like Gecko; compatible; ClaudeBot/1.0; +claudebot@anthropic.com)"
34.6.224.45 - - [25/Sep/2026:11:25:22 -0700] "GET /environment.js HTTP/1.1" 404 - "-" "Mozilla/5.0 AppleWebKit/537.36 (KHTML, like Gecko); compatible; GPTBot/1.4; +https://openai.com/gptbot"
34.6.224.45 - - [25/Sep/2026:11:25:22 -0700] "GET /settings.js HTTP/1.1" 404 - "-" "Mozilla/5.0 (Macintosh; Intel Mac OS X 10_15_7) AppleWebKit/537.36 (KHTML, like Gecko) Chrome/131.0.0.0 Safari/537.36; compatible; OAI-SearchBot/1.4; +https://openai.com/searchbot"
34.6.224.45 - - [25/Sep/2026:11:25:22 -0700] "GET /credentials.js HTTP/1.1" 404 - "-" "Mozilla/5.0 AppleWebKit/537.36 (KHTML, like Gecko; compatible; ClaudeBot/1.0; +claudebot@anthropic.com)"
34.6.224.45 - - [25/Sep/2026:11:25:22 -0700] "GET /config.json.js HTTP/1.1" 404 - "-" "Mozilla/5.0 (compatible; Bytespider; spider-feedback@bytedance.com) AppleWebKit/537.36"
34.6.224.45 - - [25/Sep/2026:11:25:22 -0700] "GET /.env.js HTTP/1.1" 404 - "-" "Mozilla/5.0 AppleWebKit/537.36 (KHTML, like Gecko; compatible; PerplexityBot/1.0; +https://perplexity.ai/perplexitybot)"
34.6.224.45 - - [25/Sep/2026:11:25:22 -0700] "GET /constants.js HTTP/1.1" 404 - "-" "Mozilla/5.0 (compatible; Bravebot/1.0; +https://brave.com/search/)"
34.6.224.45 - - [25/Sep/2026:11:25:22 -0700] "GET /sw.js HTTP/1.1" 404 - "-" "Mozilla/5.0 (compatible; Qwenbot/1.0; +https://qwen.alibaba.com/)"
34.6.224.45 - - [25/Sep/2026:11:25:22 -0700] "GET /public/env.js HTTP/1.1" 200 86595 "-" "Mozilla/5.0 (compatible; Google-Extended; +http://www.google.com/bot.html)"
34.6.224.45 - - [25/Sep/2026:11:25:22 -0700] "GET /service-worker.js HTTP/1.1" 404 - "-" "Mozilla/5.0 (compatible; xAI-Grok/1.0; +https://x.ai/)"
34.6.224.45 - - [25/Sep/2026:11:25:22 -0700] "GET /actuator/loggers HTTP/1.1" 404 - "-" "Mozilla/5.0 (compatible; KimiBot/1.0; +https://kimi.ai/)"
34.6.224.45 - - [25/Sep/2026:11:25:22 -0700] "GET /ngsw.json HTTP/1.1" 404 - "-" "CCBot/2.0 (https://commoncrawl.org/faq/)"
34.6.224.45 - - [25/Sep/2026:11:25:23 -0700] "POST /api HTTP/1.1" 404 - "-" "Mozilla/5.0 AppleWebKit/537.36 (KHTML, like Gecko); compatible; GPTBot/1.4; +https://openai.com/gptbot"
34.6.224.45 - - [25/Sep/2026:11:25:23 -0700] "POST /dashboard HTTP/1.1" 404 - "-" "Mozilla/5.0 (compatible; cohere-ai; +https://cohere.com/crawler)"
34.6.224.45 - - [25/Sep/2026:11:25:23 -0700] "POST /admin HTTP/1.1" 404 - "-" "Mozilla/5.0 (compatible; Amazonbot/0.1; +https://developer.amazon.com/support/amazonbot)"
34.6.224.45 - - [25/Sep/2026:11:25:24 -0700] "POST /api/auth HTTP/1.1" 404 - "-" "Mozilla/5.0 (compatible; DeepSeekBot/1.0; +https://www.deepseek.com/)"
34.6.224.45 - - [25/Sep/2026:11:25:24 -0700] "POST /lib/terminal-xhr.php HTTP/1.1" 404 - "-" "Mozilla/5.0 AppleWebKit/537.36 (KHTML, like Gecko; compatible; Perplexity-User/1.0; +https://perplexity.ai/perplexitybot)"
34.6.224.45 - - [25/Sep/2026:11:25:25 -0700] "POST /icecoder/lib/terminal-xhr.php HTTP/1.1" 404 - "-" "Mozilla/5.0 AppleWebKit/537.36 (KHTML, like Gecko; compatible; Claude-User/1.0; +claudebot@anthropic.com)"
34.6.224.45 - - [25/Sep/2026:11:25:25 -0700] "POST /functionRouter HTTP/1.1" 404 - "-" "Mozilla/5.0 (compatible; YiBot/1.0; +https://01.ai/)"
34.6.224.45 - - [25/Sep/2026:11:25:26 -0700] "POST /api/functionRouter HTTP/1.1" 404 - "-" "Mozilla/5.0 (compatible; YouBot/1.0; +https://you.com/bot)"
34.6.224.45 - - [25/Sep/2026:11:25:26 -0700] "DELETE /api/inngest HTTP/1.1" 404 - "-" "Mozilla/5.0 (compatible; DeepSeekBot/1.0; +https://www.deepseek.com/)"
34.6.224.45 - - [25/Sep/2026:11:25:27 -0700] "DELETE /inngest HTTP/1.1" 404 - "-" "Mozilla/5.0 (compatible; Meta-ExternalAgent/1.0; +https://developers.facebook.com/docs/sharing/webmasters/crawler)"
34.6.224.45 - - [25/Sep/2026:11:25:27 -0700] "DELETE /api/events HTTP/1.1" 404 - "-" "Mozilla/5.0 (compatible; YouBot/1.0; +https://you.com/bot)"
34.6.224.45 - - [25/Sep/2026:11:25:27 -0700] "POST /read-document HTTP/1.1" 404 - "-" "Mozilla/5.0 (Macintosh; Intel Mac OS X 10_15_7) AppleWebKit/605.1.15 (KHTML, like Gecko) Version/17.0 Safari/605.1.15 (Applebot/0.1)"
34.6.224.45 - - [25/Sep/2026:11:25:28 -0700] "POST /read-document HTTP/1.1" 404 - "-" "Mozilla/5.0 (compatible; Bravebot/1.0; +https://brave.com/search/)"
34.6.224.45 - - [25/Sep/2026:11:25:28 -0700] "POST /feast/read-document HTTP/1.1" 404 - "-" "Mozilla/5.0 (compatible; ChatGLM-Spider/1.0; +https://zhipuai.cn/)"
34.6.224.45 - - [25/Sep/2026:11:25:28 -0700] "POST /feast/read-document HTTP/1.1" 404 - "-" "Mozilla/5.0 (compatible; Amazonbot/0.1; +https://developer.amazon.com/support/amazonbot)"
34.6.224.45 - - [25/Sep/2026:11:25:29 -0700] "POST /api/v1/validate/code HTTP/1.1" 404 - "-" "Mozilla/5.0 AppleWebKit/537.36 (KHTML, like Gecko); compatible; GPTBot/1.4; +https://openai.com/gptbot"
34.6.224.45 - - [25/Sep/2026:11:25:29 -0700] "POST /langflow/api/v1/validate/code HTTP/1.1" 404 - "-" "Mozilla/5.0 (compatible; Qwenbot/1.0; +https://qwen.alibaba.com/)"
34.6.224.45 - - [25/Sep/2026:11:25:30 -0700] "POST /api/v1/build_public_tmp/00000000-0000-0000-0000-000000000000/flow HTTP/1.1" 404 - "-" "Mozilla/5.0 (Macintosh; Intel Mac OS X 10_15_7) AppleWebKit/537.36 (KHTML, like Gecko) Chrome/131.0.0.0 Safari/537.36; compatible; OAI-SearchBot/1.4; +https://openai.com/searchbot"
34.6.224.45 - - [25/Sep/2026:11:25:30 -0700] "POST /api/fs/exec HTTP/1.1" 404 - "-" "Mozilla/5.0 AppleWebKit/537.36 (KHTML, like Gecko; compatible; Claude-User/1.0; +claudebot@anthropic.com)"
34.6.224.45 - - [25/Sep/2026:11:25:31 -0700] "POST /api/designer/v1/file-content HTTP/1.1" 404 - "-" "Mozilla/5.0 (compatible; YouBot/1.0; +https://you.com/bot)"
34.6.224.45 - - [25/Sep/2026:11:25:31 -0700] "POST /api/designer/v1/file-content HTTP/1.1" 404 - "-" "Mozilla/5.0 AppleWebKit/537.36 (KHTML, like Gecko; compatible; Perplexity-User/1.0; +https://perplexity.ai/perplexitybot)"
34.6.224.45 - - [25/Sep/2026:11:25:32 -0700] "POST /api/templates/preview HTTP/1.1" 404 - "-" "Mozilla/5.0 (compatible; DeepSeekBot/1.0; +https://www.deepseek.com/)"
34.6.224.45 - - [25/Sep/2026:11:25:32 -0700] "POST /api/templates/preview HTTP/1.1" 404 - "-" "Mozilla/5.0 AppleWebKit/537.36 (KHTML, like Gecko; compatible; PerplexityBot/1.0; +https://perplexity.ai/perplexitybot)"
34.6.224.45 - - [25/Sep/2026:11:25:32 -0700] "POST /index.php?%ADd+allow_url_include%3d1+%ADd+auto_prepend_file%3dphp://input HTTP/1.1" 404 16 "-" "Mozilla/5.0 AppleWebKit/537.36 (KHTML, like Gecko; compatible; Claude-SearchBot/1.0; +claudebot@anthropic.com)"
34.6.224.45 - - [25/Sep/2026:11:25:33 -0700] "POST /php-cgi/php-cgi.exe?%ADd+allow_url_include%3d1+%ADd+auto_prepend_file%3dphp://input HTTP/1.1" 404 - "-" "Mozilla/5.0 (compatible; Meta-ExternalAgent/1.0; +https://developers.facebook.com/docs/sharing/webmasters/crawler)"
34.6.224.45 - - [25/Sep/2026:11:25:33 -0700] "POST /cgi-bin/php-cgi.exe?%ADd+allow_url_include%3d1+%ADd+auto_prepend_file%3dphp://input HTTP/1.1" 404 - "-" "DuckAssistBot/1.1 (https://duckduckgo.com/duckassistbot)"
34.6.224.45 - - [25/Sep/2026:11:25:34 -0700] "POST /cgi-bin/php?%ADd+allow_url_include%3d1+%ADd+auto_prepend_file%3dphp://input HTTP/1.1" 404 - "-" "Mozilla/5.0 (compatible; Qwenbot/1.0; +https://qwen.alibaba.com/)"
34.6.224.45 - - [25/Sep/2026:11:25:34 -0700] "POST /api/v1/node-load-method/customMCP HTTP/1.1" 404 - "-" "Mozilla/5.0 (compatible; Googlebot/2.1; +http://www.google.com/bot.html)"
34.6.224.45 - - [25/Sep/2026:11:25:35 -0700] "POST /flowise/api/v1/node-load-method/customMCP HTTP/1.1" 404 - "-" "Mozilla/5.0 (compatible; xAI-Grok/1.0; +https://x.ai/)"
34.6.224.45 - - [25/Sep/2026:11:25:35 -0700] "POST /exec-py HTTP/1.1" 404 - "-" "Mozilla/5.0 (compatible; Hunyuan/1.0; +https://hunyuan.tencent.com/)"
49.13.134.145 - - [25/Sep/2026:11:25:43 -0700] "HEAD / HTTP/1.1" 200 - "https://www.livewant.com" "Mozilla/5.0+(compatible; UptimeRobot/2.0; http://www.uptimerobot.com/)"
43.166.136.24 - - [25/Sep/2026:11:27:43 -0700] "GET /database/seeders/UserSeeder.php HTTP/1.1" 500 - "-" "Mozilla/5.0 (iPhone; CPU iPhone OS 13_2_3 like Mac OS X) AppleWebKit/605.1.15 (KHTML, like Gecko) Version/13.0.3 Mobile/15E148 Safari/604.1"
78.47.98.55 - - [25/Sep/2026:11:28:02 -0700] "HEAD / HTTP/1.1" 200 - "https://www.livewant.com" "Mozilla/5.0+(compatible; UptimeRobot/2.0; http://www.uptimerobot.com/)"
78.46.190.63 - - [25/Sep/2026:11:28:38 -0700] "HEAD / HTTP/1.1" 200 - "https://livewant.com" "Mozilla/5.0+(compatible; UptimeRobot/2.0; http://www.uptimerobot.com/)"
18.193.252.127 - - [25/Sep/2026:11:30:49 -0700] "HEAD / HTTP/1.1" 200 - "https://www.livewant.com" "Mozilla/5.0+(compatible; UptimeRobot/2.0; http://www.uptimerobot.com/)"
128.140.41.193 - - [25/Sep/2026:11:33:08 -0700] "HEAD / HTTP/1.1" 200 - "https://www.livewant.com" "Mozilla/5.0+(compatible; UptimeRobot/2.0; http://www.uptimerobot.com/)"
49.13.24.81 - - [25/Sep/2026:11:33:43 -0700] "HEAD / HTTP/1.1" 200 - "https://livewant.com" "Mozilla/5.0+(compatible; UptimeRobot/2.0; http://www.uptimerobot.com/)"
43.164.131.148 - - [25/Sep/2026:11:35:29 -0700] "GET /database/sql/ HTTP/1.1" 200 842 "-" "Mozilla/5.0 (iPhone; CPU iPhone OS 13_2_3 like Mac OS X) AppleWebKit/605.1.15 (KHTML, like Gecko) Version/13.0.3 Mobile/15E148 Safari/604.1"
128.140.106.114 - - [25/Sep/2026:11:35:54 -0700] "HEAD / HTTP/1.1" 200 - "https://www.livewant.com" "Mozilla/5.0+(compatible; UptimeRobot/2.0; http://www.uptimerobot.com/)"
114.119.131.200 - - [25/Sep/2026:11:37:31 -0700] "GET /public/index.php/property/11/details/green-view-terrace-hKIfK HTTP/1.1" 200 200683 "https://www.livewant.com/public/index.php/customer/refund-details" "Mozilla/5.0 (Linux; Android 7.0;) AppleWebKit/537.36 (HTML, like Gecko) Mobile Safari/537.36 (compatible; PetalBot;+https://webmaster.petalsearch.com/site/petalbot)"
78.47.173.76 - - [25/Sep/2026:11:38:14 -0700] "HEAD / HTTP/1.1" 200 - "https://www.livewant.com" "Mozilla/5.0+(compatible; UptimeRobot/2.0; http://www.uptimerobot.com/)"
128.140.106.114 - - [25/Sep/2026:11:38:49 -0700] "HEAD / HTTP/1.1" 200 - "https://livewant.com" "Mozilla/5.0+(compatible; UptimeRobot/2.0; http://www.uptimerobot.com/)"
114.119.131.97 - - [25/Sep/2026:11:38:54 -0700] "GET /public/assets/property/2/3/4.webp HTTP/1.1" 200 42890 "https://www.livewant.com/public/property/8/details/pine-crest-heights-VTb4S" "Mozilla/5.0 (Linux; Android 7.0;) AppleWebKit/537.36 (HTML, like Gecko) Mobile Safari/537.36 (compatible; PetalBot;+https://webmaster.petalsearch.com/site/petalbot)"
129.151.4.248 - - [25/Sep/2026:11:39:19 -0700] "GET /robots.txt HTTP/1.1" 404 - "-" "AteveSearchSourceUrlDiscovery/0.1 (+mailto:crawler@example.com)"
129.151.4.248 - - [25/Sep/2026:11:39:19 -0700] "GET /category/compare.php HTTP/1.1" 404 - "-" "AteveSearchSourceUrlDiscovery/0.1 (+mailto:crawler@example.com)"
129.151.4.248 - - [25/Sep/2026:11:39:19 -0700] "GET /property-details HTTP/1.1" 404 - "-" "AteveSearchSourceUrlDiscovery/0.1 (+mailto:crawler@example.com)"
129.151.4.248 - - [25/Sep/2026:11:39:20 -0700] "GET /category/$%7Bproperty.details_url%7D HTTP/1.1" 404 - "-" "AteveSearchSourceUrlDiscovery/0.1 (+mailto:crawler@example.com)"
129.151.4.248 - - [25/Sep/2026:11:39:21 -0700] "GET /blogs/details/slug HTTP/1.1" 404 - "-" "AteveSearchSourceUrlDiscovery/0.1 (+mailto:crawler@example.com)"
129.151.4.248 - - [25/Sep/2026:11:39:21 -0700] "GET /blogs/details/$%7Bproperty.details_url%7D HTTP/1.1" 404 - "-" "AteveSearchSourceUrlDiscovery/0.1 (+mailto:crawler@example.com)"
129.151.4.248 - - [25/Sep/2026:11:39:21 -0700] "GET /blogs/details/compare.php HTTP/1.1" 404 - "-" "AteveSearchSourceUrlDiscovery/0.1 (+mailto:crawler@example.com)"
114.119.142.7 - - [25/Sep/2026:11:40:19 -0700] "GET /public/assets/property/1/4/3.webp HTTP/1.1" 200 54906 "https://www.livewant.com/public/property/4/details/pine-crest-heights-vD7RG" "Mozilla/5.0 (Linux; Android 7.0;) AppleWebKit/537.36 (HTML, like Gecko) Mobile Safari/537.36 (compatible; PetalBot;+https://webmaster.petalsearch.com/site/petalbot)"
47.128.120.3 - - [25/Sep/2026:11:40:58 -0700] "GET /robots.txt HTTP/1.1" 404 - "-" "Mozilla/5.0 (iPhone; CPU iPhone OS 7_1_2 like Mac OS X) AppleWebKit/537.36 (KHTML, like Gecko) Version/7.0 Mobile Safari/537.36 (compatible; Bytespider; https://bytedance.sg.larkoffice.com/docx/K5bxdypulop3IIxrJb0lOjLVgFe)"
52.28.162.93 - - [25/Sep/2026:11:40:59 -0700] "HEAD / HTTP/1.1" 200 - "https://www.livewant.com" "Mozilla/5.0+(compatible; UptimeRobot/2.0; http://www.uptimerobot.com/)"
114.119.157.108 - - [25/Sep/2026:11:41:49 -0700] "GET /public/index.php/property/7/details/product.php HTTP/1.1" 200 204931 "https://www.livewant.com/public/index.php/property/7/details/product.php" "Mozilla/5.0 (Linux; Android 7.0;) AppleWebKit/537.36 (HTML, like Gecko) Mobile Safari/537.36 (compatible; PetalBot;+https://webmaster.petalsearch.com/site/petalbot)"
114.119.157.108 - - [25/Sep/2026:11:43:06 -0700] "GET /index.php/hr/173?set_country=88279 HTTP/1.1" 404 16 "https://www.livewant.com/index.php/hr/173?set_country=88279" "Mozilla/5.0 (Linux; Android 7.0;) AppleWebKit/537.36 (HTML, like Gecko) Mobile Safari/537.36 (compatible; PetalBot;+https://webmaster.petalsearch.com/site/petalbot)"
49.13.164.148 - - [25/Sep/2026:11:43:20 -0700] "HEAD / HTTP/1.1" 200 - "https://www.livewant.com" "Mozilla/5.0+(compatible; UptimeRobot/2.0; http://www.uptimerobot.com/)"
49.13.134.145 - - [25/Sep/2026:11:43:54 -0700] "HEAD / HTTP/1.1" 200 - "https://livewant.com" "Mozilla/5.0+(compatible; UptimeRobot/2.0; http://www.uptimerobot.com/)"
114.119.142.7 - - [25/Sep/2026:11:44:28 -0700] "GET /index.php/hr/146?set_currency=EUR HTTP/1.1" 404 16 "https://www.livewant.com/index.php/hr/146?set_currency=EUR" "Mozilla/5.0 (Linux; Android 7.0;) AppleWebKit/537.36 (HTML, like Gecko) Mobile Safari/537.36 (compatible; PetalBot;+https://webmaster.petalsearch.com/site/petalbot)"
66.249.73.199 - - [25/Sep/2026:11:45:29 -0700] "GET /property/15/details/compare.php HTTP/1.1" 404 - "-" "Mozilla/5.0 (Linux; Android 6.0.1; Nexus 5X Build/MMB29P) AppleWebKit/537.36 (KHTML, like Gecko) Chrome/153.0.8010.52 Mobile Safari/537.36 (compatible; Googlebot/2.1; +http://www.google.com/bot.html)"
114.119.156.134 - - [25/Sep/2026:11:45:52 -0700] "GET /agents/?set_country=empty HTTP/1.1" 404 - "https://www.livewant.com/index.php/en/169/agents?set_country=empty" "Mozilla/5.0 (Linux; Android 7.0;) AppleWebKit/537.36 (HTML, like Gecko) Mobile Safari/537.36 (compatible; PetalBot;+https://webmaster.petalsearch.com/site/petalbot)"
49.13.167.123 - - [25/Sep/2026:11:46:04 -0700] "HEAD / HTTP/1.1" 200 - "https://www.livewant.com" "Mozilla/5.0+(compatible; UptimeRobot/2.0; http://www.uptimerobot.com/)"
145.223.131.176 - - [25/Sep/2026:11:46:51 -0700] "GET /templates/bootstrap2-responsive/assets/img/icons/option_id/49.png HTTP/1.1" 404 - "-" "Mozilla/5.0 (Macintosh; Intel Mac OS X 10_15_7) AppleWebKit/537.36 (KHTML, like Gecko) Chrome/110.0.0.0 Safari/537.36"
114.119.131.97 - - [25/Sep/2026:11:47:15 -0700] "GET /public/assets/property/1/5/2.webp HTTP/1.1" 200 81556 "https://livewant.com/public/property/5/details/springfield-gardens-hFCsp" "Mozilla/5.0 (Linux; Android 7.0;) AppleWebKit/537.36 (HTML, like Gecko) Mobile Safari/537.36 (compatible; PetalBot;+https://webmaster.petalsearch.com/site/petalbot)"
18.193.252.127 - - [25/Sep/2026:11:48:25 -0700] "HEAD / HTTP/1.1" 200 - "https://www.livewant.com" "Mozilla/5.0+(compatible; UptimeRobot/2.0; http://www.uptimerobot.com/)"
43.156.79.172 - - [25/Sep/2026:11:48:39 -0700] "GET /resources/views/vendor/ HTTP/1.1" 200 864 "-" "Mozilla/5.0 (iPhone; CPU iPhone OS 13_2_3 like Mac OS X) AppleWebKit/605.1.15 (KHTML, like Gecko) Version/13.0.3 Mobile/15E148 Safari/604.1"
114.119.153.169 - - [25/Sep/2026:11:48:39 -0700] "GET /public/properties-list-fullwidth?view=list HTTP/1.1" 200 87167 "https://www.livewant.com/properties-list-fullwidth/?view=list" "Mozilla/5.0 (Linux; Android 7.0;) AppleWebKit/537.36 (HTML, like Gecko) Mobile Safari/537.36 (compatible; PetalBot;+https://webmaster.petalsearch.com/site/petalbot)"
168.119.123.75 - - [25/Sep/2026:11:49:00 -0700] "HEAD / HTTP/1.1" 200 - "https://livewant.com" "Mozilla/5.0+(compatible; UptimeRobot/2.0; http://www.uptimerobot.com/)"
114.119.131.200 - - [25/Sep/2026:11:50:03 -0700] "GET /assets/property/2/5/3.webp HTTP/1.1" 404 - "https://livewant.com/property/10/details/briarwood-court-0euX1" "Mozilla/5.0 (Linux; Android 7.0;) AppleWebKit/537.36 (HTML, like Gecko) Mobile Safari/537.36 (compatible; PetalBot;+https://webmaster.petalsearch.com/site/petalbot)"
49.13.24.81 - - [25/Sep/2026:11:51:10 -0700] "HEAD / HTTP/1.1" 200 - "https://www.livewant.com" "Mozilla/5.0+(compatible; UptimeRobot/2.0; http://www.uptimerobot.com/)"
49.51.73.183 - - [25/Sep/2026:11:52:29 -0700] "GET /resources/views/?C=M;O=D HTTP/1.1" 200 2801 "-" "Mozilla/5.0 (iPhone; CPU iPhone OS 13_2_3 like Mac OS X) AppleWebKit/605.1.15 (KHTML, like Gecko) Version/13.0.3 Mobile/15E148 Safari/604.1"
18.193.252.127 - - [25/Sep/2026:11:53:30 -0700] "HEAD / HTTP/1.1" 200 - "https://www.livewant.com" "Mozilla/5.0+(compatible; UptimeRobot/2.0; http://www.uptimerobot.com/)"
78.46.215.1 - - [25/Sep/2026:11:54:05 -0700] "HEAD / HTTP/1.1" 200 - "https://livewant.com" "Mozilla/5.0+(compatible; UptimeRobot/2.0; http://www.uptimerobot.com/)"
114.119.156.134 - - [25/Sep/2026:11:54:43 -0700] "GET /index.php/hr/169?set_currency=USD HTTP/1.1" 404 16 "https://livewant.com/index.php/hr/169?set_currency=USD" "Mozilla/5.0 (Linux; Android 7.0;) AppleWebKit/537.36 (HTML, like Gecko) Mobile Safari/537.36 (compatible; PetalBot;+https://webmaster.petalsearch.com/site/petalbot)"
57.141.20.16 - - [25/Sep/2026:11:55:58 -0700] "GET /frontend/img/o_land_icon/apple_icon.svg HTTP/1.1" 404 - "-" "Mozilla/5.0 (Windows NT 10.0; Win64; x64) AppleWebKit/537.36 (KHTML, like Gecko) Chrome/145.0.0.0 Safari/537.36 (compatible; meta-externalagent/1.1 (+https://developers.facebook.com/docs/sharing/webmasters/crawler))"
168.119.123.75 - - [25/Sep/2026:11:56:16 -0700] "HEAD / HTTP/1.1" 200 - "https://www.livewant.com" "Mozilla/5.0+(compatible; UptimeRobot/2.0; http://www.uptimerobot.com/)"
112.86.225.101 - - [25/Sep/2026:11:57:06 -0700] "GET / HTTP/1.1" 200 5649 "-" "Sogou web spider/4.0(+http://www.sogou.com/docs/help/webmasters.htm#07)"
49.13.134.145 - - [25/Sep/2026:11:58:35 -0700] "HEAD / HTTP/1.1" 200 - "https://www.livewant.com" "Mozilla/5.0+(compatible; UptimeRobot/2.0; http://www.uptimerobot.com/)"
78.46.190.63 - - [25/Sep/2026:11:59:11 -0700] "HEAD / HTTP/1.1" 200 - "https://livewant.com" "Mozilla/5.0+(compatible; UptimeRobot/2.0; http://www.uptimerobot.com/)"
45.10.162.209 - - [25/Sep/2026:11:59:17 -0700] "GET /wp-content/uploads/2022/12/Adobe-Homes.png HTTP/1.1" 404 - "-" "Mozilla/5.0 (Macintosh; Intel Mac OS X 10_15_7) AppleWebKit/537.36 (KHTML, like Gecko) Chrome/120.0.0.0 Safari/537.36"
78.47.98.55 - - [25/Sep/2026:12:01:21 -0700] "HEAD / HTTP/1.1" 200 - "https://www.livewant.com" "Mozilla/5.0+(compatible; UptimeRobot/2.0; http://www.uptimerobot.com/)"
157.90.155.240 - - [25/Sep/2026:12:03:42 -0700] "HEAD / HTTP/1.1" 200 - "https://www.livewant.com" "Mozilla/5.0+(compatible; UptimeRobot/2.0; http://www.uptimerobot.com/)"
168.119.96.239 - - [25/Sep/2026:12:04:16 -0700] "HEAD / HTTP/1.1" 200 - "https://livewant.com" "Mozilla/5.0+(compatible; UptimeRobot/2.0; http://www.uptimerobot.com/)"
43.159.136.201 - - [25/Sep/2026:12:06:03 -0700] "GET /database/api%20collections/LandLord.postman_collection.json HTTP/1.1" 200 46603 "-" "Mozilla/5.0 (iPhone; CPU iPhone OS 13_2_3 like Mac OS X) AppleWebKit/605.1.15 (KHTML, like Gecko) Version/13.0.3 Mobile/15E148 Safari/604.1"
49.13.167.123 - - [25/Sep/2026:12:06:27 -0700] "HEAD / HTTP/1.1" 200 - "https://www.livewant.com" "Mozilla/5.0+(compatible; UptimeRobot/2.0; http://www.uptimerobot.com/)"
45.74.3.87 - - [25/Sep/2026:12:08:44 -0700] "GET /index.php/en/4/contact HTTP/1.1" 404 16 "https://livewant.com/index.php/en/4/contact" "Mozilla/5.0 (Windows NT 10.0; Win64; x64) AppleWebKit/537.36 (KHTML, like Gecko) Chrome/130.0.0.0 Safari/537.36 CCleaner/130.0.0.0"
45.74.3.87 - - [25/Sep/2026:12:08:45 -0700] "GET / HTTP/1.1" 200 5649 "https://livewant.com/" "Mozilla/5.0 (Windows NT 10.0; Win64; x64) AppleWebKit/537.36 (KHTML, like Gecko) Chrome/130.0.0.0 Safari/537.36 CCleaner/130.0.0.0"
168.119.96.239 - - [25/Sep/2026:12:08:49 -0700] "HEAD / HTTP/1.1" 200 - "https://www.livewant.com" "Mozilla/5.0+(compatible; UptimeRobot/2.0; http://www.uptimerobot.com/)"
128.140.106.114 - - [25/Sep/2026:12:09:21 -0700] "HEAD / HTTP/1.1" 200 - "https://livewant.com" "Mozilla/5.0+(compatible; UptimeRobot/2.0; http://www.uptimerobot.com/)"
18.192.166.72 - - [25/Sep/2026:12:11:31 -0700] "HEAD / HTTP/1.1" 200 - "https://www.livewant.com" "Mozilla/5.0+(compatible; UptimeRobot/2.0; http://www.uptimerobot.com/)"
114.119.136.138 - - [25/Sep/2026:12:12:01 -0700] "GET /public/node_modules?C=N%3BO%3DD HTTP/1.1" 200 87167 "https://www.livewant.com/public/node_modules?C=N%3BO%3DD" "Mozilla/5.0 (Linux; Android 7.0;) AppleWebKit/537.36 (HTML, like Gecko) Mobile Safari/537.36 (compatible; PetalBot;+https://webmaster.petalsearch.com/site/petalbot)"
43.130.67.6 - - [25/Sep/2026:12:12:10 -0700] "GET /database/factories/?C=M;O=A HTTP/1.1" 200 853 "-" "Mozilla/5.0 (iPhone; CPU iPhone OS 13_2_3 like Mac OS X) AppleWebKit/605.1.15 (KHTML, like Gecko) Version/13.0.3 Mobile/15E148 Safari/604.1"
57.141.20.39 - - [25/Sep/2026:12:12:58 -0700] "GET /terms HTTP/1.1" 404 - "-" "Mozilla/5.0 (Windows NT 10.0; Win64; x64) AppleWebKit/537.36 (KHTML, like Gecko) Chrome/145.0.0.0 Safari/537.36 (compatible; meta-externalagent/1.1 (+https://developers.facebook.com/docs/sharing/webmasters/crawler))"
114.119.136.138 - - [25/Sep/2026:12:13:25 -0700] "GET /index.php/en/146/google_link?set_country=80375 HTTP/1.1" 404 16 "https://www.livewant.com/index.php/en/146/google_link?set_country=80375" "Mozilla/5.0 (Linux; Android 7.0;) AppleWebKit/537.36 (HTML, like Gecko) Mobile Safari/537.36 (compatible; PetalBot;+https://webmaster.petalsearch.com/site/petalbot)"
157.90.155.240 - - [25/Sep/2026:12:13:56 -0700] "HEAD / HTTP/1.1" 200 - "https://www.livewant.com" "Mozilla/5.0+(compatible; UptimeRobot/2.0; http://www.uptimerobot.com/)"
52.28.162.93 - - [25/Sep/2026:12:14:29 -0700] "HEAD / HTTP/1.1" 200 - "https://livewant.com" "Mozilla/5.0+(compatible; UptimeRobot/2.0; http://www.uptimerobot.com/)"
114.119.131.200 - - [25/Sep/2026:12:15:08 -0700] "GET /index.php/en/146?set_country=empty HTTP/1.1" 404 16 "https://livewant.com/index.php/en/146?set_country=empty" "Mozilla/5.0 (Linux; Android 7.0;) AppleWebKit/537.36 (HTML, like Gecko) Mobile Safari/537.36 (compatible; PetalBot;+https://webmaster.petalsearch.com/site/petalbot)"
40.77.167.63 - - [25/Sep/2026:12:15:40 -0700] "GET /public/components/select HTTP/1.1" 200 1619 "-" "Mozilla/5.0 AppleWebKit/537.36 (KHTML, like Gecko; compatible; bingbot/2.0; +http://www.bing.com/bingbot.htm) Chrome/116.0.1938.76 Safari/537.36"
114.119.142.7 - - [25/Sep/2026:12:16:12 -0700] "GET /robots.txt HTTP/1.1" 404 - "http://www.livewant.com/robots.txt" "Mozilla/5.0 (Linux; Android 7.0;) AppleWebKit/537.36 (HTML, like Gecko) Mobile Safari/537.36 (compatible; PetalBot;+https://webmaster.petalsearch.com/site/petalbot)"
78.47.98.55 - - [25/Sep/2026:12:16:36 -0700] "HEAD / HTTP/1.1" 200 - "https://www.livewant.com" "Mozilla/5.0+(compatible; UptimeRobot/2.0; http://www.uptimerobot.com/)"
114.119.131.200 - - [25/Sep/2026:12:17:47 -0700] "GET /robots.txt HTTP/1.1" 404 - "https://livewant.com/robots.txt" "Mozilla/5.0 (compatible;PetalBot;+https://webmaster.petalsearch.com/site/petalbot)"
45.159.220.209 - - [25/Sep/2026:12:18:06 -0700] "GET /index.php/property/10/en/holder.js/300x200 HTTP/1.1" 404 16 "-" "Mozilla/5.0 (Macintosh; Intel Mac OS X 10_15_7) AppleWebKit/537.36 (KHTML, like Gecko) Chrome/146.0.0.0 Safari/537.36"
167.235.143.113 - - [25/Sep/2026:12:19:04 -0700] "HEAD / HTTP/1.1" 200 - "https://www.livewant.com" "Mozilla/5.0+(compatible; UptimeRobot/2.0; http://www.uptimerobot.com/)"
49.13.130.29 - - [25/Sep/2026:12:19:35 -0700] "HEAD / HTTP/1.1" 200 - "https://livewant.com" "Mozilla/5.0+(compatible; UptimeRobot/2.0; http://www.uptimerobot.com/)"
114.119.157.108 - - [25/Sep/2026:12:20:12 -0700] "GET /y2d9tmo3.php HTTP/1.1" 404 16 "https://www.livewant.com/y2d9tmo3.php" "Mozilla/5.0 (Linux; Android 7.0;) AppleWebKit/537.36 (HTML, like Gecko) Mobile Safari/537.36 (compatible; PetalBot;+https://webmaster.petalsearch.com/site/petalbot)"
114.119.157.108 - - [25/Sep/2026:12:21:31 -0700] "GET /property/27/details/birch-wood-place-Dt7bQ HTTP/1.1" 404 - "https://livewant.com/customer/payment" "Mozilla/5.0 (Linux; Android 7.0;) AppleWebKit/537.36 (HTML, like Gecko) Mobile Safari/537.36 (compatible; PetalBot;+https://webmaster.petalsearch.com/site/petalbot)"
52.28.162.93 - - [25/Sep/2026:12:21:41 -0700] "HEAD / HTTP/1.1" 200 - "https://www.livewant.com" "Mozilla/5.0+(compatible; UptimeRobot/2.0; http://www.uptimerobot.com/)"
170.106.15.3 - - [25/Sep/2026:12:22:15 -0700] "GET /database/sql/?C=S;O=A HTTP/1.1" 200 842 "-" "Mozilla/5.0 (iPhone; CPU iPhone OS 13_2_3 like Mac OS X) AppleWebKit/605.1.15 (KHTML, like Gecko) Version/13.0.3 Mobile/15E148 Safari/604.1"
114.119.157.108 - - [25/Sep/2026:12:22:54 -0700] "GET /dashboard HTTP/1.1" 404 - "https://livewant.com/page/about-us" "Mozilla/5.0 (Linux; Android 7.0;) AppleWebKit/537.36 (HTML, like Gecko) Mobile Safari/537.36 (compatible; PetalBot;+https://webmaster.petalsearch.com/site/petalbot)"
114.119.138.210 - - [25/Sep/2026:12:24:18 -0700] "GET /customer/my-orders HTTP/1.1" 404 - "https://livewant.com/property/9/details/autumn-ridge-dafm5" "Mozilla/5.0 (Linux; Android 7.0;) AppleWebKit/537.36 (HTML, like Gecko) Mobile Safari/537.36 (compatible; PetalBot;+https://webmaster.petalsearch.com/site/petalbot)"
18.192.166.72 - - [25/Sep/2026:12:24:41 -0700] "HEAD / HTTP/1.1" 200 - "https://livewant.com" "Mozilla/5.0+(compatible; UptimeRobot/2.0; http://www.uptimerobot.com/)"
128.140.106.114 - - [25/Sep/2026:12:24:43 -0700] "GET / HTTP/1.1" 200 5649 "https://www.livewant.com" "Mozilla/5.0+(compatible; UptimeRobot/2.0; http://www.uptimerobot.com/)"
114.119.138.210 - - [25/Sep/2026:12:25:41 -0700] "GET /lib/ HTTP/1.1" 404 - "http://www.livewant.com/?C=S%3BO%3DA" "Mozilla/5.0 (Linux; Android 7.0;) AppleWebKit/537.36 (HTML, like Gecko) Mobile Safari/537.36 (compatible; PetalBot;+https://webmaster.petalsearch.com/site/petalbot)"
